INSERT INTO `t_planning` VALUES (197409,95,'FORMATION PERSONNEL ORGANISME','','2022-12-09 09:00:00','2022-12-09 18:00:00',540,'Améliorer son organisation-classe virtuelle','','','','','',0,0,4370,'d2','d1','','pweb','2022-11-23 17:41:29',17,'','AAMkADJhM2VmY2UzLTUwZDYtNDAyZi04NjdjLWZjNDgyZmRjM2RlZQBGAAAAAADv7QybVK9+RqLiREztfJdjBwDZPAeSWD4IS4TSnPjZIENbAAAAAAENAADZPAeSWD4IS4TSnPjZIENbAADKEIHYAAA=','0000-01-01 00:00:00',0,0,0,0),(197410,96,'RDV COM PROSPECT','','2022-11-24 15:00:00','2022-11-24 15:30:00',30,'Lead SPC','','Site','','','',0,0,0,'0','0','','pweb','2022-11-23 17:50:26',20,'','AAMkADcyYzIxNmIxLTU1NTktNDJjMC04YzA3LWU0ZGUyNWU4MGI0NQBGAAAAAABnCUoq4HLRQJ2xvn47ztcaBwBDV6PGlQKbQL4cZLvwh7e+AAAAAAENAABDV6PGlQKbQL4cZLvwh7e+AADKiBsmAAA=','0000-01-01 00:00:00',0,0,0,0),(197413,95,'PRéPARATION INTERNE','','2022-11-23 17:35:00','2022-11-23 18:30:00',55,'Evoluteam parcours e-learning','','Site','','','',0,0,0,'0','0','','pweb','2022-11-23 18:32:23',13,'','AAMkADJhM2VmY2UzLTUwZDYtNDAyZi04NjdjLWZjNDgyZmRjM2RlZQBGAAAAAADv7QybVK9+RqLiREztfJdjBwDZPAeSWD4IS4TSnPjZIENbAAAAAAENAADZPAeSWD4IS4TSnPjZIENbAADKEIHaAAA=','0000-01-01 00:00:00',0,0,0,0),(197414,100,'RH','','2022-11-23 09:00:00','2022-11-23 18:30:00',570,'STC VHN- rh divers','','Site','','','',0,0,0,'0','0','','pweb','2022-11-23 18:41:21',17,'','AAMkAGNlYzA5YTgyLWRmOGQtNDRiMC1hYjIxLTRjNWRlZTU2NjhkMQBGAAAAAADD5an7Su/eRLn+Ayc0TWfFBwAAwSzjY0KpTJ5UVCDzNEAtAAAAAAENAAAAwSzjY0KpTJ5UVCDzNEAtAADKLtuxAAA=','0000-01-01 00:00:00',0,0,0,0),(197415,135,'ADMINISTRATIF','point chhorn','2022-11-24 09:00:00','2022-11-24 10:00:00',60,'sogatrap','','Site','','','',0,0,0,'0','0','','pweb','2022-11-24 09:17:59',53,'','AAMkADg3NDBkNmEzLTgzNTQtNGI5ZS1hY2I1LTU3ZGJiNGU1NzIyYwBGAAAAAAAPGVdudg4tQKQuF2kQygegBwBy5ggk/cvUSIDwOyBHzIBBAAAAAAENAABy5ggk/cvUSIDwOyBHzIBBAADKd2prAAA=','0000-01-01 00:00:00',0,0,0,0),(197416,103,'PRé-PLANNING CLIENT(PRéVISION)','','2022-11-25 11:00:00','2022-11-25 12:00:00',60,'AZENCO','','domicile','','','NAH',0,1,0,'0','0','','pweb','2022-11-24 09:31:30',19,'','AAMkAGVkNGQ3NTFhLWM1MDMtNDI2Mi1hMWI2LWYzNDFlYmI4M2IzYgBGAAAAAAAl36Az9NpWQJb/JWF3ty1hBwAaCCvIoN9oQa6kt/xRv4UrAAAAAAENAAAaCCvIoN9oQa6kt/xRv4UrAADKAcIOAAA=','0000-01-01 00:00:00',0,0,0,0),(197420,135,'RDV COM PROSPECT','Point tel Mr. MILLIERE sur le devis ','2022-11-24 14:30:00','2022-11-24 15:30:00',60,'GOLF CLUBMAKERS (tel)','','Site','','','',0,0,0,'0','0','','pweb','2022-11-24 09:37:45',53,'','AAMkADg3NDBkNmEzLTgzNTQtNGI5ZS1hY2I1LTU3ZGJiNGU1NzIyYwBGAAAAAAAPGVdudg4tQKQuF2kQygegBwBy5ggk/cvUSIDwOyBHzIBBAAAAAAENAABy5ggk/cvUSIDwOyBHzIBBAADKd2ptAAA=','0000-01-01 00:00:00',0,0,0,0),(197423,109,'HOT LINE','','2022-11-24 09:10:00','2022-11-24 10:00:00',50,'MBT SAS','','Site','','','NAH',0,0,0,'0','0','','pweb','2022-11-24 10:09:27',29,'','AAMkADgyOTVhODczLWJhYTMtNDFmYS1iMzA1LTZlMmNkNTA5YjE4YwBGAAAAAABv+s4MHCPvSKn3bzZFSjxnBwBhq94yqym9To5d4N5wua1sAAAAAAENAABhq94yqym9To5d4N5wua1sAADKbX72AAA=','0000-01-01 00:00:00',0,0,0,0),(197426,100,'CLIENT CONFIRMé INFOGéRANCE','','2022-12-19 09:00:00','2022-12-19 18:00:00',540,'CRT','','Chez le client','','','',0,0,0,'0','0','','pweb','2022-11-24 10:15:36',23,'','AAMkAGNlYzA5YTgyLWRmOGQtNDRiMC1hYjIxLTRjNWRlZTU2NjhkMQBGAAAAAADD5an7Su/eRLn+Ayc0TWfFBwAAwSzjY0KpTJ5UVCDzNEAtAAAAAAENAAAAwSzjY0KpTJ5UVCDzNEAtAADKLtuzAAA=','0000-01-01 00:00:00',0,0,0,0),(197427,109,'HOT LINE','','2022-11-24 10:20:00','2022-11-24 10:34:00',14,'TMO','','Site','','','NAH',0,0,0,'0','0','','pweb','2022-11-24 10:36:22',29,'','AAMkADgyOTVhODczLWJhYTMtNDFmYS1iMzA1LTZlMmNkNTA5YjE4YwBGAAAAAABv+s4MHCPvSKn3bzZFSjxnBwBhq94yqym9To5d4N5wua1sAAAAAAENAABhq94yqym9To5d4N5wua1sAADKbX73AAA=','0000-01-01 00:00:00',0,0,0,0),(197428,103,'PRé-PLANNING CLIENT(PRéVISION)','Finalisation pour mise en prod définitive','2022-12-02 09:00:00','2022-12-02 10:00:00',60,'AFAT ENTREPRISE','','domicile','','','NAH',0,1,0,'0','0','','pweb','2022-11-24 10:49:44',19,'','AAMkAGVkNGQ3NTFhLWM1MDMtNDI2Mi1hMWI2LWYzNDFlYmI4M2IzYgBGAAAAAAAl36Az9NpWQJb/JWF3ty1hBwAaCCvIoN9oQa6kt/xRv4UrAAAAAAENAAAaCCvIoN9oQa6kt/xRv4UrAADKAcIWAAA=','0000-01-01 00:00:00',0,0,0,0),(197429,103,'PRé-PLANNING CLIENT(PRéVISION)','Finalisation pour mise en prod définitive','2022-12-02 09:00:00','2022-12-02 10:00:00',60,'AFAT ENTREPRISE','','domicile','','','NAH',0,1,0,'0','0','','pweb','2022-11-24 10:49:45',19,'','AAMkAGVkNGQ3NTFhLWM1MDMtNDI2Mi1hMWI2LWYzNDFlYmI4M2IzYgBGAAAAAAAl36Az9NpWQJb/JWF3ty1hBwAaCCvIoN9oQa6kt/xRv4UrAAAAAAENAAAaCCvIoN9oQa6kt/xRv4UrAADKAcIXAAA=','0000-01-01 00:00:00',0,0,0,0),(197432,103,'HOT LINE','','2022-12-02 10:00:00','2022-12-02 13:00:00',180,'HL','','domicile','','','',0,1,0,'0','0','','pweb','2022-11-24 10:50:07',19,'','AAMkAGVkNGQ3NTFhLWM1MDMtNDI2Mi1hMWI2LWYzNDFlYmI4M2IzYgBGAAAAAAAl36Az9NpWQJb/JWF3ty1hBwAaCCvIoN9oQa6kt/xRv4UrAAAAAAENAAAaCCvIoN9oQa6kt/xRv4UrAADKAcIdAAA=','0000-01-01 00:00:00',0,0,0,0),(197435,103,'HOT LINE','HILLOTEL\nACAPLAST\nA LA UNE','2022-11-24 09:00:00','2022-11-24 11:00:00',120,'HL','','domicile','','','',0,0,0,'0','0','','pweb','2022-11-24 10:55:24',19,'','AAMkAGVkNGQ3NTFhLWM1MDMtNDI2Mi1hMWI2LWYzNDFlYmI4M2IzYgBGAAAAAAAl36Az9NpWQJb/JWF3ty1hBwAaCCvIoN9oQa6kt/xRv4UrAAAAAAENAAAaCCvIoN9oQa6kt/xRv4UrAADKAcIiAAA=','0000-01-01 00:00:00',0,0,0,0),(197437,136,'RDV CLIENT','rdv pour faire le point sur serveur sage et les bdd suite à la demande du 23 /08/2022\n001-00-071147','2022-11-24 11:00:00','2022-11-24 12:30:00',90,'HALLE DE LA MACHINE','','Site','','','MMI',0,1,0,'0','0','','pweb','2022-11-24 11:21:21',54,'','AAMkADYzOWJiZTZjLTg0ODMtNDJkYS1iNGEzLWI0NDJlMzcxYmE0NABGAAAAAADEmMYJ+glaTbasMX4PPgh4BwC/oMp3Do8SQ7RFMSu+XBO4AAAAAAENAAC/oMp3Do8SQ7RFMSu+XBO4AADJ++PlAAA=','0000-01-01 00:00:00',0,0,0,0),(197438,97,'ADMINISTRATIF','','2022-11-24 09:00:00','2022-11-24 12:30:00',210,'lyra-agelc-lorenzi-agralis ....','','Site','','','',0,0,0,'0','0','','pweb','2022-11-24 11:21:28',23,'','AAMkADhhOTJmOGYwLWMzNDUtNDk5ZC1hMmIwLWIwZmE1NTllMTJjNwBGAAAAAADSZGNdz8qRSL2Er7FuD10bBwBGCwXsybUsR6/U2FYpC4lpAAAAAAENAABGCwXsybUsR6/U2FYpC4lpAADKWSYaAAA=','0000-01-01 00:00:00',0,0,0,0),(197439,100,'PRé-PLANNING CLIENT(PRéVISION)','','2022-12-08 09:00:00','2022-12-08 12:30:00',210,'LORENZI mise a jour','','Site','','','',0,1,0,'0','0','','pweb','2022-11-24 11:22:47',23,'','AAMkAGNlYzA5YTgyLWRmOGQtNDRiMC1hYjIxLTRjNWRlZTU2NjhkMQBGAAAAAADD5an7Su/eRLn+Ayc0TWfFBwAAwSzjY0KpTJ5UVCDzNEAtAAAAAAENAAAAwSzjY0KpTJ5UVCDzNEAtAADKLtu0AAA=','0000-01-01 00:00:00',0,0,0,0),(197440,120,'ADMINISTRATIF','- fin de session formation report one \n- Pieces justificatives a envoyer au client ','2022-12-13 09:00:00','2022-12-13 09:30:00',30,'SOFEMA','','Site','','','MMI',0,0,0,'0','0','','pweb','2022-11-24 11:26:05',41,'','','0000-01-01 00:00:00',0,1,0,0),(197442,120,'ADMINISTRATIF','relancer DE NARDI : pour les devis formations \n- point avec FLY et JRO pour les documents de formations ','2022-12-01 09:00:00','2022-12-01 10:00:00',60,'DE NARDI /GMS46  GEIQ 46','','Site','','','',0,0,0,'0','0','','pweb','2022-11-24 11:40:51',41,'','','0000-01-01 00:00:00',0,1,0,0),(197443,120,'ADMINISTRATIF','voir mmi pour la command EBP ','2022-11-28 09:00:00','2022-11-28 18:00:00',540,'DE NARDI /GMS46  GEIQ 46','','Site','','','',0,0,0,'0','0','','pweb','2022-11-24 11:41:54',41,'','','0000-01-01 00:00:00',0,1,0,0),(197445,100,'CLIENT CONFIRMé à FACTURER','','2022-12-14 09:00:00','2022-12-14 12:30:00',210,'LORENZI mise a jour','','Site','','','',0,0,0,'0','0','','pweb','2022-11-24 11:47:34',23,'','AAMkAGNlYzA5YTgyLWRmOGQtNDRiMC1hYjIxLTRjNWRlZTU2NjhkMQBGAAAAAADD5an7Su/eRLn+Ayc0TWfFBwAAwSzjY0KpTJ5UVCDzNEAtAAAAAAENAAAAwSzjY0KpTJ5UVCDzNEAtAADKLtu2AAA=','0000-01-01 00:00:00',0,0,0,0),(197447,109,'RDV COM PROSPECT','','2022-11-28 14:00:00','2022-11-28 15:00:00',60,'CREA\'AUCH','','Site','','','',0,0,0,'0','0','','pweb','2022-11-24 12:17:53',29,'','AAMkADgyOTVhODczLWJhYTMtNDFmYS1iMzA1LTZlMmNkNTA5YjE4YwBGAAAAAABv+s4MHCPvSKn3bzZFSjxnBwBhq94yqym9To5d4N5wua1sAAAAAAENAABhq94yqym9To5d4N5wua1sAADKbX76AAA=','0000-01-01 00:00:00',0,0,0,0),(197448,135,'RDV COM PROSPECT','','2022-11-28 14:00:00','2022-11-28 15:00:00',60,'CREA\'AUCH','','Site','','','',0,0,0,'0','0','','pweb','2022-11-24 12:18:13',29,'','AAMkADg3NDBkNmEzLTgzNTQtNGI5ZS1hY2I1LTU3ZGJiNGU1NzIyYwBGAAAAAAAPGVdudg4tQKQuF2kQygegBwBy5ggk/cvUSIDwOyBHzIBBAAAAAAENAABy5ggk/cvUSIDwOyBHzIBBAADKd2puAAA=','0000-01-01 00:00:00',0,0,0,0),(197449,97,'ADMINISTRATIF','','2022-11-24 11:00:00','2022-11-24 11:30:00',30,'Point FICHIER PAIE NCB','','Site','','','',0,0,0,'0','0','','pweb','2022-11-24 12:20:43',23,'','AAMkADhhOTJmOGYwLWMzNDUtNDk5ZC1hMmIwLWIwZmE1NTllMTJjNwBGAAAAAADSZGNdz8qRSL2Er7FuD10bBwBGCwXsybUsR6/U2FYpC4lpAAAAAAENAABGCwXsybUsR6/U2FYpC4lpAADKWSYbAAA=','0000-01-01 00:00:00',0,0,0,0),(197450,97,'ADMINISTRATIF','','2022-11-24 14:00:00','2022-11-24 14:30:00',30,'TEL ASO','','Site','','','',0,0,0,'0','0','','pweb','2022-11-24 12:21:28',23,'','AAMkADhhOTJmOGYwLWMzNDUtNDk5ZC1hMmIwLWIwZmE1NTllMTJjNwBGAAAAAADSZGNdz8qRSL2Er7FuD10bBwBGCwXsybUsR6/U2FYpC4lpAAAAAAENAABGCwXsybUsR6/U2FYpC4lpAADKWSYcAAA=','0000-01-01 00:00:00',0,0,0,0),(197451,103,'CLIENT CONFIRMé à FACTURER','MISE A JOUR SAGE PAIE V5.20','2022-12-05 09:00:00','2022-12-05 12:30:00',210,'POMES DARRE','','Site','','','MMI',0,0,0,'0','0','','pweb','2022-11-24 12:23:09',41,'','','0000-01-01 00:00:00',0,1,0,0),(197458,109,'CLIENT INTERVENTION FACTURéE','','2022-11-23 14:00:00','2022-11-23 17:30:00',210,'EMP','','Domicile','','FA220955','',0,0,0,'0','0','','pweb','2022-11-24 14:07:06',55,'','AAMkADgyOTVhODczLWJhYTMtNDFmYS1iMzA1LTZlMmNkNTA5YjE4YwBGAAAAAABv+s4MHCPvSKn3bzZFSjxnBwBhq94yqym9To5d4N5wua1sAAAAAAENAABhq94yqym9To5d4N5wua1sAADKbX78AAA=','0000-01-01 00:00:00',0,0,0,0),(197459,120,'ADMINISTRATIF','point dossier digiforma sofema + \npoint dossier digi  crt \nvalidation pomes darre \n','2022-11-24 10:00:00','2022-11-24 12:00:00',120,'Administratif','','Site','','','',0,0,0,'0','0','','pweb','2022-11-24 14:15:05',41,'','','0000-01-01 00:00:00',0,1,0,0),(197460,120,'ADMINISTRATIF','- pR2PARATION DES DEVIS PAIE ','2022-11-24 14:00:00','2022-11-24 17:00:00',180,' DEVIS PAIE','','Site','','','',0,0,0,'0','0','','pweb','2022-11-24 14:16:02',41,'','','0000-01-01 00:00:00',0,1,0,0),(197461,135,'ADMINISTRATIF','contrat codial','2022-11-24 15:00:00','2022-11-24 16:00:00',60,'cycles pascal et michael','','Site','','','',0,0,0,'0','0','','pweb','2022-11-24 14:39:25',53,'','AAMkADg3NDBkNmEzLTgzNTQtNGI5ZS1hY2I1LTU3ZGJiNGU1NzIyYwBGAAAAAAAPGVdudg4tQKQuF2kQygegBwBy5ggk/cvUSIDwOyBHzIBBAAAAAAENAABy5ggk/cvUSIDwOyBHzIBBAADKd2pwAAA=','0000-01-01 00:00:00',0,0,0,0),(197462,135,'ADMINISTRATIF','','2022-11-24 17:00:00','2022-11-24 17:30:00',30,'post lkd portrait meryl','','Site','','','',0,0,0,'0','0','','pweb','2022-11-24 14:40:49',53,'','AAMkADg3NDBkNmEzLTgzNTQtNGI5ZS1hY2I1LTU3ZGJiNGU1NzIyYwBGAAAAAAAPGVdudg4tQKQuF2kQygegBwBy5ggk/cvUSIDwOyBHzIBBAAAAAAENAABy5ggk/cvUSIDwOyBHzIBBAADKd2pyAAA=','0000-01-01 00:00:00',0,0,0,0),(197464,135,'ADMINISTRATIF','appeler mme liot pour point sur le devis ','2022-11-29 15:00:00','2022-11-29 16:00:00',60,'fleurons de lomagne tel ','','Site','','','',0,1,0,'0','0','','pweb','2022-11-24 15:27:34',53,'','AAMkADg3NDBkNmEzLTgzNTQtNGI5ZS1hY2I1LTU3ZGJiNGU1NzIyYwBGAAAAAAAPGVdudg4tQKQuF2kQygegBwBy5ggk/cvUSIDwOyBHzIBBAAAAAAENAABy5ggk/cvUSIDwOyBHzIBBAADKd2pzAAA=','0000-01-01 00:00:00',0,0,0,0),(197465,100,'CLIENT CONFIRMé à FACTURER','','2022-12-05 09:00:00','2022-12-05 12:30:00',210,'ASO mise a jour de Paie ','','Site','','','',0,0,0,'0','0','','pweb','2022-11-24 15:49:39',23,'','AAMkAGNlYzA5YTgyLWRmOGQtNDRiMC1hYjIxLTRjNWRlZTU2NjhkMQBGAAAAAADD5an7Su/eRLn+Ayc0TWfFBwAAwSzjY0KpTJ5UVCDzNEAtAAAAAAENAAAAwSzjY0KpTJ5UVCDzNEAtAADKLtu4AAA=','0000-01-01 00:00:00',0,0,0,0),(197466,135,'ADMINISTRATIF','','2022-12-05 17:00:00','2022-12-05 17:30:00',30,'POSTER PORTRAIT MERYL LKD ','','Site','','','',0,0,0,'0','0','','pweb','2022-11-24 15:51:06',53,'','AAMkADg3NDBkNmEzLTgzNTQtNGI5ZS1hY2I1LTU3ZGJiNGU1NzIyYwBGAAAAAAAPGVdudg4tQKQuF2kQygegBwBy5ggk/cvUSIDwOyBHzIBBAAAAAAENAABy5ggk/cvUSIDwOyBHzIBBAADKd2p0AAA=','0000-01-01 00:00:00',0,0,0,0),(197467,95,'CLIENT CONFIRMé à FACTURER','','2022-12-15 09:00:00','2022-12-15 18:00:00',540,'ASO -Mise à joru V8','','Site','','','',0,1,0,'0','0','','pweb','2022-11-24 15:51:34',23,'','AAMkADJhM2VmY2UzLTUwZDYtNDAyZi04NjdjLWZjNDgyZmRjM2RlZQBGAAAAAADv7QybVK9+RqLiREztfJdjBwDZPAeSWD4IS4TSnPjZIENbAAAAAAENAADZPAeSWD4IS4TSnPjZIENbAADKEIHbAAA=','0000-01-01 00:00:00',0,0,0,0),(197468,135,'ADMINISTRATIF','','2022-11-25 09:00:00','2022-11-25 12:30:00',210,'CROUZIL','','Site','','','',0,0,0,'0','0','','pweb','2022-11-24 16:22:00',53,'','AAMkADg3NDBkNmEzLTgzNTQtNGI5ZS1hY2I1LTU3ZGJiNGU1NzIyYwBGAAAAAAAPGVdudg4tQKQuF2kQygegBwBy5ggk/cvUSIDwOyBHzIBBAAAAAAENAABy5ggk/cvUSIDwOyBHzIBBAADKd2p1AAA=','0000-01-01 00:00:00',0,0,0,0),(197469,109,'HOT LINE','','2022-11-24 16:22:00','2022-11-24 16:30:00',8,'3AS','','Domicile','','','NAH',0,0,0,'0','0','','pweb','2022-11-24 16:33:44',29,'','AAMkADgyOTVhODczLWJhYTMtNDFmYS1iMzA1LTZlMmNkNTA5YjE4YwBGAAAAAABv+s4MHCPvSKn3bzZFSjxnBwBhq94yqym9To5d4N5wua1sAAAAAAENAABhq94yqym9To5d4N5wua1sAADKbX79AAA=','0000-01-01 00:00:00',0,0,0,0),(197471,88,'HOT LINE','JESURAN ??? \nTSM ?','2022-11-24 15:00:00','2022-11-24 16:30:00',90,'HL technique','','Site','','','',0,0,0,'0','0','','pweb','2022-11-24 16:39:38',8,'','','0000-01-01 00:00:00',0,1,0,0),(197472,109,'HOT LINE','','2022-11-24 15:10:00','2022-11-24 15:30:00',20,'MBT SAS','','Domicile','','','NAH',0,0,0,'0','0','','pweb','2022-11-24 16:42:45',29,'','AAMkADgyOTVhODczLWJhYTMtNDFmYS1iMzA1LTZlMmNkNTA5YjE4YwBGAAAAAABv+s4MHCPvSKn3bzZFSjxnBwBhq94yqym9To5d4N5wua1sAAAAAAENAABhq94yqym9To5d4N5wua1sAADKbX7+AAA=','0000-01-01 00:00:00',0,0,0,0),(197473,137,'ADMINISTRATIF','Administratif + TRAITEMENTS MAILS+CODES ANNUELS+COURRIERS+CHEQUES+DIVERS (ASSURANCES, BATIMENT, FOURNITURES BUREAU, AVOCAT...)','2022-11-25 10:30:00','2022-11-25 12:30:00',120,'Administratif','','Site','','','',0,0,4523,'y1','d1','','pweb','2022-11-24 17:18:35',55,'','','0000-01-01 00:00:00',0,1,0,0),(197474,137,'ADMINISTRATIF','','2022-11-25 09:00:00','2022-11-25 12:30:00',210,'Standard','','Site','','','',0,1,4525,'y1','d1','','pweb','2022-11-24 17:18:44',55,'','AAMkADFjYjg4NjY4LWEyNDItNDFhNy05ODJkLTg5MzIzNTBjZWM2ZABGAAAAAAC68kTZ2D3rTo/mvbSaTmVdBwADDVRw2IipSZoWtvWBliNLAAAAAAENAAADDVRw2IipSZoWtvWBliNLAADKCO2sAAA=','0000-01-01 00:00:00',0,0,0,0),(197475,137,'ADMINISTRATIF','','2022-11-25 09:00:00','2022-11-25 12:30:00',210,'Standard','','Site','','','',0,0,4525,'y1','d1','','pweb','2022-11-24 17:18:50',55,'','AAMkADFjYjg4NjY4LWEyNDItNDFhNy05ODJkLTg5MzIzNTBjZWM2ZABGAAAAAAC68kTZ2D3rTo/mvbSaTmVdBwADDVRw2IipSZoWtvWBliNLAAAAAAENAAADDVRw2IipSZoWtvWBliNLAADKCO2tAAA=','0000-01-01 00:00:00',0,0,0,0),(197476,109,'HOT LINE','','2022-11-24 17:00:00','2022-11-24 17:30:00',30,'MASSY ET FILS','','Domicile','','','MMI',0,0,0,'0','0','','pweb','2022-11-24 17:58:15',29,'','AAMkADgyOTVhODczLWJhYTMtNDFmYS1iMzA1LTZlMmNkNTA5YjE4YwBGAAAAAABv+s4MHCPvSKn3bzZFSjxnBwBhq94yqym9To5d4N5wua1sAAAAAAENAABhq94yqym9To5d4N5wua1sAADKbX7/AAA=','0000-01-01 00:00:00',0,0,0,0),(197477,109,'ADMINISTRATIF','chiffrage BAtigest + Alobees','2022-11-24 15:50:00','2022-11-24 16:20:00',30,'CROUZIL','','Domicile','','','',0,0,0,'0','0','','pweb','2022-11-24 18:00:24',29,'','AAMkADgyOTVhODczLWJhYTMtNDFmYS1iMzA1LTZlMmNkNTA5YjE4YwBGAAAAAABv+s4MHCPvSKn3bzZFSjxnBwBhq94yqym9To5d4N5wua1sAAAAAAENAABhq94yqym9To5d4N5wua1sAADKbX8AAAA=','0000-01-01 00:00:00',0,0,0,0),(197481,129,'PRéPARATION INTERNE','','2022-11-23 08:30:00','2022-11-23 17:30:00',540,'Dev planning','','Domicile','','','',0,0,0,'0','0','','pweb','2022-11-25 09:21:30',47,'','','0000-01-01 00:00:00',0,1,0,0),(197482,109,'HOT LINE','','2022-11-25 09:00:00','2022-11-25 12:30:00',210,'HL','','Site','','','',0,0,0,'0','0','','pweb','2022-11-25 09:20:27',29,'','AAMkADgyOTVhODczLWJhYTMtNDFmYS1iMzA1LTZlMmNkNTA5YjE4YwBGAAAAAABv+s4MHCPvSKn3bzZFSjxnBwBhq94yqym9To5d4N5wua1sAAAAAAENAABhq94yqym9To5d4N5wua1sAADKbX8BAAA=','0000-01-01 00:00:00',0,0,0,0),(197483,129,'HOT LINE','Analyse dev ','2022-11-25 09:00:00','2022-11-25 12:30:00',210,'CRT analyse ajout dev','','Domicile','','','MMI',0,0,0,'0','0','','pweb','2022-11-25 09:20:52',47,'','','0000-01-01 00:00:00',0,1,0,0),(197485,129,'PRéPARATION INTERNE','','2022-11-24 08:30:00','2022-11-24 15:00:00',390,'Dev planning','','Domicile','','','',0,0,0,'0','0','','pweb','2022-11-25 09:22:29',47,'','','0000-01-01 00:00:00',0,1,0,0),(197486,130,'ADMINISTRATIF','Fin rédaction RI avec détail inter de lundi','2022-11-25 09:30:00','2022-11-25 11:00:00',90,'SOFEMA - Admin','Christelle SILVESTRO','Domicile','','','MMI',0,0,0,'0','0','','pweb','2022-11-25 09:21:25',48,'csilvestro@ipogestion.com','AAMkAGVkNDEzZWM3LTFjZjctNGUyMy04YjlmLWMxZDEzYmM3OGY1NwBGAAAAAAAT2lMUIvriT5oL+rR5JPKhBwAX55wmmweBR4r58YNehJ6QAAAAAAENAAAX55wmmweBR4r58YNehJ6QAADKFGfoAAA=','0000-01-01 00:00:00',0,0,0,0),(197488,129,'HOT LINE','','2022-11-24 15:00:00','2022-11-24 18:00:00',180,'SAFTI','','Domicile','','','MMI',0,0,0,'0','0','','pweb','2022-11-25 09:23:12',47,'','','0000-01-01 00:00:00',0,1,0,0),(197489,130,'ADMINISTRATIF','Mise à jour du RI avec les éléments des dernières journées d\'intervention','2022-11-25 11:00:00','2022-11-25 12:30:00',90,'LYRA - Rédaction RI (MAJ) ','Christelle SILVESTRO','Domicile','','','NAH',0,0,0,'0','0','','pweb','2022-11-25 09:22:35',48,'csilvestro@ipogestion.com','AAMkAGVkNDEzZWM3LTFjZjctNGUyMy04YjlmLWMxZDEzYmM3OGY1NwBGAAAAAAAT2lMUIvriT5oL+rR5JPKhBwAX55wmmweBR4r58YNehJ6QAAAAAAENAAAX55wmmweBR4r58YNehJ6QAADKFGfpAAA=','0000-01-01 00:00:00',0,0,0,0),(197490,94,'ADMINISTRATIF','Batigest\nVerif install PE i7\nNettoyage install EBP\nHL Multi Devis','2022-11-24 09:00:00','2022-11-24 12:30:00',210,'PREPA INTERNE','','Site','','','',0,0,0,'0','0','','pweb','2022-11-25 09:26:35',14,'','AAMkADBiOGNhODdkLWE5YzQtNDNmYS05NDM3LTJmZmIzZDc5OWE0NwBGAAAAAADzUaQRt41DS5E3jiHkL2cBBwAFvDB1Lgp/SJlbtB4CIfylAAAAAAENAAAFvDB1Lgp/SJlbtB4CIfylAADKGzy/AAA=','0000-01-01 00:00:00',0,0,0,0),(197496,100,'PRé-PLANNING CLIENT(PRéVISION)','MISE A JOUR SAGE PAIE V5.20','2022-12-01 09:00:00','2022-12-01 12:30:00',210,'FOL12','','Site','DEVIS KUA-2211-0070','','MMI',0,1,0,'0','0','','pweb','2022-11-25 10:00:50',41,'','','0000-01-01 00:00:00',0,1,0,0),(197497,95,'PRé-PLANNING CLIENT(PRéVISION)','','2022-12-12 09:00:00','2022-12-12 18:00:00',540,'ASO -Mise à joru V9','','Site','','','',0,1,0,'0','0','','pweb','2022-11-25 10:03:18',23,'','AAMkADJhM2VmY2UzLTUwZDYtNDAyZi04NjdjLWZjNDgyZmRjM2RlZQBGAAAAAADv7QybVK9+RqLiREztfJdjBwDZPAeSWD4IS4TSnPjZIENbAAAAAAENAADZPAeSWD4IS4TSnPjZIENbAADKEIHkAAA=','0000-01-01 00:00:00',0,0,0,0),(197498,95,'PRé-PLANNING CLIENT(PRéVISION)','','2022-12-12 09:00:00','2022-12-12 18:00:00',540,'ASO -Mise à joru V8','','Site','','','',0,1,0,'0','0','','pweb','2022-11-25 10:03:24',23,'','AAMkADJhM2VmY2UzLTUwZDYtNDAyZi04NjdjLWZjNDgyZmRjM2RlZQBGAAAAAADv7QybVK9+RqLiREztfJdjBwDZPAeSWD4IS4TSnPjZIENbAAAAAAENAADZPAeSWD4IS4TSnPjZIENbAADKEIHlAAA=','0000-01-01 00:00:00',0,0,0,0),(197505,88,'CLIENT CONFIRMé à FACTURER','MISE A JOUR SQL - SAGE PAIE ','2022-12-06 14:00:00','2022-12-06 17:30:00',210,'FOL12','','Site','KUA-2211-0019 DEVIS','','MMI',0,0,0,'0','0','','pweb','2022-11-25 10:16:50',41,'','','0000-01-01 00:00:00',0,1,0,0),(197515,103,'CLIENT CONFIRMé à FACTURER','MISE A JOUR SAGE PAIE V5.20','2022-12-20 09:00:00','2022-12-20 12:30:00',210,'FOL12','','Site','DEVIS KUA-2211-0070','','MMI',0,0,0,'0','0','','pweb','2022-11-25 10:44:52',41,'','','0000-01-01 00:00:00',0,1,0,0),(197536,95,'CLIENT CONFIRMé à FACTURER','','2022-12-12 09:00:00','2022-12-12 18:00:00',540,'ASO -Mise à jour V9','','Site','','','',0,0,0,'0','0','','pweb','2022-11-25 10:59:07',23,'','AAMkADJhM2VmY2UzLTUwZDYtNDAyZi04NjdjLWZjNDgyZmRjM2RlZQBGAAAAAADv7QybVK9+RqLiREztfJdjBwDZPAeSWD4IS4TSnPjZIENbAAAAAAENAADZPAeSWD4IS4TSnPjZIENbAADKEIHuAAA=','0000-01-01 00:00:00',0,0,0,0),(197538,103,'HOT LINE','','2022-11-25 10:30:00','2022-11-25 11:00:00',30,'GOUBIER','','domicile','','','',0,0,0,'0','0','','pweb','2022-11-25 11:27:56',19,'','AAMkAGVkNGQ3NTFhLWM1MDMtNDI2Mi1hMWI2LWYzNDFlYmI4M2IzYgBGAAAAAAAl36Az9NpWQJb/JWF3ty1hBwAaCCvIoN9oQa6kt/xRv4UrAAAAAAENAAAaCCvIoN9oQa6kt/xRv4UrAADKAcImAAA=','0000-01-01 00:00:00',0,0,0,0),(197541,103,'CLIENT INTERVENTION FACTURéE','Paramétrage PPV','2022-11-25 09:00:00','2022-11-25 10:30:00',90,'ACAPLAST MAYENNE','','domicile','','FA220329','MMI',0,0,0,'0','0','','pweb','2022-11-25 11:44:28',55,'','AAMkAGVkNGQ3NTFhLWM1MDMtNDI2Mi1hMWI2LWYzNDFlYmI4M2IzYgBGAAAAAAAl36Az9NpWQJb/JWF3ty1hBwAaCCvIoN9oQa6kt/xRv4UrAAAAAAENAAAaCCvIoN9oQa6kt/xRv4UrAADKAcIsAAA=','0000-01-01 00:00:00',0,0,0,0),(197545,103,'PRé-PLANNING CLIENT(PRéVISION)','','2022-12-02 09:00:00','2022-12-02 13:00:00',240,'CGM 0.5/1','','Chez le client','','','MMI',0,1,0,'0','0','','pweb','2022-11-25 11:49:17',19,'','AAMkAGVkNGQ3NTFhLWM1MDMtNDI2Mi1hMWI2LWYzNDFlYmI4M2IzYgBGAAAAAAAl36Az9NpWQJb/JWF3ty1hBwAaCCvIoN9oQa6kt/xRv4UrAAAAAAENAAAaCCvIoN9oQa6kt/xRv4UrAADKAcI0AAA=','0000-01-01 00:00:00',0,0,0,0),(197548,94,'ADMINISTRATIF','- install PE i7\n- lecture formations salariés evoluteam \"Gérer son stress et faire de ses émotions un atout professionnel\" et \"Coopérer au sein d\'un groupe\"','2022-11-25 09:00:00','2022-11-25 12:30:00',210,'PREPA INTERNE','','Site','','','',0,0,0,'0','0','','pweb','2022-11-25 11:51:12',14,'','AAMkADBiOGNhODdkLWE5YzQtNDNmYS05NDM3LTJmZmIzZDc5OWE0NwBGAAAAAADzUaQRt41DS5E3jiHkL2cBBwAFvDB1Lgp/SJlbtB4CIfylAAAAAAENAAAFvDB1Lgp/SJlbtB4CIfylAADKGzzHAAA=','0000-01-01 00:00:00',0,0,0,0),(197551,138,'ADMINISTRATIF','envoi à SCN quand ok pour session agralis','2022-12-27 09:00:00','2022-12-27 12:30:00',210,'CODIAL CRM = QUIZ DE FIN','','Site','','','',0,0,0,'0','0','','pweb','2022-11-25 12:36:05',23,'','AAMkADJkYmFmZTllLTIzMmMtNDEyYS05ZDYwLWVlYzZiNjAxODE5ZgBGAAAAAADg4fgzYuStR6wZOdHvE1X6BwB5RUoIPRWaSawTbqy1Do0pAAAAAAENAAB5RUoIPRWaSawTbqy1Do0pAACeb8uUAAA=','0000-01-01 00:00:00',0,0,0,0),(197554,100,'CLIENT CONFIRMé à FACTURER','','2022-11-25 09:00:00','2022-11-25 11:45:00',165,'GROUPE SIAT- activité partielle cas gnral','','Site','','','NAH',0,0,0,'0','0','','pweb','2022-11-25 14:11:10',17,'','AAMkAGNlYzA5YTgyLWRmOGQtNDRiMC1hYjIxLTRjNWRlZTU2NjhkMQBGAAAAAADD5an7Su/eRLn+Ayc0TWfFBwAAwSzjY0KpTJ5UVCDzNEAtAAAAAAENAAAAwSzjY0KpTJ5UVCDzNEAtAADKLtu+AAA=','0000-01-01 00:00:00',0,0,0,0),(197557,135,'ADMINISTRATIF','tel pour explication contrat codial ','2022-11-25 16:00:00','2022-11-25 16:30:00',30,'cycle pascal et micheal ','','Site','','','',0,0,0,'0','0','','pweb','2022-11-25 14:53:33',53,'','AAMkADg3NDBkNmEzLTgzNTQtNGI5ZS1hY2I1LTU3ZGJiNGU1NzIyYwBGAAAAAAAPGVdudg4tQKQuF2kQygegBwBy5ggk/cvUSIDwOyBHzIBBAAAAAAENAABy5ggk/cvUSIDwOyBHzIBBAADKd2p2AAA=','0000-01-01 00:00:00',0,0,0,0),(197559,136,'HOT LINE','','2022-11-25 09:00:00','2022-11-25 18:00:00',540,'HL','','Site','','','',0,0,0,'0','0','','pweb','2022-11-25 15:17:05',54,'','AAMkADYzOWJiZTZjLTg0ODMtNDJkYS1iNGEzLWI0NDJlMzcxYmE0NABGAAAAAADEmMYJ+glaTbasMX4PPgh4BwC/oMp3Do8SQ7RFMSu+XBO4AAAAAAENAAC/oMp3Do8SQ7RFMSu+XBO4AADJ++PrAAA=','0000-01-01 00:00:00',0,0,0,0),(197561,135,'RDV COM PROSPECT','Rdv tel avec Mr. verron pour devis Codial','2022-11-28 15:30:00','2022-11-28 16:30:00',60,'AMVB (tel)','','Site','','','',0,0,0,'0','0','','pweb','2022-11-25 15:56:18',53,'','AAMkADg3NDBkNmEzLTgzNTQtNGI5ZS1hY2I1LTU3ZGJiNGU1NzIyYwBGAAAAAAAPGVdudg4tQKQuF2kQygegBwBy5ggk/cvUSIDwOyBHzIBBAAAAAAENAABy5ggk/cvUSIDwOyBHzIBBAADKd2p3AAA=','0000-01-01 00:00:00',0,0,0,0),(197562,135,'RDV COM PROSPECT','RDV TEL avec Mr. LESTERLOU CODIAL','2022-11-29 10:00:00','2022-11-29 11:00:00',60,'CYCLE PASCAL ET MICHAEL (Tel)','','Site','','','',0,0,0,'0','0','','pweb','2022-11-25 15:57:03',53,'','AAMkADg3NDBkNmEzLTgzNTQtNGI5ZS1hY2I1LTU3ZGJiNGU1NzIyYwBGAAAAAAAPGVdudg4tQKQuF2kQygegBwBy5ggk/cvUSIDwOyBHzIBBAAAAAAENAABy5ggk/cvUSIDwOyBHzIBBAADKd2p4AAA=','0000-01-01 00:00:00',0,0,0,0),(197563,138,'CLIENT RéSERVé-DEVIS NON SIGNé','','2022-12-12 09:00:00','2022-12-12 18:00:00',540,'AGRALIS= ACGM 1/3','','Chez le client','','','',0,0,0,'0','0','','pweb','2022-11-25 16:16:56',23,'','AAMkADJkYmFmZTllLTIzMmMtNDEyYS05ZDYwLWVlYzZiNjAxODE5ZgBGAAAAAADg4fgzYuStR6wZOdHvE1X6BwB5RUoIPRWaSawTbqy1Do0pAAAAAAENAAB5RUoIPRWaSawTbqy1Do0pAACeb8uVAAA=','0000-01-01 00:00:00',0,0,0,1),(197564,138,'CLIENT RéSERVé-DEVIS NON SIGNé','','2022-12-13 09:00:00','2022-12-13 18:00:00',540,'AGRALIS= ACGM 2/3','','Chez le client','','','',0,0,0,'0','0','','pweb','2022-11-25 16:17:02',23,'','AAMkADJkYmFmZTllLTIzMmMtNDEyYS05ZDYwLWVlYzZiNjAxODE5ZgBGAAAAAADg4fgzYuStR6wZOdHvE1X6BwB5RUoIPRWaSawTbqy1Do0pAAAAAAENAAB5RUoIPRWaSawTbqy1Do0pAACeb8uXAAA=','0000-01-01 00:00:00',0,0,0,1),(197566,138,'CLIENT RéSERVé-DEVIS NON SIGNé','','2023-01-10 09:00:00','2023-01-10 18:00:00',540,'AGRALIS 1/1  : Regl, transfert, relance ','','Chez le client','','','',0,0,0,'0','0','','pweb','2022-11-25 16:17:23',23,'','AAMkADJkYmFmZTllLTIzMmMtNDEyYS05ZDYwLWVlYzZiNjAxODE5ZgBGAAAAAADg4fgzYuStR6wZOdHvE1X6BwB5RUoIPRWaSawTbqy1Do0pAAAAAAENAAB5RUoIPRWaSawTbqy1Do0pAACeb8ubAAA=','0000-01-01 00:00:00',0,0,0,1),(197567,138,'CLIENT RéSERVé-DEVIS NON SIGNé','solde 0.5 de la formation VENTE /CONTRAT + 0.5 j de la formation ACHAT/STOCK','2023-01-23 09:00:00','2023-01-23 18:00:00',540,'AGRALIS : production stock 0.5/1 +0.5/1','','Chez le client','','','',0,0,0,'0','0','','pweb','2022-11-25 16:17:31',23,'','AAMkADJkYmFmZTllLTIzMmMtNDEyYS05ZDYwLWVlYzZiNjAxODE5ZgBGAAAAAADg4fgzYuStR6wZOdHvE1X6BwB5RUoIPRWaSawTbqy1Do0pAAAAAAENAAB5RUoIPRWaSawTbqy1Do0pAACeb8udAAA=','0000-01-01 00:00:00',0,0,0,1),(197568,138,'CLIENT RéSERVé-DEVIS NON SIGNé','','2023-01-24 09:00:00','2023-01-24 18:00:00',540,'AGRALIS + ACGM  : CRM 1/1','','Chez le client','','','',0,0,0,'0','0','','pweb','2022-11-25 16:17:36',23,'','AAMkADJkYmFmZTllLTIzMmMtNDEyYS05ZDYwLWVlYzZiNjAxODE5ZgBGAAAAAADg4fgzYuStR6wZOdHvE1X6BwB5RUoIPRWaSawTbqy1Do0pAAAAAAENAAB5RUoIPRWaSawTbqy1Do0pAACeb8ugAAA=','0000-01-01 00:00:00',0,0,0,1),(197569,99,'RDV COM PROSPECT','Gabrielle Perrouin  212 av rayulonbd naves toulouse','2022-11-29 13:00:00','2022-11-29 15:00:00',120,'centre de gestion du stress','','toulouse','','','',0,0,0,'0','0','','pweb','2022-11-25 16:18:59',22,'','AAMkAGYwNmQxNDVjLTFkNTYtNDQxYS1iYjBhLWE1YzNiNDhjMzhiMgBGAAAAAAA/a9LtIBKVQ7ckbPPs9ihQBwDkrtac860BRqd738LSqm8oAAAAAAENAADkrtac860BRqd738LSqm8oAADKc6s/AAA=','0000-01-01 00:00:00',0,0,0,0),(197571,96,'ADMINISTRATIF','tel client pour positionner le RDV','2022-11-28 09:00:00','2022-11-28 10:00:00',60,'AGRALIS : RDV 7/12','','Site','','','',0,0,0,'0','0','','pweb','2022-11-25 16:29:55',23,'','AAMkADcyYzIxNmIxLTU1NTktNDJjMC04YzA3LWU0ZGUyNWU4MGI0NQBGAAAAAABnCUoq4HLRQJ2xvn47ztcaBwBDV6PGlQKbQL4cZLvwh7e+AAAAAAENAABDV6PGlQKbQL4cZLvwh7e+AADKiBsnAAA=','0000-01-01 00:00:00',0,0,0,0),(197572,96,'ADMINISTRATIF','','2022-11-28 10:00:00','2022-11-28 11:00:00',60,'ANNEXE : mail relance','','Site','','','',0,0,0,'0','0','','pweb','2022-11-25 16:30:19',23,'','AAMkADcyYzIxNmIxLTU1NTktNDJjMC04YzA3LWU0ZGUyNWU4MGI0NQBGAAAAAABnCUoq4HLRQJ2xvn47ztcaBwBDV6PGlQKbQL4cZLvwh7e+AAAAAAENAABDV6PGlQKbQL4cZLvwh7e+AADKiBsoAAA=','0000-01-01 00:00:00',0,0,0,0),(197573,120,'ADMINISTRATIF','- MICHEL PIOCH \n+ SUIVI DES DEVIS ENVOYES','2022-11-28 09:00:00','2022-11-28 10:30:00',90,'POINT DEVIS PAIE ','','Site','','','MMI',0,0,0,'0','0','','pweb','2022-11-25 16:33:07',41,'','','0000-01-01 00:00:00',0,1,0,0),(197574,120,'ADMINISTRATIF','- MICHEL PIOCH \n+ SUIVI DES DEVIS ENVOYES','2022-11-28 09:00:00','2022-11-28 10:30:00',90,'POINT DEVIS PAIE ','','Site','','','MMI',0,0,0,'0','0','','pweb','2022-11-25 16:33:07',41,'','','0000-01-01 00:00:00',0,1,0,0),(197575,138,'ADMINISTRATIF','- CRM quizz\n- partie contrat QUAND? COMBIEN DE TEMPS?','2022-12-01 14:00:00','2022-12-01 15:00:00',60,'AGRALIS : point Formation','','Site','','','',2038,1,0,'0','0','','pweb','2022-11-25 16:32:34',23,'','AAMkADJkYmFmZTllLTIzMmMtNDEyYS05ZDYwLWVlYzZiNjAxODE5ZgBGAAAAAADg4fgzYuStR6wZOdHvE1X6BwB5RUoIPRWaSawTbqy1Do0pAAAAAAENAAB5RUoIPRWaSawTbqy1Do0pAACeb8uhAAA=','0000-01-01 00:00:00',0,0,0,0),(197576,97,'ADMINISTRATIF','- CRM quizz\n- partie contrat QUAND? COMBIEN DE TEMPS?','2022-12-01 14:00:00','2022-12-01 15:00:00',60,'AGRALIS : point Formation','','Site','','','',2038,1,0,'0','0','','pweb','2022-11-25 16:32:34',23,'','AAMkADhhOTJmOGYwLWMzNDUtNDk5ZC1hMmIwLWIwZmE1NTllMTJjNwBGAAAAAADSZGNdz8qRSL2Er7FuD10bBwBGCwXsybUsR6/U2FYpC4lpAAAAAAENAABGCwXsybUsR6/U2FYpC4lpAADKWSYdAAA=','0000-01-01 00:00:00',0,0,0,0),(197579,136,'PRé-PLANNING CLIENT(PRéVISION)','','2022-12-09 09:00:00','2022-12-09 12:30:00',210,'BARIERE MAJV8','','Site','','','',0,1,0,'0','0','','pweb','2022-11-25 16:39:34',22,'','AAMkADYzOWJiZTZjLTg0ODMtNDJkYS1iNGEzLWI0NDJlMzcxYmE0NABGAAAAAADEmMYJ+glaTbasMX4PPgh4BwC/oMp3Do8SQ7RFMSu+XBO4AAAAAAENAAC/oMp3Do8SQ7RFMSu+XBO4AADJ++PvAAA=','0000-01-01 00:00:00',0,0,0,0),(197581,109,'HOT LINE','','2022-11-25 14:00:00','2022-11-25 15:45:00',105,'AT BROTHERS','','Site','','','MMI',0,0,0,'0','0','','pweb','2022-11-25 16:41:26',29,'','AAMkADgyOTVhODczLWJhYTMtNDFmYS1iMzA1LTZlMmNkNTA5YjE4YwBGAAAAAABv+s4MHCPvSKn3bzZFSjxnBwBhq94yqym9To5d4N5wua1sAAAAAAENAABhq94yqym9To5d4N5wua1sAADKbX8EAAA=','0000-01-01 00:00:00',0,0,0,0),(197584,100,'NON-TRAVAILLé','','2022-12-07 09:00:00','2022-12-07 18:00:00',540,'Non trav','','','','','',0,0,4492,'y1','j3','','pweb','2022-11-25 16:41:58',22,'','AAMkAGNlYzA5YTgyLWRmOGQtNDRiMC1hYjIxLTRjNWRlZTU2NjhkMQBGAAAAAADD5an7Su/eRLn+Ayc0TWfFBwAAwSzjY0KpTJ5UVCDzNEAtAAAAAAENAAAAwSzjY0KpTJ5UVCDzNEAtAADKLtvFAAA=','0000-01-01 00:00:00',0,0,0,0),(197585,109,'HOT LINE','','2022-11-25 16:25:00','2022-11-25 16:37:00',12,'KPITOOLS','','Site','','','',0,0,0,'0','0','','pweb','2022-11-25 16:41:14',29,'','AAMkADgyOTVhODczLWJhYTMtNDFmYS1iMzA1LTZlMmNkNTA5YjE4YwBGAAAAAABv+s4MHCPvSKn3bzZFSjxnBwBhq94yqym9To5d4N5wua1sAAAAAAENAABhq94yqym9To5d4N5wua1sAADKbX8FAAA=','0000-01-01 00:00:00',0,0,0,0),(197586,100,'PRé-PLANNING CLIENT(PRéVISION)','','2022-12-05 14:00:00','2022-12-05 17:00:00',180,'ASO PARAMETRAGE','','Site','','','',0,0,0,'0','0','','pweb','2022-11-25 16:43:07',23,'','AAMkAGNlYzA5YTgyLWRmOGQtNDRiMC1hYjIxLTRjNWRlZTU2NjhkMQBGAAAAAADD5an7Su/eRLn+Ayc0TWfFBwAAwSzjY0KpTJ5UVCDzNEAtAAAAAAENAAAAwSzjY0KpTJ5UVCDzNEAtAADKLtvGAAA=','0000-01-01 00:00:00',0,0,0,0),(197587,99,'RDV COM PROSPECT','Besoin d\'un logiciel de caisse','2022-11-24 14:30:00','2022-11-24 16:30:00',120,'LAURENT PEREZ/ MA PETITE CAVE','','muret','','','',0,0,0,'0','0','','pweb','2022-11-25 16:50:26',22,'','AAMkAGYwNmQxNDVjLTFkNTYtNDQxYS1iYjBhLWE1YzNiNDhjMzhiMgBGAAAAAAA/a9LtIBKVQ7ckbPPs9ihQBwDkrtac860BRqd738LSqm8oAAAAAAENAADkrtac860BRqd738LSqm8oAADKc6tBAAA=','0000-01-01 00:00:00',0,0,0,0),(197588,99,'RDV COM PROSPECT','Besoin d\'un logiciel de caisse','2022-11-24 14:30:00','2022-11-24 16:30:00',120,'LAURENT PEREZ/ MA PETITE CAVE','','muret','','','',0,0,0,'0','0','','pweb','2022-11-25 16:50:27',22,'','AAMkAGYwNmQxNDVjLTFkNTYtNDQxYS1iYjBhLWE1YzNiNDhjMzhiMgBGAAAAAAA/a9LtIBKVQ7ckbPPs9ihQBwDkrtac860BRqd738LSqm8oAAAAAAENAADkrtac860BRqd738LSqm8oAADKc6tCAAA=','0000-01-01 00:00:00',0,0,0,0),(197590,99,'ADMINISTRATIF','','2022-11-28 10:30:00','2022-11-28 12:30:00',120,'MAISON GAILLARD devis relance','','teletravail','','','',0,1,0,'0','0','','pweb','2022-11-25 16:50:28',22,'','AAMkAGYwNmQxNDVjLTFkNTYtNDQxYS1iYjBhLWE1YzNiNDhjMzhiMgBGAAAAAAA/a9LtIBKVQ7ckbPPs9ihQBwDkrtac860BRqd738LSqm8oAAAAAAENAADkrtac860BRqd738LSqm8oAADKc6tEAAA=','0000-01-01 00:00:00',0,0,0,0),(197593,120,'ADMINISTRATIF','','2022-11-29 10:30:00','2022-11-29 11:00:00',30,'POINT DEMAT/MMI  + LKD ','','Site','','','',2039,0,0,'0','0','','pweb','2022-11-25 16:53:33',41,'','','0000-01-01 00:00:00',0,1,0,0),(197594,99,'ADMINISTRATIF','','2022-11-29 10:30:00','2022-11-29 11:00:00',30,'POINT DEMAT/MMI  + LKD ','','Site','','','',2039,0,0,'0','0','','pweb','2022-11-25 16:53:33',41,'','','0000-01-01 00:00:00',0,1,0,0),(197595,100,'CLIENT CONFIRMé à FACTURER','','2022-11-25 14:00:00','2022-11-25 16:15:00',135,'GROUPE SIAT- activité partielle cas gnral','','Site','','','NAH',0,0,0,'0','0','','pweb','2022-11-25 17:03:39',17,'','AAMkAGNlYzA5YTgyLWRmOGQtNDRiMC1hYjIxLTRjNWRlZTU2NjhkMQBGAAAAAADD5an7Su/eRLn+Ayc0TWfFBwAAwSzjY0KpTJ5UVCDzNEAtAAAAAAENAAAAwSzjY0KpTJ5UVCDzNEAtAADKLtvIAAA=','0000-01-01 00:00:00',0,0,0,0),(197597,100,'RH','','2022-11-25 10:00:00','2022-11-25 11:00:00',60,'entretien TPS(ne vient pas)','','Site','','','',0,0,0,'0','0','','pweb','2022-11-25 17:04:17',17,'','AAMkAGNlYzA5YTgyLWRmOGQtNDRiMC1hYjIxLTRjNWRlZTU2NjhkMQBGAAAAAADD5an7Su/eRLn+Ayc0TWfFBwAAwSzjY0KpTJ5UVCDzNEAtAAAAAAENAAAAwSzjY0KpTJ5UVCDzNEAtAADKLtvKAAA=','0000-01-01 00:00:00',0,0,0,0),(197599,109,'HOT LINE','','2022-11-25 10:40:00','2022-11-25 11:30:00',50,'2C','','Site','','','NAH',0,0,0,'0','0','','pweb','2022-11-25 17:20:30',29,'','AAMkADgyOTVhODczLWJhYTMtNDFmYS1iMzA1LTZlMmNkNTA5YjE4YwBGAAAAAABv+s4MHCPvSKn3bzZFSjxnBwBhq94yqym9To5d4N5wua1sAAAAAAENAABhq94yqym9To5d4N5wua1sAADKbX8IAAA=','0000-01-01 00:00:00',0,0,0,0),(197601,95,'HOT LINE','','2022-11-25 16:25:00','2022-11-25 18:00:00',95,'MCI','','Site','','','',0,0,0,'0','0','','pweb','2022-11-25 18:16:29',13,'','AAMkADJhM2VmY2UzLTUwZDYtNDAyZi04NjdjLWZjNDgyZmRjM2RlZQBGAAAAAADv7QybVK9+RqLiREztfJdjBwDZPAeSWD4IS4TSnPjZIENbAAAAAAENAADZPAeSWD4IS4TSnPjZIENbAADKEIH3AAA=','0000-01-01 00:00:00',0,0,0,0),(197602,101,'PRIVE','','2023-01-25 16:00:00','2023-01-25 16:30:00',30,'ORL','','','','','',0,0,0,'0','0','','pweb','2022-11-26 14:21:17',18,'','AAMkADhiMjgzNDgxLTIzMzYtNDU5NC05ZjNjLTAwNjFmZWNkZTcwNgBGAAAAAAAy7j6EtR1nQbw1lhSaxYNwBwBulbax9m0/SYt3UHFz3XolAAAAAAENAABulbax9m0/SYt3UHFz3XolAADKG9X2AAA=','0000-01-01 00:00:00',0,0,1,0),(197604,101,'PRIVE','','2023-03-13 09:15:00','2023-03-13 10:00:00',45,'Radio St Alban M&E','','','','','',0,0,0,'0','0','','pweb','2022-11-26 14:23:47',18,'','AAMkADhiMjgzNDgxLTIzMzYtNDU5NC05ZjNjLTAwNjFmZWNkZTcwNgBGAAAAAAAy7j6EtR1nQbw1lhSaxYNwBwBulbax9m0/SYt3UHFz3XolAAAAAAENAABulbax9m0/SYt3UHFz3XolAADKG9X5AAA=','0000-01-01 00:00:00',0,0,1,0),(197605,101,'RéCUPéRATION','','2023-03-16 09:00:00','2023-03-16 18:00:00',540,'Repos','','','','','',0,0,4711,'d2','d1','','pweb','2022-11-26 14:25:00',18,'','AAMkADhiMjgzNDgxLTIzMzYtNDU5NC05ZjNjLTAwNjFmZWNkZTcwNgBGAAAAAAAy7j6EtR1nQbw1lhSaxYNwBwBulbax9m0/SYt3UHFz3XolAAAAAAENAABulbax9m0/SYt3UHFz3XolAADKG9X6AAA=','0000-01-01 00:00:00',0,0,0,0),(197606,101,'RéCUPéRATION','','2023-03-17 09:00:00','2023-03-17 18:00:00',540,'Repos','','','','','',0,0,4711,'d2','d1','','pweb','2022-11-26 14:25:00',18,'','AAMkADhiMjgzNDgxLTIzMzYtNDU5NC05ZjNjLTAwNjFmZWNkZTcwNgBGAAAAAAAy7j6EtR1nQbw1lhSaxYNwBwBulbax9m0/SYt3UHFz3XolAAAAAAENAABulbax9m0/SYt3UHFz3XolAADKG9X7AAA=','0000-01-01 00:00:00',0,0,0,0),(197608,88,'ADMINISTRATIF','','2022-11-28 09:00:00','2022-11-28 10:00:00',60,'adm','','Site','','','',0,0,0,'0','0','','pweb','2022-11-28 08:49:15',8,'','','0000-01-01 00:00:00',0,1,0,0),(197609,129,'HOT LINE','','2022-11-28 09:00:00','2022-11-28 12:30:00',210,'NEW IMMO SERVICE','','Site','','','MMI',0,0,0,'0','0','','pweb','2022-11-28 08:57:24',47,'','','0000-01-01 00:00:00',0,1,0,0),(197610,88,'CLIENT CONFIRMé à FACTURER','','2022-10-25 10:00:00','2022-10-25 17:30:00',450,'SOLIPAC','','Site','','','NAH',0,0,0,'0','0','','pweb','2022-11-28 09:18:43',8,'','','0000-01-01 00:00:00',0,1,0,0),(197612,99,'ADMINISTRATIF','','2022-11-29 09:30:00','2022-11-29 10:30:00',60,'point dossier ma petite cave','','Site','','','',2040,0,0,'0','0','','pweb','2022-11-28 09:33:41',22,'','AAMkAGYwNmQxNDVjLTFkNTYtNDQxYS1iYjBhLWE1YzNiNDhjMzhiMgBGAAAAAAA/a9LtIBKVQ7ckbPPs9ihQBwDkrtac860BRqd738LSqm8oAAAAAAENAADkrtac860BRqd738LSqm8oAADKc6tFAAA=','0000-01-01 00:00:00',0,0,0,0),(197613,96,'ADMINISTRATIF','','2022-11-29 09:30:00','2022-11-29 10:30:00',60,'point dossier ma petite cave','','Site','','','',2040,0,0,'0','0','','pweb','2022-11-28 09:33:41',22,'','AAMkADcyYzIxNmIxLTU1NTktNDJjMC04YzA3LWU0ZGUyNWU4MGI0NQBGAAAAAABnCUoq4HLRQJ2xvn47ztcaBwBDV6PGlQKbQL4cZLvwh7e+AAAAAAENAABDV6PGlQKbQL4cZLvwh7e+AADKiBspAAA=','0000-01-01 00:00:00',0,0,0,0),(197616,95,'CLIENT INTERVENTION FACTURéE','','2022-11-24 09:00:00','2022-11-24 18:00:00',540,'MCI','','Site','','FA220959','',0,0,0,'0','0','','pweb','2022-11-28 09:40:14',55,'','AAMkADJhM2VmY2UzLTUwZDYtNDAyZi04NjdjLWZjNDgyZmRjM2RlZQBGAAAAAADv7QybVK9+RqLiREztfJdjBwDZPAeSWD4IS4TSnPjZIENbAAAAAAENAADZPAeSWD4IS4TSnPjZIENbAADKEIH5AAA=','0000-01-01 00:00:00',0,0,0,0),(197617,95,'CLIENT INTERVENTION FACTURéE','','2022-11-25 09:00:00','2022-11-25 12:30:00',210,'MCI','','Site','','FA220959','',0,0,0,'0','0','','pweb','2022-11-28 09:40:22',55,'','AAMkADJhM2VmY2UzLTUwZDYtNDAyZi04NjdjLWZjNDgyZmRjM2RlZQBGAAAAAADv7QybVK9+RqLiREztfJdjBwDZPAeSWD4IS4TSnPjZIENbAAAAAAENAADZPAeSWD4IS4TSnPjZIENbAADKEIH7AAA=','0000-01-01 00:00:00',0,0,0,0),(197618,109,'HOT LINE','','2022-11-28 09:30:00','2022-11-28 10:30:00',60,'AT BROTHERS','','Site','','','MMI',0,0,0,'0','0','','pweb','2022-11-28 10:28:53',29,'','AAMkADgyOTVhODczLWJhYTMtNDFmYS1iMzA1LTZlMmNkNTA5YjE4YwBGAAAAAABv+s4MHCPvSKn3bzZFSjxnBwBhq94yqym9To5d4N5wua1sAAAAAAENAABhq94yqym9To5d4N5wua1sAADKbX8NAAA=','0000-01-01 00:00:00',0,0,0,0),(197619,99,'ADMINISTRATIF','','2022-11-28 09:00:00','2022-11-28 09:10:00',10,'ma petite cave ','','teletravail','','','',0,1,0,'0','0','','pweb','2022-11-28 10:39:55',22,'','','0000-01-01 00:00:00',0,0,0,0),(197620,99,'ADMINISTRATIF','- MAISON GAILLARD\n- EMP\n- MA PETITE CAVE\n- DE NARDI','2022-11-28 08:30:00','2022-11-28 10:30:00',120,'DOSSIER CLIENT ','','teletravail','','','',0,0,0,'0','0','','pweb','2022-11-28 10:47:16',22,'','AAMkAGYwNmQxNDVjLTFkNTYtNDQxYS1iYjBhLWE1YzNiNDhjMzhiMgBGAAAAAAA/a9LtIBKVQ7ckbPPs9ihQBwDkrtac860BRqd738LSqm8oAAAAAAENAADkrtac860BRqd738LSqm8oAADKc6tHAAA=','0000-01-01 00:00:00',0,0,0,0),(197621,99,'ADMINISTRATIF','','2022-11-28 10:30:00','2022-11-28 12:30:00',120,'DEVIS CABINET JESURAN','','teletravail','','','',0,0,0,'0','0','','pweb','2022-11-28 10:47:52',22,'','AAMkAGYwNmQxNDVjLTFkNTYtNDQxYS1iYjBhLWE1YzNiNDhjMzhiMgBGAAAAAAA/a9LtIBKVQ7ckbPPs9ihQBwDkrtac860BRqd738LSqm8oAAAAAAENAADkrtac860BRqd738LSqm8oAADKc6tIAAA=','0000-01-01 00:00:00',0,0,0,0),(197622,134,'MALADIE VALIDéE','','2022-11-07 09:00:00','2022-11-07 18:00:00',540,'mal','','','','','',0,0,4713,'w1','d1','','pweb','2022-11-28 10:49:23',17,'','AAMkADY0MjNjMTY1LWQ4YjYtNDgwMi1iZDllLTYyYTEyMDg3NTJlNwBGAAAAAABkYThLrC9fQ5LBVFZ9kgUFBwCqbArWi0Q1SZBntEoNUtBGAAAAAAENAACqbArWi0Q1SZBntEoNUtBGAADKIqTiAAA=','0000-01-01 00:00:00',0,0,0,0),(197623,134,'MALADIE VALIDéE','','2022-11-08 09:00:00','2022-11-08 18:00:00',540,'mal','','','','','',0,0,4713,'w1','d1','','pweb','2022-11-28 10:49:23',17,'','AAMkADY0MjNjMTY1LWQ4YjYtNDgwMi1iZDllLTYyYTEyMDg3NTJlNwBGAAAAAABkYThLrC9fQ5LBVFZ9kgUFBwCqbArWi0Q1SZBntEoNUtBGAAAAAAENAACqbArWi0Q1SZBntEoNUtBGAADKIqTjAAA=','0000-01-01 00:00:00',0,0,0,0),(197624,134,'MALADIE VALIDéE','','2022-11-09 09:00:00','2022-11-09 18:00:00',540,'mal','','','','','',0,0,4713,'w1','d1','','pweb','2022-11-28 10:49:23',17,'','AAMkADY0MjNjMTY1LWQ4YjYtNDgwMi1iZDllLTYyYTEyMDg3NTJlNwBGAAAAAABkYThLrC9fQ5LBVFZ9kgUFBwCqbArWi0Q1SZBntEoNUtBGAAAAAAENAACqbArWi0Q1SZBntEoNUtBGAADKIqTkAAA=','0000-01-01 00:00:00',0,0,0,0),(197625,134,'MALADIE VALIDéE','','2022-11-10 09:00:00','2022-11-10 18:00:00',540,'mal','','','','','',0,0,4713,'w1','d1','','pweb','2022-11-28 10:49:24',17,'','AAMkADY0MjNjMTY1LWQ4YjYtNDgwMi1iZDllLTYyYTEyMDg3NTJlNwBGAAAAAABkYThLrC9fQ5LBVFZ9kgUFBwCqbArWi0Q1SZBntEoNUtBGAAAAAAENAACqbArWi0Q1SZBntEoNUtBGAADKIqTlAAA=','0000-01-01 00:00:00',0,0,0,0),(197630,136,'CLIENT INTERVENTION FACTURéE','Suite intervention du 15 novembre\nimport des écritures de 12/2021 dans la nouvelle base retraité','2022-11-25 15:30:00','2022-11-25 17:00:00',90,'AL & CO DEVELOPPEMENT','','Site','','FA220954','MMI',0,0,0,'0','0','','pweb','2022-11-28 10:55:37',55,'','AAMkADYzOWJiZTZjLTg0ODMtNDJkYS1iNGEzLWI0NDJlMzcxYmE0NABGAAAAAADEmMYJ+glaTbasMX4PPgh4BwC/oMp3Do8SQ7RFMSu+XBO4AAAAAAENAAC/oMp3Do8SQ7RFMSu+XBO4AADJ++QAAAA=','0000-01-01 00:00:00',0,0,0,0),(197631,136,'HOT LINE','','2022-12-02 09:00:00','2022-12-02 18:00:00',540,'HOTLINE','','Site','','','',0,0,0,'0','0','','pweb','2022-11-28 10:57:03',23,'','AAMkADYzOWJiZTZjLTg0ODMtNDJkYS1iNGEzLWI0NDJlMzcxYmE0NABGAAAAAADEmMYJ+glaTbasMX4PPgh4BwC/oMp3Do8SQ7RFMSu+XBO4AAAAAAENAAC/oMp3Do8SQ7RFMSu+XBO4AADJ++P/AAA=','0000-01-01 00:00:00',0,0,0,0),(197632,100,'HOT LINE','','2022-11-30 09:00:00','2022-11-30 12:30:00',210,'HL','','Site','','','',0,0,4643,'m3','d1','','pweb','2022-11-28 10:57:36',17,'','AAMkAGNlYzA5YTgyLWRmOGQtNDRiMC1hYjIxLTRjNWRlZTU2NjhkMQBGAAAAAADD5an7Su/eRLn+Ayc0TWfFBwAAwSzjY0KpTJ5UVCDzNEAtAAAAAAENAAAAwSzjY0KpTJ5UVCDzNEAtAADKLtvNAAA=','0000-01-01 00:00:00',0,0,0,0),(197635,95,'PRé-PLANNING VALIDé CLIENT','INSTALLATION SAGE 100  V8 SUR SERVEUR ET POSTES CLIENTS 1/2.5','2022-12-13 09:00:00','2022-12-13 18:00:00',540,'IMAGIN\'EXPO','','Site','MMI-2211-0003','','MMI',0,1,0,'0','0','','pweb','2022-11-28 11:05:01',41,'','','0000-01-01 00:00:00',0,1,0,0),(197637,95,'PRé-PLANNING VALIDé CLIENT','INSTALLATION SAGE 100  V8 SUR SERVEUR ET POSTES CLIENTS 2/2.5','2022-12-14 09:00:00','2022-12-14 18:00:00',540,'IMAGIN\'EXPO','','Site','MMI-2211-0003','','MMI',0,1,0,'0','0','','pweb','2022-11-28 11:06:09',41,'','','0000-01-01 00:00:00',0,1,0,0),(197640,88,'CLIENT INTERVENTION FACTURéE','','2022-11-25 09:00:00','2022-11-25 12:00:00',180,'CPM','','Site','','FA220330','MMI',0,0,0,'0','0','','pweb','2022-11-28 11:09:36',55,'','','0000-01-01 00:00:00',0,1,0,0),(197641,88,'CLIENT INTERVENTION FACTURéE','mise à jour instance SQL EN SQL EXPRESS 2019\n','2022-11-25 14:00:00','2022-11-25 17:30:00',210,'ALARME SECURITE OCCITANE','','TT','','FA220328','NAH',0,0,0,'0','0','','pweb','2022-11-28 11:10:38',55,'','','0000-01-01 00:00:00',0,1,0,0),(197642,136,'CONGé PAYé VALIDé DIRECTION','','2022-11-17 09:00:00','2022-11-17 18:00:00',540,'CP','','','','','',0,0,0,'0','0','','pweb','2022-11-28 11:16:10',17,'','AAMkADYzOWJiZTZjLTg0ODMtNDJkYS1iNGEzLWI0NDJlMzcxYmE0NABGAAAAAADEmMYJ+glaTbasMX4PPgh4BwC/oMp3Do8SQ7RFMSu+XBO4AAAAAAENAAC/oMp3Do8SQ7RFMSu+XBO4AADJ++P7AAA=','0000-01-01 00:00:00',0,0,0,0),(197643,136,'RTT VALIDé DIRECTION','','2022-11-28 09:00:00','2022-11-28 18:00:00',540,'RTT','','','','','',0,0,0,'0','0','','pweb','2022-11-28 11:17:03',17,'','AAMkADYzOWJiZTZjLTg0ODMtNDJkYS1iNGEzLWI0NDJlMzcxYmE0NABGAAAAAADEmMYJ+glaTbasMX4PPgh4BwC/oMp3Do8SQ7RFMSu+XBO4AAAAAAENAAC/oMp3Do8SQ7RFMSu+XBO4AADJ++P+AAA=','0000-01-01 00:00:00',0,0,0,0),(197644,136,'CONGé PAYé VALIDé DIRECTION','','2022-11-30 09:00:00','2022-11-30 18:00:00',540,'CP','','','','','',0,0,0,'0','0','','pweb','2022-11-28 11:17:21',17,'','AAMkADYzOWJiZTZjLTg0ODMtNDJkYS1iNGEzLWI0NDJlMzcxYmE0NABGAAAAAADEmMYJ+glaTbasMX4PPgh4BwC/oMp3Do8SQ7RFMSu+XBO4AAAAAAENAAC/oMp3Do8SQ7RFMSu+XBO4AADJ++P8AAA=','0000-01-01 00:00:00',0,0,0,0),(197645,136,'CONGé PAYé VALIDé DIRECTION','','2022-12-01 09:00:00','2022-12-01 18:00:00',540,'CP','','','','','',0,0,0,'0','0','','pweb','2022-11-28 11:17:28',17,'','AAMkADYzOWJiZTZjLTg0ODMtNDJkYS1iNGEzLWI0NDJlMzcxYmE0NABGAAAAAADEmMYJ+glaTbasMX4PPgh4BwC/oMp3Do8SQ7RFMSu+XBO4AAAAAAENAAC/oMp3Do8SQ7RFMSu+XBO4AADJ++P9AAA=','0000-01-01 00:00:00',0,0,0,0),(197646,120,'RTT VALIDé DIRECTION','','2022-11-16 13:30:00','2022-11-16 17:30:00',240,'RTT','','','','','',0,0,0,'0','0','','pweb','2022-11-28 11:18:00',17,'','','0000-01-01 00:00:00',0,1,0,0),(197647,135,'RTT VALIDé DIRECTION','','2022-11-30 09:00:00','2022-11-30 18:00:00',540,'RTT','','Site','','','',0,0,0,'0','0','','pweb','2022-11-28 11:18:19',17,'','AAMkADg3NDBkNmEzLTgzNTQtNGI5ZS1hY2I1LTU3ZGJiNGU1NzIyYwBGAAAAAAAPGVdudg4tQKQuF2kQygegBwBy5ggk/cvUSIDwOyBHzIBBAAAAAAENAABy5ggk/cvUSIDwOyBHzIBBAADKd2p9AAA=','0000-01-01 00:00:00',0,0,0,0),(197648,135,'RTT VALIDé DIRECTION','','2022-12-02 09:00:00','2022-12-02 18:00:00',540,'RTT','','Site','','','',0,0,0,'0','0','','pweb','2022-11-28 11:19:08',17,'','AAMkADg3NDBkNmEzLTgzNTQtNGI5ZS1hY2I1LTU3ZGJiNGU1NzIyYwBGAAAAAAAPGVdudg4tQKQuF2kQygegBwBy5ggk/cvUSIDwOyBHzIBBAAAAAAENAABy5ggk/cvUSIDwOyBHzIBBAADKd2p+AAA=','0000-01-01 00:00:00',0,0,0,0),(197649,120,'RTT VALIDé DIRECTION','','2022-11-30 13:30:00','2022-11-30 17:30:00',240,'RTT','','','','','',0,0,0,'0','0','','pweb','2022-11-28 11:19:21',17,'','','0000-01-01 00:00:00',0,1,0,0),(197650,135,'CONGé PAYé VALIDé DIRECTION','','2022-12-01 09:00:00','2022-12-01 18:00:00',540,'CP','','Site','','','',0,0,0,'0','0','','pweb','2022-11-28 11:19:54',17,'','AAMkADg3NDBkNmEzLTgzNTQtNGI5ZS1hY2I1LTU3ZGJiNGU1NzIyYwBGAAAAAAAPGVdudg4tQKQuF2kQygegBwBy5ggk/cvUSIDwOyBHzIBBAAAAAAENAABy5ggk/cvUSIDwOyBHzIBBAADKd2p8AAA=','0000-01-01 00:00:00',0,0,0,0),(197651,96,'RTT VALIDé DIRECTION','','2022-12-02 09:00:00','2022-12-02 18:00:00',540,'RTT','','','','','',0,0,0,'0','0','','pweb','2022-11-28 11:20:09',17,'','AAMkADcyYzIxNmIxLTU1NTktNDJjMC04YzA3LWU0ZGUyNWU4MGI0NQBGAAAAAABnCUoq4HLRQJ2xvn47ztcaBwBDV6PGlQKbQL4cZLvwh7e+AAAAAAENAABDV6PGlQKbQL4cZLvwh7e+AADKiBsrAAA=','0000-01-01 00:00:00',0,0,0,0),(197652,103,'PRé-PLANNING CLIENT(PRéVISION)','Finalisation pour mise en prod définitive','2022-12-12 09:00:00','2022-12-12 10:00:00',60,'AFAT ENTREPRISE','','domicile','','','NAH',0,0,0,'0','0','','pweb','2022-11-28 11:28:48',19,'','AAMkAGVkNGQ3NTFhLWM1MDMtNDI2Mi1hMWI2LWYzNDFlYmI4M2IzYgBGAAAAAAAl36Az9NpWQJb/JWF3ty1hBwAaCCvIoN9oQa6kt/xRv4UrAAAAAAENAAAaCCvIoN9oQa6kt/xRv4UrAADKAcI6AAA=','0000-01-01 00:00:00',0,0,0,0),(197654,95,'PRé-PLANNING VALIDé CLIENT','INSTALLATION SAGE 100  V8 SUR SERVEUR ET POSTES CLIENTS 2.5/2.5 + SUITE DES CONVERSIONS \n','2022-12-15 09:00:00','2022-12-15 17:30:00',510,'IMAGIN\'EXPO','','Site','MMI-2211-0003','','MMI',0,1,0,'0','0','','pweb','2022-11-28 11:33:32',41,'','','0000-01-01 00:00:00',0,1,0,0),(197656,88,'PRé-PLANNING VALIDé CLIENT','INSTALLATION SQL + PRE PA CONVERSIONS ','2022-12-12 09:00:00','2022-12-12 17:30:00',510,'IMAGIN\'EXPO','','Site','','','MMI',0,1,0,'0','0','','pweb','2022-11-28 11:34:23',41,'','','0000-01-01 00:00:00',0,1,0,0),(197658,88,'PRé-PLANNING VALIDé CLIENT','SUITE MIGRATION','2022-12-13 14:00:00','2022-12-13 17:30:00',210,'IMAGIN\'EXPO','','Site','','','MMI',0,1,0,'0','0','','pweb','2022-11-28 11:38:58',41,'','','0000-01-01 00:00:00',0,1,0,0),(197660,137,'RTT VALIDé DIRECTION','','2022-11-25 14:00:00','2022-11-25 17:00:00',180,'RTT','','Site','','','',0,0,0,'0','0','','pweb','2022-11-28 12:01:39',17,'','AAMkADFjYjg4NjY4LWEyNDItNDFhNy05ODJkLTg5MzIzNTBjZWM2ZABGAAAAAAC68kTZ2D3rTo/mvbSaTmVdBwADDVRw2IipSZoWtvWBliNLAAAAAAENAAADDVRw2IipSZoWtvWBliNLAADKCO2vAAA=','0000-01-01 00:00:00',0,0,0,0),(197661,109,'HOT LINE','','2022-11-28 11:58:00','2022-11-28 12:00:00',2,'MHP','','Site','','','NAH',0,0,0,'0','0','','pweb','2022-11-28 12:02:58',29,'','AAMkADgyOTVhODczLWJhYTMtNDFmYS1iMzA1LTZlMmNkNTA5YjE4YwBGAAAAAABv+s4MHCPvSKn3bzZFSjxnBwBhq94yqym9To5d4N5wua1sAAAAAAENAABhq94yqym9To5d4N5wua1sAADKbX8OAAA=','0000-01-01 00:00:00',0,0,0,0),(197662,109,'ADMINISTRATIF','Chiffrage gestion','2022-11-28 11:15:00','2022-11-28 11:45:00',30,'MAISON GAILLARD','','Site','','','',0,0,0,'0','0','','pweb','2022-11-28 12:04:10',29,'','AAMkADgyOTVhODczLWJhYTMtNDFmYS1iMzA1LTZlMmNkNTA5YjE4YwBGAAAAAABv+s4MHCPvSKn3bzZFSjxnBwBhq94yqym9To5d4N5wua1sAAAAAAENAABhq94yqym9To5d4N5wua1sAADKbX8LAAA=','0000-01-01 00:00:00',0,0,0,0),(197663,121,'FORMATION PERSONNEL ORGANISME','','2022-12-05 09:00:00','2022-12-05 18:00:00',540,'sst','','','','','',0,0,0,'0','0','','pweb','2022-11-28 12:06:25',57,'','','0000-01-01 00:00:00',0,0,0,0),(197664,121,'FORMATION PERSONNEL ORGANISME','','2022-12-06 09:00:00','2022-12-06 18:00:00',540,'sst','','','','','',0,0,0,'0','0','','pweb','2022-11-28 12:06:30',57,'','','0000-01-01 00:00:00',0,0,0,0),(197665,121,'CLIENT CONFIRMé à FACTURER','3 jours paramétrages','2022-12-07 09:00:00','2022-12-07 18:00:00',540,'DE NARDI/ paramétrage','','Site','','','',0,0,0,'0','0','','pweb','2022-11-28 12:06:40',57,'','','0000-01-01 00:00:00',0,0,0,0),(197666,121,'CLIENT CONFIRMé à FACTURER','3 jours paramétrages','2022-12-08 09:00:00','2022-12-08 18:00:00',540,'DE NARDI/ paramétrage','','Site','','','',0,0,0,'0','0','','pweb','2022-11-28 12:06:42',57,'','','0000-01-01 00:00:00',0,0,0,0),(197667,121,'CLIENT CONFIRMé à FACTURER','3 jours paramétrages','2022-12-09 09:00:00','2022-12-09 18:00:00',540,'DE NARDI/ paramétrage','','Site','','','',0,0,0,'0','0','','pweb','2022-11-28 12:06:44',57,'','','0000-01-01 00:00:00',0,0,0,0),(197668,121,'CLIENT CONFIRMé à FACTURER','1.5','2022-12-13 09:00:00','2022-12-13 18:00:00',540,'DE NARDI/ formation gesco','','cahors','','','',0,0,0,'0','0','','pweb','2022-11-28 12:06:58',57,'','','0000-01-01 00:00:00',0,0,0,1),(197669,121,'CLIENT CONFIRMé à FACTURER','1.5','2022-12-14 09:00:00','2022-12-14 18:00:00',540,'DE NARDI/ formation gesco','','cahors','','','',0,0,0,'0','0','','pweb','2022-11-28 12:07:00',57,'','','0000-01-01 00:00:00',0,0,0,1),(197670,121,'CLIENT CONFIRMé à FACTURER','1.5','2022-12-15 09:00:00','2022-12-15 18:00:00',540,'DE NARDI/ formation gesco','','cahors','','','',0,0,0,'0','0','','pweb','2022-11-28 12:07:07',57,'','','0000-01-01 00:00:00',0,0,0,1),(197671,121,'CLIENT CONFIRMé à FACTURER','analyse et suivi de fin de dossier ','2022-12-12 09:00:00','2022-12-12 13:00:00',240,'MBT SAS','','Chez le client','','','NAH',0,0,0,'0','0','','pweb','2022-11-28 12:07:19',57,'','','0000-01-01 00:00:00',0,0,0,0),(197673,97,'NON TRAVAILLé ANNULE','','2022-11-28 13:30:00','2022-11-28 17:00:00',210,'ANNUL C.Parental','','','','','',0,0,4405,'m3','j1','','pweb','2022-11-28 12:16:35',17,'','AAMkADhhOTJmOGYwLWMzNDUtNDk5ZC1hMmIwLWIwZmE1NTllMTJjNwBGAAAAAADSZGNdz8qRSL2Er7FuD10bBwBGCwXsybUsR6/U2FYpC4lpAAAAAAENAABGCwXsybUsR6/U2FYpC4lpAADKWSYjAAA=','0000-01-01 00:00:00',0,0,0,0),(197675,121,'CLIENT CONFIRMé à FACTURER','1,5 jour installation sur serveur et poste ','2022-12-01 09:00:00','2022-12-01 18:00:00',540,'DE NARDI/ installation','','Site','','','',0,0,0,'0','0','','pweb','2022-11-28 13:53:45',57,'','','0000-01-01 00:00:00',0,0,0,0),(197676,121,'CLIENT CONFIRMé à FACTURER','1,5 jour installation sur serveur et poste ','2022-12-02 09:00:00','2022-12-02 18:00:00',540,'DE NARDI/ installation','','Site','','','',0,0,0,'0','0','','pweb','2022-11-28 13:53:47',57,'','','0000-01-01 00:00:00',0,0,0,0),(197677,135,'ADMINISTRATIF','','2022-11-28 09:00:00','2022-11-28 17:30:00',510,'crouzil','','Site','','','',0,0,0,'0','0','','pweb','2022-11-28 14:12:32',53,'','AAMkADg3NDBkNmEzLTgzNTQtNGI5ZS1hY2I1LTU3ZGJiNGU1NzIyYwBGAAAAAAAPGVdudg4tQKQuF2kQygegBwBy5ggk/cvUSIDwOyBHzIBBAAAAAAENAABy5ggk/cvUSIDwOyBHzIBBAADKd2p/AAA=','0000-01-01 00:00:00',0,0,0,0),(197678,138,'CLIENT RéSERVé-DEVIS NON SIGNé','','2023-01-09 09:00:00','2023-01-09 18:00:00',540,'AGRALIS= ACGM 3/3/ theme  CONTRAT apres midi ','','Site','','','',0,0,0,'0','0','','pweb','2022-11-28 14:16:01',23,'','AAMkADJkYmFmZTllLTIzMmMtNDEyYS05ZDYwLWVlYzZiNjAxODE5ZgBGAAAAAADg4fgzYuStR6wZOdHvE1X6BwB5RUoIPRWaSawTbqy1Do0pAAAAAAENAAB5RUoIPRWaSawTbqy1Do0pAACeb8ujAAA=','0000-01-01 00:00:00',0,0,0,1),(197679,135,'ADMINISTRATIF','Devis richard ','2022-12-05 09:00:00','2022-12-05 18:00:00',540,'TRSO','','Site','','','',0,0,0,'0','0','','pweb','2022-11-28 14:17:38',53,'','AAMkADg3NDBkNmEzLTgzNTQtNGI5ZS1hY2I1LTU3ZGJiNGU1NzIyYwBGAAAAAAAPGVdudg4tQKQuF2kQygegBwBy5ggk/cvUSIDwOyBHzIBBAAAAAAENAABy5ggk/cvUSIDwOyBHzIBBAADKd2qAAAA=','0000-01-01 00:00:00',0,0,0,0),(197680,139,'CLIENT CONFIRMé à FACTURER','1 jour','2022-12-15 09:00:00','2022-12-15 18:00:00',540,'DE NARDI/ formation  compta','','cahors','','','',0,1,0,'0','0','','pweb','2022-11-28 14:26:05',23,'','AAMkAGU1Y2VlYmE5LTVlNjktNDI4Ni05ODA1LWIzYjM5NjlkNjEwYgBGAAAAAADSQ9YO3A4iRaGsv7COBMjnBwA7eNr3FTBFQJoZT7SG52pyAAAAAAENAAA7eNr3FTBFQJoZT7SG52pyAACb3bJeAAA=','0000-01-01 00:00:00',0,0,0,1),(197681,139,'CLIENT CONFIRMé à FACTURER','1,5 jour installation sur serveur et poste ','2022-12-01 09:00:00','2022-12-01 18:00:00',540,'DE NARDI/ installation','','domicile ','','','',0,0,0,'0','0','','pweb','2022-11-28 14:37:10',57,'','AAMkAGU1Y2VlYmE5LTVlNjktNDI4Ni05ODA1LWIzYjM5NjlkNjEwYgBGAAAAAADSQ9YO3A4iRaGsv7COBMjnBwA7eNr3FTBFQJoZT7SG52pyAAAAAAENAAA7eNr3FTBFQJoZT7SG52pyAACb3bJgAAA=','0000-01-01 00:00:00',0,0,0,0),(197683,139,'CLIENT CONFIRMé à FACTURER','1,5 jour installation sur serveur et poste + début de paramétrage','2022-12-02 09:00:00','2022-12-02 18:00:00',540,'DE NARDI/ installation','','domicile ','','','',0,0,0,'0','0','','pweb','2022-11-28 14:37:29',57,'','AAMkAGU1Y2VlYmE5LTVlNjktNDI4Ni05ODA1LWIzYjM5NjlkNjEwYgBGAAAAAADSQ9YO3A4iRaGsv7COBMjnBwA7eNr3FTBFQJoZT7SG52pyAAAAAAENAAA7eNr3FTBFQJoZT7SG52pyAACb3bJkAAA=','0000-01-01 00:00:00',0,0,0,0),(197684,99,'ADMINISTRATIF','','2022-11-28 14:30:00','2022-11-28 15:30:00',60,'DEVIS CABINET JESURAN','','teletravail','','','',0,0,0,'0','0','','pweb','2022-11-28 14:41:16',22,'','AAMkAGYwNmQxNDVjLTFkNTYtNDQxYS1iYjBhLWE1YzNiNDhjMzhiMgBGAAAAAAA/a9LtIBKVQ7ckbPPs9ihQBwDkrtac860BRqd738LSqm8oAAAAAAENAADkrtac860BRqd738LSqm8oAADKc6tJAAA=','0000-01-01 00:00:00',0,0,0,0),(197685,99,'PRIVE','','2022-12-12 12:30:00','2022-12-12 13:30:00',60,'ostheo','','','','','',0,0,0,'0','0','','pweb','2022-11-28 14:55:25',22,'','AAMkAGYwNmQxNDVjLTFkNTYtNDQxYS1iYjBhLWE1YzNiNDhjMzhiMgBGAAAAAAA/a9LtIBKVQ7ckbPPs9ihQBwDkrtac860BRqd738LSqm8oAAAAAAENAADkrtac860BRqd738LSqm8oAADKc6tKAAA=','0000-01-01 00:00:00',0,0,1,0),(197686,88,'ADMINISTRATIF','analyse','2022-11-28 14:00:00','2022-11-28 15:30:00',90,'CINE FOL','','Site','','','MMI',0,0,0,'0','0','','pweb','2022-11-28 15:05:02',8,'','','0000-01-01 00:00:00',0,1,0,0),(197687,103,'CLIENT CONFIRMé à FACTURER','','2022-12-12 09:00:00','2022-12-12 12:30:00',210,'JIMENEZ mise a jour','','Site','','','',0,0,0,'0','0','','pweb','2022-11-28 15:21:16',17,'','AAMkAGVkNGQ3NTFhLWM1MDMtNDI2Mi1hMWI2LWYzNDFlYmI4M2IzYgBGAAAAAAAl36Az9NpWQJb/JWF3ty1hBwAaCCvIoN9oQa6kt/xRv4UrAAAAAAENAAAaCCvIoN9oQa6kt/xRv4UrAADKAcI7AAA=','0000-01-01 00:00:00',0,0,0,0),(197690,99,'RDV COM PROSPECT','','2022-12-09 11:00:00','2022-12-09 12:30:00',90,'BARTHELEMY AVOCAT','','Site','','','',2041,0,0,'0','0','','pweb','2022-11-28 15:37:39',22,'','AAMkAGYwNmQxNDVjLTFkNTYtNDQxYS1iYjBhLWE1YzNiNDhjMzhiMgBGAAAAAAA/a9LtIBKVQ7ckbPPs9ihQBwDkrtac860BRqd738LSqm8oAAAAAAENAADkrtac860BRqd738LSqm8oAADKc6tLAAA=','0000-01-01 00:00:00',0,0,0,0),(197691,84,'RDV COM PROSPECT','','2022-12-09 11:00:00','2022-12-09 12:30:00',90,'BARTHELEMY AVOCAT','','Site','','','',2041,0,0,'0','0','','pweb','2022-11-28 15:37:39',22,'','','0000-01-01 00:00:00',0,0,0,0),(197692,99,'RDV COM PROSPECT','','2022-12-01 14:00:00','2022-12-01 16:00:00',120,'SYNERGIE','','BALMA','','','',0,0,0,'0','0','','pweb','2022-11-28 15:42:16',22,'','AAMkAGYwNmQxNDVjLTFkNTYtNDQxYS1iYjBhLWE1YzNiNDhjMzhiMgBGAAAAAAA/a9LtIBKVQ7ckbPPs9ihQBwDkrtac860BRqd738LSqm8oAAAAAAENAADkrtac860BRqd738LSqm8oAADKc6tMAAA=','0000-01-01 00:00:00',0,0,0,0),(197693,95,'FORMATION PERSONNEL ORGANISME','Atelier sage\n• Fin cycle init Stock\n• Cycle Fabrication simplifié\n• Abonnement, Affaires + Temps passés\n','2023-01-04 09:30:00','2023-01-04 12:00:00',150,'FORM Gesco Session 4','','Site','','','',0,0,0,'0','0','','pweb','2022-11-28 15:58:35',13,'','AAMkADJhM2VmY2UzLTUwZDYtNDAyZi04NjdjLWZjNDgyZmRjM2RlZQBGAAAAAADv7QybVK9+RqLiREztfJdjBwDZPAeSWD4IS4TSnPjZIENbAAAAAAENAADZPAeSWD4IS4TSnPjZIENbAADKEIH9AAA=','0000-01-01 00:00:00',0,0,0,0),(197701,99,'RTT','','2022-12-02 09:00:00','2022-12-02 18:00:00',540,'RTT','','Domicile','','','',0,0,0,'0','0','','pweb','2022-11-28 16:44:17',22,'','AAMkAGYwNmQxNDVjLTFkNTYtNDQxYS1iYjBhLWE1YzNiNDhjMzhiMgBGAAAAAAA/a9LtIBKVQ7ckbPPs9ihQBwDkrtac860BRqd738LSqm8oAAAAAAENAADkrtac860BRqd738LSqm8oAADKc6tNAAA=','0000-01-01 00:00:00',0,0,0,0),(197716,99,'RDV COM PROSPECT','','2022-12-09 14:00:00','2022-12-09 16:00:00',120,'TTT/ A CONFIRMER','','PLAISANCE DU TOUCH','','','',0,0,0,'0','0','','pweb','2022-11-28 16:51:16',22,'','AAMkAGYwNmQxNDVjLTFkNTYtNDQxYS1iYjBhLWE1YzNiNDhjMzhiMgBGAAAAAAA/a9LtIBKVQ7ckbPPs9ihQBwDkrtac860BRqd738LSqm8oAAAAAAENAADkrtac860BRqd738LSqm8oAADKc6tRAAA=','0000-01-01 00:00:00',0,0,0,0),(197717,88,'RDV COM PROSPECT','','2022-12-09 14:00:00','2022-12-09 16:00:00',120,'TTT/ A CONFIRMER','','PLAISANCE DU TOUCH','','','',0,0,0,'0','0','','pweb','2022-11-28 16:51:20',22,'','AAMkAGM0NWVlOWI0LTMyNDEtNGIyNy05M2NjLWY4YWUyZmIxYmJiOQBGAAAAAAA45mr8625NRpPTVyMqC4wrBwCXLRRMHdZfTJHY9m5US0y2AAAAAAENAACXLRRMHdZfTJHY9m5US0y2AADKbBZvAAA=','0000-01-01 00:00:00',0,0,0,0),(197719,135,'ADMINISTRATIF','devis plaling des ressources + devis reprise de contrat (voir nah pour remsie sur devis presta)','2022-11-29 09:00:00','2022-11-29 18:00:00',540,'AMVB','','Site','','','',0,0,0,'0','0','','pweb','2022-11-28 17:02:28',53,'','AAMkADg3NDBkNmEzLTgzNTQtNGI5ZS1hY2I1LTU3ZGJiNGU1NzIyYwBGAAAAAAAPGVdudg4tQKQuF2kQygegBwBy5ggk/cvUSIDwOyBHzIBBAAAAAAENAABy5ggk/cvUSIDwOyBHzIBBAADKd2qBAAA=','0000-01-01 00:00:00',0,0,0,0),(197720,138,'RDV CLIENT','Réunion Dossier','2022-12-14 09:00:00','2022-12-14 12:30:00',210,'AGRALIS','','Chez le client','','','NAH',2043,0,0,'0','0','','pweb','2022-11-28 17:06:36',20,'','AAMkADJkYmFmZTllLTIzMmMtNDEyYS05ZDYwLWVlYzZiNjAxODE5ZgBGAAAAAADg4fgzYuStR6wZOdHvE1X6BwB5RUoIPRWaSawTbqy1Do0pAAAAAAENAAB5RUoIPRWaSawTbqy1Do0pAACeb8ukAAA=','0000-01-01 00:00:00',0,0,0,0),(197721,96,'RDV CLIENT','Réunion Dossier','2022-12-14 09:00:00','2022-12-14 12:30:00',210,'AGRALIS','','Chez le client','','','NAH',2043,0,0,'0','0','','pweb','2022-11-28 17:06:36',20,'','AAMkADcyYzIxNmIxLTU1NTktNDJjMC04YzA3LWU0ZGUyNWU4MGI0NQBGAAAAAABnCUoq4HLRQJ2xvn47ztcaBwBDV6PGlQKbQL4cZLvwh7e+AAAAAAENAABDV6PGlQKbQL4cZLvwh7e+AADKiBssAAA=','0000-01-01 00:00:00',0,0,0,0),(197722,138,'RDV CLIENT','Réunion Dossier','2022-12-16 09:00:00','2022-12-16 12:30:00',210,'AGRALIS','','Chez le client','','','NAH',0,0,0,'0','0','','pweb','2022-11-28 17:07:08',20,'','AAMkADJkYmFmZTllLTIzMmMtNDEyYS05ZDYwLWVlYzZiNjAxODE5ZgBGAAAAAADg4fgzYuStR6wZOdHvE1X6BwB5RUoIPRWaSawTbqy1Do0pAAAAAAENAAB5RUoIPRWaSawTbqy1Do0pAACeb8ulAAA=','0000-01-01 00:00:00',0,0,0,0),(197723,96,'RDV CLIENT','Réunion Dossier','2022-12-16 09:00:00','2022-12-16 12:30:00',210,'AGRALIS','','Chez le client','','','NAH',0,0,0,'0','0','','pweb','2022-11-28 17:07:17',20,'','AAMkADcyYzIxNmIxLTU1NTktNDJjMC04YzA3LWU0ZGUyNWU4MGI0NQBGAAAAAABnCUoq4HLRQJ2xvn47ztcaBwBDV6PGlQKbQL4cZLvwh7e+AAAAAAENAABDV6PGlQKbQL4cZLvwh7e+AADKiBstAAA=','0000-01-01 00:00:00',0,0,0,0),(197724,138,'PRé-PLANNING CLIENT(PRéVISION)','Inventaire','2022-12-01 14:00:00','2022-12-01 18:00:00',240,'AGRALIS','','A distance','','','NAH',0,0,0,'0','0','','pweb','2022-11-28 17:08:00',20,'','AAMkADJkYmFmZTllLTIzMmMtNDEyYS05ZDYwLWVlYzZiNjAxODE5ZgBGAAAAAADg4fgzYuStR6wZOdHvE1X6BwB5RUoIPRWaSawTbqy1Do0pAAAAAAENAAB5RUoIPRWaSawTbqy1Do0pAACeb8umAAA=','0000-01-01 00:00:00',0,0,0,0),(197725,138,'PRé-PLANNING CLIENT(PRéVISION)','Inventaire','2022-12-06 14:00:00','2022-12-06 18:00:00',240,'AGRALIS','','A distance','','','NAH',0,0,0,'0','0','','pweb','2022-11-28 17:08:38',20,'','AAMkADJkYmFmZTllLTIzMmMtNDEyYS05ZDYwLWVlYzZiNjAxODE5ZgBGAAAAAADg4fgzYuStR6wZOdHvE1X6BwB5RUoIPRWaSawTbqy1Do0pAAAAAAENAAB5RUoIPRWaSawTbqy1Do0pAACeb8unAAA=','0000-01-01 00:00:00',0,0,0,0),(197726,100,'CLIENT INTERVENTION FACTURéE','paramétrage apprenti','2022-11-21 14:00:00','2022-11-21 16:20:00',140,'bouchage (attente DSN)','','Site','','FA220332','',0,0,0,'0','0','','pweb','2022-11-28 17:15:31',55,'','AAMkAGNlYzA5YTgyLWRmOGQtNDRiMC1hYjIxLTRjNWRlZTU2NjhkMQBGAAAAAADD5an7Su/eRLn+Ayc0TWfFBwAAwSzjY0KpTJ5UVCDzNEAtAAAAAAENAAAAwSzjY0KpTJ5UVCDzNEAtAADKLtvSAAA=','0000-01-01 00:00:00',0,0,0,0),(197728,109,'HOT LINE','','2022-11-28 16:45:00','2022-11-28 17:07:00',22,'2 GARENI INDUSTRIE','','Domicile','','','NAH',0,0,0,'0','0','','pweb','2022-11-28 17:22:06',29,'','AAMkADgyOTVhODczLWJhYTMtNDFmYS1iMzA1LTZlMmNkNTA5YjE4YwBGAAAAAABv+s4MHCPvSKn3bzZFSjxnBwBhq94yqym9To5d4N5wua1sAAAAAAENAABhq94yqym9To5d4N5wua1sAADKbX8PAAA=','0000-01-01 00:00:00',0,0,0,0),(197729,100,'RH','','2022-11-28 09:00:00','2022-11-28 18:00:00',540,'RH-salaire','','Site','','','',0,0,4645,'d2','d1','','pweb','2022-11-28 17:25:53',17,'','AAMkAGNlYzA5YTgyLWRmOGQtNDRiMC1hYjIxLTRjNWRlZTU2NjhkMQBGAAAAAADD5an7Su/eRLn+Ayc0TWfFBwAAwSzjY0KpTJ5UVCDzNEAtAAAAAAENAAAAwSzjY0KpTJ5UVCDzNEAtAADKLtvUAAA=','0000-01-01 00:00:00',0,0,0,0),(197731,95,'HOT LINE','','2022-11-28 17:45:00','2022-11-28 17:50:00',5,'CASSAGNE','','Site','','','',0,0,0,'0','0','','pweb','2022-11-28 17:50:45',13,'','AAMkADJhM2VmY2UzLTUwZDYtNDAyZi04NjdjLWZjNDgyZmRjM2RlZQBGAAAAAADv7QybVK9+RqLiREztfJdjBwDZPAeSWD4IS4TSnPjZIENbAAAAAAENAADZPAeSWD4IS4TSnPjZIENbAADKEIIFAAA=','0000-01-01 00:00:00',0,0,0,0),(197733,95,'HOT LINE','','2022-11-28 18:05:00','2022-11-28 18:15:00',10,'MCI','','Site','','','',0,0,0,'0','0','','pweb','2022-11-28 18:14:58',13,'','AAMkADJhM2VmY2UzLTUwZDYtNDAyZi04NjdjLWZjNDgyZmRjM2RlZQBGAAAAAADv7QybVK9+RqLiREztfJdjBwDZPAeSWD4IS4TSnPjZIENbAAAAAAENAADZPAeSWD4IS4TSnPjZIENbAADKEIIIAAA=','0000-01-01 00:00:00',0,0,0,0),(197734,129,'PRIVE','RDV endocrinologue','2022-11-29 09:20:00','2022-11-29 10:10:00',50,'PRIV','','Colomiers','','','',0,0,0,'0','0','','pweb','2022-11-28 19:30:46',47,'','','0000-01-01 00:00:00',0,1,1,0),(197736,129,'PRéPARATION INTERNE','','2022-11-28 08:30:00','2022-11-28 17:30:00',540,'Dev planning','','Site','','','',0,0,0,'0','0','','pweb','2022-11-28 19:42:23',47,'','','0000-01-01 00:00:00',0,1,0,0),(197739,129,'PRéPARATION INTERNE','','2022-11-30 09:00:00','2022-11-30 18:00:00',540,'Dev CRT christelle OpenBee','','Site','','','',0,0,0,'0','0','','pweb','2022-11-28 19:42:37',47,'','','0000-01-01 00:00:00',0,1,0,0),(197741,129,'CONGé PAYé','','2022-11-29 08:30:00','2022-11-29 12:30:00',240,'CP','','Site','','','',0,0,0,'0','0','','pweb','2022-11-28 22:01:49',47,'','','0000-01-01 00:00:00',0,1,0,0),(197742,99,'RDV COM PROSPECT','','2022-12-05 10:00:00','2022-12-05 12:30:00',150,'TTT','','PLAISANCE DU TOUCH','','','',0,0,0,'0','0','','pweb','2022-11-29 08:48:55',22,'','AAMkAGYwNmQxNDVjLTFkNTYtNDQxYS1iYjBhLWE1YzNiNDhjMzhiMgBGAAAAAAA/a9LtIBKVQ7ckbPPs9ihQBwDkrtac860BRqd738LSqm8oAAAAAAENAADkrtac860BRqd738LSqm8oAADKc6tUAAA=','0000-01-01 00:00:00',0,0,0,0),(197743,88,'RDV COM PROSPECT','','2022-12-05 10:00:00','2022-12-05 12:30:00',150,'TTT','','PLAISANCE DU TOUCH','','','',0,0,0,'0','0','','pweb','2022-11-29 08:49:05',22,'','AAMkAGM0NWVlOWI0LTMyNDEtNGIyNy05M2NjLWY4YWUyZmIxYmJiOQBGAAAAAAA45mr8625NRpPTVyMqC4wrBwCXLRRMHdZfTJHY9m5US0y2AAAAAAENAACXLRRMHdZfTJHY9m5US0y2AADKbBZxAAA=','0000-01-01 00:00:00',0,0,0,0),(197745,130,'CLIENT CONFIRMé à FACTURER','','2022-12-07 09:00:00','2022-12-07 18:00:00',540,'SOFEMA','Christelle SILVESTRO','Chez le client','','','MMI',0,0,0,'0','0','','pweb','2022-11-29 09:00:44',48,'csilvestro@ipogestion.com','','0000-01-01 00:00:00',0,1,0,1),(197746,130,'CLIENT CONFIRMé à FACTURER','formation messenger ','2022-12-12 09:00:00','2022-12-12 12:30:00',210,'SOFEMA','Christelle SILVESTRO','Chez le client','','','MMI',0,0,0,'0','0','','pweb','2022-11-29 09:01:09',48,'csilvestro@ipogestion.com','','0000-01-01 00:00:00',0,1,0,1),(197747,130,'PRéPARATION INTERNE','','2022-12-01 09:00:00','2022-12-01 18:00:00',540,'LYRA NETWORK - prépa form DATA','Christelle SILVESTRO','Site','','','NAH',0,0,0,'0','0','','pweb','2022-11-29 09:00:53',48,'csilvestro@ipogestion.com','AAMkAGVkNDEzZWM3LTFjZjctNGUyMy04YjlmLWMxZDEzYmM3OGY1NwBGAAAAAAAT2lMUIvriT5oL+rR5JPKhBwAX55wmmweBR4r58YNehJ6QAAAAAAENAAAX55wmmweBR4r58YNehJ6QAADKFGfqAAA=','0000-01-01 00:00:00',0,0,0,0),(197751,120,'ADMINISTRATIF','vu avec KUA ','2022-11-29 09:00:00','2022-11-29 12:30:00',210,'télétravail','','Site','','','',0,0,0,'0','0','','pweb','2022-11-29 09:07:41',53,'','AAMkADBiMWJmZTgzLTIwZTctNGI1My1hMTM5LWNiOGNhNDlkOTEyNgBGAAAAAAB0yBwiEDztRJvyTpeeVBHOBwAkxMIindVgTZs/Ry+BexkfAAAAAAENAAAkxMIindVgTZs/Ry+BexkfAADKMVOiAAA=','0000-01-01 00:00:00',0,0,0,0),(197752,109,'HOT LINE','','2022-11-29 09:00:00','2022-11-29 18:00:00',540,'HL','','Domicile','','','',0,0,0,'0','0','','pweb','2022-11-29 09:11:10',29,'','AAMkADgyOTVhODczLWJhYTMtNDFmYS1iMzA1LTZlMmNkNTA5YjE4YwBGAAAAAABv+s4MHCPvSKn3bzZFSjxnBwBhq94yqym9To5d4N5wua1sAAAAAAENAABhq94yqym9To5d4N5wua1sAADKbX8QAAA=','0000-01-01 00:00:00',0,0,0,0),(197754,96,'RDV FOURNISSEUR','Nouvelles conditions','2022-12-20 10:00:00','2022-12-20 12:00:00',120,'EBP','','Site','','','',0,0,0,'0','0','','pweb','2022-11-29 09:26:13',20,'','AAMkADcyYzIxNmIxLTU1NTktNDJjMC04YzA3LWU0ZGUyNWU4MGI0NQBGAAAAAABnCUoq4HLRQJ2xvn47ztcaBwBDV6PGlQKbQL4cZLvwh7e+AAAAAAENAABDV6PGlQKbQL4cZLvwh7e+AADKiBsuAAA=','0000-01-01 00:00:00',0,0,0,0),(197755,139,'CLIENT CONFIRMé à FACTURER','paramétrage tableau Excel sur les nomenclature  ','2022-11-30 09:00:00','2022-11-30 18:00:00',540,'MBT SAS','','domicile ','','','NAH',0,0,0,'0','0','','pweb','2022-11-29 09:27:58',57,'','AAMkAGU1Y2VlYmE5LTVlNjktNDI4Ni05ODA1LWIzYjM5NjlkNjEwYgBGAAAAAADSQ9YO3A4iRaGsv7COBMjnBwA7eNr3FTBFQJoZT7SG52pyAAAAAAENAAA7eNr3FTBFQJoZT7SG52pyAACb3bJlAAA=','0000-01-01 00:00:00',0,0,0,0),(197756,99,'ADMINISTRATIF','','2022-11-29 08:30:00','2022-11-29 09:00:00',30,'barriere prestataire','','Site','','','',0,0,0,'0','0','','pweb','2022-11-29 09:29:44',22,'','AAMkAGYwNmQxNDVjLTFkNTYtNDQxYS1iYjBhLWE1YzNiNDhjMzhiMgBGAAAAAAA/a9LtIBKVQ7ckbPPs9ihQBwDkrtac860BRqd738LSqm8oAAAAAAENAADkrtac860BRqd738LSqm8oAADKc6tWAAA=','0000-01-01 00:00:00',0,0,0,0),(197757,96,'RDV FOURNISSEUR','Club Partenaires','2022-12-06 11:00:00','2022-12-06 11:30:00',30,'OPENBEE','','Visio','','','',0,0,0,'0','0','','pweb','2022-11-29 09:31:31',20,'','AAMkADcyYzIxNmIxLTU1NTktNDJjMC04YzA3LWU0ZGUyNWU4MGI0NQBGAAAAAABnCUoq4HLRQJ2xvn47ztcaBwBDV6PGlQKbQL4cZLvwh7e+AAAAAAENAABDV6PGlQKbQL4cZLvwh7e+AADKiBswAAA=','0000-01-01 00:00:00',0,0,0,0),(197758,88,'CLIENT CONFIRMé à FACTURER','','2022-12-05 14:00:00','2022-12-05 18:00:00',240,'BARIERE MAJV8 SQL','','Site','','','',0,0,0,'0','0','','pweb','2022-11-29 09:38:38',22,'','AAMkAGM0NWVlOWI0LTMyNDEtNGIyNy05M2NjLWY4YWUyZmIxYmJiOQBGAAAAAAA45mr8625NRpPTVyMqC4wrBwCXLRRMHdZfTJHY9m5US0y2AAAAAAENAACXLRRMHdZfTJHY9m5US0y2AADKbBZ2AAA=','0000-01-01 00:00:00',0,0,0,0),(197760,100,'CLIENT CONFIRMé à FACTURER','','2022-12-07 09:00:00','2022-12-07 12:30:00',210,'barriere intalle paie','','Site','','','',0,0,0,'0','0','','pweb','2022-11-29 09:39:27',22,'','AAMkAGNlYzA5YTgyLWRmOGQtNDRiMC1hYjIxLTRjNWRlZTU2NjhkMQBGAAAAAADD5an7Su/eRLn+Ayc0TWfFBwAAwSzjY0KpTJ5UVCDzNEAtAAAAAAENAAAAwSzjY0KpTJ5UVCDzNEAtAADKLtvZAAA=','0000-01-01 00:00:00',0,0,0,0),(197761,136,'CLIENT CONFIRMé à FACTURER','','2022-12-08 09:00:00','2022-12-08 18:00:00',540,'BARIERE MAJV8','','Site','','','',0,0,0,'0','0','','pweb','2022-11-29 09:39:52',22,'','AAMkADYzOWJiZTZjLTg0ODMtNDJkYS1iNGEzLWI0NDJlMzcxYmE0NABGAAAAAADEmMYJ+glaTbasMX4PPgh4BwC/oMp3Do8SQ7RFMSu+XBO4AAAAAAENAAC/oMp3Do8SQ7RFMSu+XBO4AADJ++QHAAA=','0000-01-01 00:00:00',0,0,0,0),(197762,136,'CLIENT CONFIRMé à FACTURER','','2022-12-09 09:00:00','2022-12-09 12:30:00',210,'BARIERE MAJV8','','Site','','','',0,0,0,'0','0','','pweb','2022-11-29 09:40:07',22,'','AAMkADYzOWJiZTZjLTg0ODMtNDJkYS1iNGEzLWI0NDJlMzcxYmE0NABGAAAAAADEmMYJ+glaTbasMX4PPgh4BwC/oMp3Do8SQ7RFMSu+XBO4AAAAAAENAAC/oMp3Do8SQ7RFMSu+XBO4AADJ++QJAAA=','0000-01-01 00:00:00',0,0,0,0),(197764,88,'CLIENT CONFIRMé à FACTURER','','2022-12-06 09:00:00','2022-12-06 12:30:00',210,'barriere récup bases paie','','Site','','','',0,0,0,'0','0','','pweb','2022-11-29 09:42:00',17,'','AAMkAGM0NWVlOWI0LTMyNDEtNGIyNy05M2NjLWY4YWUyZmIxYmJiOQBGAAAAAAA45mr8625NRpPTVyMqC4wrBwCXLRRMHdZfTJHY9m5US0y2AAAAAAENAACXLRRMHdZfTJHY9m5US0y2AADKbBZ6AAA=','0000-01-01 00:00:00',0,0,0,0),(197765,100,'CLIENT CONFIRMé à FACTURER','','2022-12-06 14:00:00','2022-12-06 18:00:00',240,'barriere intalle paie','','Site','','','',0,0,0,'0','0','','pweb','2022-11-29 09:42:08',17,'','AAMkAGNlYzA5YTgyLWRmOGQtNDRiMC1hYjIxLTRjNWRlZTU2NjhkMQBGAAAAAADD5an7Su/eRLn+Ayc0TWfFBwAAwSzjY0KpTJ5UVCDzNEAtAAAAAAENAAAAwSzjY0KpTJ5UVCDzNEAtAADKLtvcAAA=','0000-01-01 00:00:00',0,0,0,0),(197766,121,'CLIENT INTERVENTION FACTURéE','création de la société atome ','2022-11-09 09:00:00','2022-11-09 13:00:00',240,'ATOME ELECTRICITE','','prise en mains a distance','','','MMI',0,0,0,'0','0','','pweb','2022-11-29 10:08:23',55,'','','0000-01-01 00:00:00',0,0,0,0),(197767,121,'CLIENT INTERVENTION FACTURéE','SAGE 50 COMPTA ','2022-11-09 14:00:00','2022-11-09 17:30:00',210,'WHITE NET ','','Site','','','',0,0,0,'0','0','','pweb','2022-11-29 10:08:28',55,'','','0000-01-01 00:00:00',0,0,0,1),(197768,109,'CLIENT INTERVENTION FACTURéE','','2022-11-14 09:00:00','2022-11-14 12:30:00',210,'SERCOZ','','Domicile','','FA220964','',0,0,0,'0','0','','pweb','2022-11-29 10:23:54',55,'','AAMkADgyOTVhODczLWJhYTMtNDFmYS1iMzA1LTZlMmNkNTA5YjE4YwBGAAAAAABv+s4MHCPvSKn3bzZFSjxnBwBhq94yqym9To5d4N5wua1sAAAAAAENAABhq94yqym9To5d4N5wua1sAADKbX8UAAA=','0000-01-01 00:00:00',0,0,0,0),(197769,109,'CLIENT INTERVENTION FACTURéE','','2022-11-15 09:00:00','2022-11-15 12:30:00',210,'SERCOZ','','Chez le client','','FA220964','',0,0,0,'0','0','','pweb','2022-11-29 10:24:00',55,'','AAMkADgyOTVhODczLWJhYTMtNDFmYS1iMzA1LTZlMmNkNTA5YjE4YwBGAAAAAABv+s4MHCPvSKn3bzZFSjxnBwBhq94yqym9To5d4N5wua1sAAAAAAENAABhq94yqym9To5d4N5wua1sAADKbX8WAAA=','0000-01-01 00:00:00',0,0,0,0),(197772,130,'CLIENT CONFIRMé à FACTURER','','2022-12-05 09:00:00','2022-12-05 18:00:00',540,'LYRA - J22  - J1/2 Form DATA','Christelle SILVESTRO','Chez le client','','','NAH',0,0,0,'0','0','','pweb','2022-11-29 10:36:59',23,'csilvestro@ipogestion.com','AAMkAGVkNDEzZWM3LTFjZjctNGUyMy04YjlmLWMxZDEzYmM3OGY1NwBGAAAAAAAT2lMUIvriT5oL+rR5JPKhBwAX55wmmweBR4r58YNehJ6QAAAAAAENAAAX55wmmweBR4r58YNehJ6QAADKFGfwAAA=','0000-01-01 00:00:00',0,0,0,1),(197773,130,'CLIENT CONFIRMé à FACTURER','','2022-12-06 09:00:00','2022-12-06 18:00:00',540,'LYRA - J23- J2/2 Form DATA','Christelle SILVESTRO','Chez le client','','','NAH',0,0,0,'0','0','','pweb','2022-11-29 10:37:14',23,'csilvestro@ipogestion.com','AAMkAGVkNDEzZWM3LTFjZjctNGUyMy04YjlmLWMxZDEzYmM3OGY1NwBGAAAAAAAT2lMUIvriT5oL+rR5JPKhBwAX55wmmweBR4r58YNehJ6QAAAAAAENAAAX55wmmweBR4r58YNehJ6QAADKFGfyAAA=','0000-01-01 00:00:00',0,0,0,1),(197775,130,'CLIENT CONFIRMé à FACTURER','','2022-12-13 09:00:00','2022-12-13 18:00:00',540,'LYRA J24 - J1/2 Form BDR gr1','Christelle SILVESTRO','Chez le client','','','NAH',0,0,0,'0','0','','pweb','2022-11-29 10:37:52',23,'csilvestro@ipogestion.com','AAMkAGVkNDEzZWM3LTFjZjctNGUyMy04YjlmLWMxZDEzYmM3OGY1NwBGAAAAAAAT2lMUIvriT5oL+rR5JPKhBwAX55wmmweBR4r58YNehJ6QAAAAAAENAAAX55wmmweBR4r58YNehJ6QAADKFGf2AAA=','0000-01-01 00:00:00',0,0,0,1),(197776,130,'CLIENT CONFIRMé à FACTURER','','2022-12-16 09:00:00','2022-12-16 18:00:00',540,'LYRA - J25 J2/2 Form BDR gr2','Christelle SILVESTRO','Chez le client','','','NAH',0,0,0,'0','0','','pweb','2022-11-29 10:38:15',23,'csilvestro@ipogestion.com','AAMkAGVkNDEzZWM3LTFjZjctNGUyMy04YjlmLWMxZDEzYmM3OGY1NwBGAAAAAAAT2lMUIvriT5oL+rR5JPKhBwAX55wmmweBR4r58YNehJ6QAAAAAAENAAAX55wmmweBR4r58YNehJ6QAADKFGf4AAA=','0000-01-01 00:00:00',0,0,0,1),(197777,130,'CLIENT INTERVENTION FACTURéE','- penser à faire émarger ;)','2022-11-21 09:00:00','2022-11-21 18:00:00',540,'SOFEMA','','Chez le client','ACCOMPAGNEMENT MIGRATION DES ETAT BUILDER','FA220333','MMI',0,0,0,'0','0','','pweb','2022-11-29 10:39:58',55,'','','0000-01-01 00:00:00',0,1,0,1),(197778,130,'CLIENT INTERVENTION FACTURéE','','2022-11-28 09:00:00','2022-11-28 18:00:00',540,'SOFEMA','Christelle SILVESTRO','Chez le client','','','MMI',0,0,0,'0','0','','pweb','2022-11-29 10:40:08',55,'csilvestro@ipogestion.com','','0000-01-01 00:00:00',0,1,0,1),(197781,103,'PRé-PLANNING CLIENT(PRéVISION)','','2022-12-02 09:00:00','2022-12-02 13:00:00',240,'CGM 1/1','','Chez le client','','','MMI',0,0,0,'0','0','','pweb','2022-11-29 10:43:43',19,'','AAMkAGVkNGQ3NTFhLWM1MDMtNDI2Mi1hMWI2LWYzNDFlYmI4M2IzYgBGAAAAAAAl36Az9NpWQJb/JWF3ty1hBwAaCCvIoN9oQa6kt/xRv4UrAAAAAAENAAAaCCvIoN9oQa6kt/xRv4UrAADKAcJBAAA=','0000-01-01 00:00:00',0,0,0,0),(197783,100,'CLIENT INTERVENTION FACTURéE','mis sur rapport déjà existant\nje ne sais pas si cela doit être facturé','2022-11-07 16:45:00','2022-11-07 17:15:00',30,'FONGECIF Suite Paramétrage Intermittent cf descrip','','dom','','FA220334','',0,0,0,'0','0','','pweb','2022-11-29 10:46:36',55,'','AAMkAGNlYzA5YTgyLWRmOGQtNDRiMC1hYjIxLTRjNWRlZTU2NjhkMQBGAAAAAADD5an7Su/eRLn+Ayc0TWfFBwAAwSzjY0KpTJ5UVCDzNEAtAAAAAAENAAAAwSzjY0KpTJ5UVCDzNEAtAADKLtveAAA=','0000-01-01 00:00:00',0,0,0,0),(197786,103,'PRéPARATION INTERNE','','2022-11-29 09:00:00','2022-11-29 09:30:00',30,'SELECTOUR AFAT','','domicile','','','',0,0,0,'0','0','','pweb','2022-11-29 10:47:55',19,'','AAMkAGVkNGQ3NTFhLWM1MDMtNDI2Mi1hMWI2LWYzNDFlYmI4M2IzYgBGAAAAAAAl36Az9NpWQJb/JWF3ty1hBwAaCCvIoN9oQa6kt/xRv4UrAAAAAAENAAAaCCvIoN9oQa6kt/xRv4UrAADKAcJGAAA=','0000-01-01 00:00:00',0,0,0,0),(197787,103,'CLIENT CONFIRMé à FACTURER','','2022-11-25 11:00:00','2022-11-25 14:00:00',180,'SELECTOUR AFAT 0.5/1.5','','domicile','','','NAH',0,0,0,'0','0','','pweb','2022-11-29 10:48:11',19,'','AAMkAGVkNGQ3NTFhLWM1MDMtNDI2Mi1hMWI2LWYzNDFlYmI4M2IzYgBGAAAAAAAl36Az9NpWQJb/JWF3ty1hBwAaCCvIoN9oQa6kt/xRv4UrAAAAAAENAAAaCCvIoN9oQa6kt/xRv4UrAADKAcJIAAA=','0000-01-01 00:00:00',0,0,0,0),(197788,103,'CLIENT CONFIRMé à FACTURER','','2022-11-28 09:00:00','2022-11-28 13:00:00',240,'SELECTOUR AFAT 1/1.5','','domicile','','','NAH',0,0,0,'0','0','','pweb','2022-11-29 10:48:41',19,'','AAMkAGVkNGQ3NTFhLWM1MDMtNDI2Mi1hMWI2LWYzNDFlYmI4M2IzYgBGAAAAAAAl36Az9NpWQJb/JWF3ty1hBwAaCCvIoN9oQa6kt/xRv4UrAAAAAAENAAAaCCvIoN9oQa6kt/xRv4UrAADKAcJKAAA=','0000-01-01 00:00:00',0,0,0,0),(197789,103,'PRé-PLANNING CLIENT(PRéVISION)','','2022-12-01 09:00:00','2022-12-01 13:00:00',240,'SELECTOUR AFAT 1.5/1.5','','domicile','','','NAH',0,0,0,'0','0','','pweb','2022-11-29 10:48:53',19,'','AAMkAGVkNGQ3NTFhLWM1MDMtNDI2Mi1hMWI2LWYzNDFlYmI4M2IzYgBGAAAAAAAl36Az9NpWQJb/JWF3ty1hBwAaCCvIoN9oQa6kt/xRv4UrAAAAAAENAAAaCCvIoN9oQa6kt/xRv4UrAADKAcJMAAA=','0000-01-01 00:00:00',0,0,0,0),(197790,103,'PRé-PLANNING CLIENT(PRéVISION)','','2022-12-02 09:00:00','2022-12-02 13:00:00',240,'CGM 0.5/1','','Chez le client','','','MMI',0,0,0,'0','0','','pweb','2022-11-29 10:49:00',19,'','AAMkAGVkNGQ3NTFhLWM1MDMtNDI2Mi1hMWI2LWYzNDFlYmI4M2IzYgBGAAAAAAAl36Az9NpWQJb/JWF3ty1hBwAaCCvIoN9oQa6kt/xRv4UrAAAAAAENAAAaCCvIoN9oQa6kt/xRv4UrAADKAcJOAAA=','0000-01-01 00:00:00',0,0,0,0),(197791,95,'CLIENT CONFIRMé à FACTURER','','2022-12-02 09:00:00','2022-12-02 11:00:00',120,'ASO : menage plan comptable','','Site','','','',0,0,0,'0','0','','pweb','2022-11-29 10:50:19',23,'','AAMkADJhM2VmY2UzLTUwZDYtNDAyZi04NjdjLWZjNDgyZmRjM2RlZQBGAAAAAADv7QybVK9+RqLiREztfJdjBwDZPAeSWD4IS4TSnPjZIENbAAAAAAENAADZPAeSWD4IS4TSnPjZIENbAADKEIIJAAA=','0000-01-01 00:00:00',0,0,0,0),(197792,103,'CLIENT INTERVENTION FACTURéE','Remonter les balances de CEGID\nLaure Rivals Comptable Tél : 04.68.10.10.01\n','2022-11-08 10:30:00','2022-11-08 13:00:00',150,'AZENCO MyR Data Ess','','Domicile','','FA220335','NAH',0,0,0,'0','0','','pweb','2022-11-29 10:55:54',55,'','AAMkAGVkNGQ3NTFhLWM1MDMtNDI2Mi1hMWI2LWYzNDFlYmI4M2IzYgBGAAAAAAAl36Az9NpWQJb/JWF3ty1hBwAaCCvIoN9oQa6kt/xRv4UrAAAAAAENAAAaCCvIoN9oQa6kt/xRv4UrAADKAcJPAAA=','0000-01-01 00:00:00',0,0,0,0),(197793,103,'CLIENT INTERVENTION FACTURéE','Remonter les balances de CEGID\nLaure Rivals Comptable Tél : 04.68.10.10.01\n','2022-11-10 10:00:00','2022-11-10 13:00:00',180,'AZENCO MyR Data Ess','','Domicile','','FA220335','NAH',0,0,0,'0','0','','pweb','2022-11-29 10:56:08',55,'','AAMkAGVkNGQ3NTFhLWM1MDMtNDI2Mi1hMWI2LWYzNDFlYmI4M2IzYgBGAAAAAAAl36Az9NpWQJb/JWF3ty1hBwAaCCvIoN9oQa6kt/xRv4UrAAAAAAENAAAaCCvIoN9oQa6kt/xRv4UrAADKAcJQAAA=','0000-01-01 00:00:00',0,0,0,0),(197794,103,'CLIENT INTERVENTION FACTURéE','Point téléphonique sur avancement tableau final','2022-11-15 14:30:00','2022-11-15 15:00:00',30,'AZENCO suite','','domicile','','FA220335','',0,0,0,'0','0','','pweb','2022-11-29 10:56:22',55,'','AAMkAGVkNGQ3NTFhLWM1MDMtNDI2Mi1hMWI2LWYzNDFlYmI4M2IzYgBGAAAAAAAl36Az9NpWQJb/JWF3ty1hBwAaCCvIoN9oQa6kt/xRv4UrAAAAAAENAAAaCCvIoN9oQa6kt/xRv4UrAADKAcJSAAA=','0000-01-01 00:00:00',0,0,0,0),(197795,103,'CLIENT INTERVENTION FACTURéE','','2022-11-29 09:30:00','2022-11-29 10:30:00',60,'AZENCO finlaisation','','domicile','','FA220335','NAH',0,0,0,'0','0','','pweb','2022-11-29 10:56:47',55,'','AAMkAGVkNGQ3NTFhLWM1MDMtNDI2Mi1hMWI2LWYzNDFlYmI4M2IzYgBGAAAAAAAl36Az9NpWQJb/JWF3ty1hBwAaCCvIoN9oQa6kt/xRv4UrAAAAAAENAAAaCCvIoN9oQa6kt/xRv4UrAADKAcJUAAA=','0000-01-01 00:00:00',0,0,0,0),(197796,109,'HOT LINE','Accès suivant instructions CREAPLI','2022-11-29 10:10:00','2022-11-29 10:55:00',45,'EMP','','Domicile','','','',0,0,0,'0','0','','pweb','2022-11-29 10:58:12',29,'','AAMkADgyOTVhODczLWJhYTMtNDFmYS1iMzA1LTZlMmNkNTA5YjE4YwBGAAAAAABv+s4MHCPvSKn3bzZFSjxnBwBhq94yqym9To5d4N5wua1sAAAAAAENAABhq94yqym9To5d4N5wua1sAADKbX8YAAA=','0000-01-01 00:00:00',0,0,0,0),(197797,138,'RDV COM PROSPECT','Analyse et chiffrage Codial\nvoir mail + tickets projet ','2022-12-09 09:30:00','2022-12-09 10:30:00',60,'CYCLE PASCAL ET MICHAEL ','','Site','','','',0,0,0,'0','0','','pweb','2022-11-29 11:23:41',53,'','AAMkADJkYmFmZTllLTIzMmMtNDEyYS05ZDYwLWVlYzZiNjAxODE5ZgBGAAAAAADg4fgzYuStR6wZOdHvE1X6BwB5RUoIPRWaSawTbqy1Do0pAAAAAAENAAB5RUoIPRWaSawTbqy1Do0pAACeb8uqAAA=','0000-01-01 00:00:00',0,0,0,0),(197798,88,'CLIENT CONFIRMé à FACTURER','installation SQL ','2022-12-09 09:00:00','2022-12-09 12:30:00',210,'MICHEL PIOCH','','Site','MMI-2204-0010','','MMI',0,0,0,'0','0','','pweb','2022-11-29 11:38:22',22,'','','0000-01-01 00:00:00',0,1,0,0),(197799,100,'CLIENT CONFIRMé à FACTURER','récupération de la base pour  effectuer les tests de migration ','2022-12-07 09:00:00','2022-12-07 12:30:00',210,'MICHEL PIOCH','','Site','MMI-2204-0010','','MMI',0,0,0,'0','0','','pweb','2022-11-29 11:38:36',22,'','','0000-01-01 00:00:00',0,1,0,0),(197800,100,'CLIENT CONFIRMé à FACTURER','migration + mise à jour sage paie ','2022-12-12 09:00:00','2022-12-12 17:30:00',510,'MICHEL PIOCH','','Site',' MMI-2204-0010','','MMI',0,0,0,'0','0','','pweb','2022-11-29 11:38:52',22,'','','0000-01-01 00:00:00',0,1,0,0),(197801,96,'RDV COM PROSPECT','Avec S. AUGUY','2022-12-13 09:00:00','2022-12-13 18:00:00',540,'PROXIWASH','','Chez le client','','','',0,0,0,'0','0','','pweb','2022-11-29 11:46:15',20,'','AAMkADcyYzIxNmIxLTU1NTktNDJjMC04YzA3LWU0ZGUyNWU4MGI0NQBGAAAAAABnCUoq4HLRQJ2xvn47ztcaBwBDV6PGlQKbQL4cZLvwh7e+AAAAAAENAABDV6PGlQKbQL4cZLvwh7e+AADKiBsyAAA=','0000-01-01 00:00:00',0,0,0,0),(197802,135,'ADMINISTRATIF','devis reprise contrat ','2022-12-06 09:00:00','2022-12-06 10:00:00',60,'amvb','','Site','','','',0,0,0,'0','0','','pweb','2022-11-29 11:48:25',53,'','AAMkADg3NDBkNmEzLTgzNTQtNGI5ZS1hY2I1LTU3ZGJiNGU1NzIyYwBGAAAAAAAPGVdudg4tQKQuF2kQygegBwBy5ggk/cvUSIDwOyBHzIBBAAAAAAENAABy5ggk/cvUSIDwOyBHzIBBAADKd2qCAAA=','0000-01-01 00:00:00',0,0,0,0),(197803,135,'ADMINISTRATIF','devis reprise de contrat','2022-12-06 10:00:00','2022-12-06 11:00:00',60,'cycle pascal et micheal ','','Site','','','',0,0,0,'0','0','','pweb','2022-11-29 11:49:09',53,'','AAMkADg3NDBkNmEzLTgzNTQtNGI5ZS1hY2I1LTU3ZGJiNGU1NzIyYwBGAAAAAAAPGVdudg4tQKQuF2kQygegBwBy5ggk/cvUSIDwOyBHzIBBAAAAAAENAABy5ggk/cvUSIDwOyBHzIBBAADKd2qDAAA=','0000-01-01 00:00:00',0,0,0,0),(197804,135,'ADMINISTRATIF','devis prestations codial ','2022-12-06 14:00:00','2022-12-06 15:00:00',60,'aux toques du bocal ','','Site','','','',0,0,0,'0','0','','pweb','2022-11-29 11:49:38',53,'','AAMkADg3NDBkNmEzLTgzNTQtNGI5ZS1hY2I1LTU3ZGJiNGU1NzIyYwBGAAAAAAAPGVdudg4tQKQuF2kQygegBwBy5ggk/cvUSIDwOyBHzIBBAAAAAAENAABy5ggk/cvUSIDwOyBHzIBBAADKd2qEAAA=','0000-01-01 00:00:00',0,0,0,0),(197805,97,'ADMINISTRATIF','','2022-11-29 09:00:00','2022-11-29 11:00:00',120,'formation Lyra+ aso inter','','télétravail','','','',0,0,0,'0','0','','pweb','2022-11-29 11:50:59',23,'','AAMkADhhOTJmOGYwLWMzNDUtNDk5ZC1hMmIwLWIwZmE1NTllMTJjNwBGAAAAAADSZGNdz8qRSL2Er7FuD10bBwBGCwXsybUsR6/U2FYpC4lpAAAAAAENAABGCwXsybUsR6/U2FYpC4lpAADKWSYlAAA=','0000-01-01 00:00:00',0,0,0,0),(197806,99,'RDV COM PROSPECT','','2022-11-30 15:00:00','2022-11-30 16:00:00',60,'OLIVIER GIRORD /TAT BNI suite','','Domicile','','','',0,1,0,'0','0','','pweb','2022-11-29 12:08:37',22,'','AAMkAGYwNmQxNDVjLTFkNTYtNDQxYS1iYjBhLWE1YzNiNDhjMzhiMgBGAAAAAAA/a9LtIBKVQ7ckbPPs9ihQBwDkrtac860BRqd738LSqm8oAAAAAAENAADkrtac860BRqd738LSqm8oAADKc6tYAAA=','0000-01-01 00:00:00',0,0,0,0),(197807,99,'RDV COM PROSPECT','VISIO','2022-11-30 15:00:00','2022-11-30 16:00:00',60,'OLIVIER GIRORD /TAT BNI suite','','Domicile','','','',0,0,0,'0','0','','pweb','2022-11-29 12:08:45',22,'','AAMkAGYwNmQxNDVjLTFkNTYtNDQxYS1iYjBhLWE1YzNiNDhjMzhiMgBGAAAAAAA/a9LtIBKVQ7ckbPPs9ihQBwDkrtac860BRqd738LSqm8oAAAAAAENAADkrtac860BRqd738LSqm8oAADKc6tZAAA=','0000-01-01 00:00:00',0,0,0,0),(197808,122,'RDV COM PROSPECT','Gabrielle Perrouin  212 av rayulonbd naves toulouse','2022-11-29 13:00:00','2022-11-29 15:00:00',120,'centre de gestion du stress','','toulouse','','','',0,0,0,'0','0','','pweb','2022-11-29 12:08:51',22,'','','0000-01-01 00:00:00',0,0,0,0),(197809,88,'PRé-PLANNING CLIENT(PRéVISION)','sql ','2023-01-17 09:00:00','2023-01-17 18:00:00',540,'IMAGIN\'EXPO','','Site','','','MMI',0,0,0,'0','0','','pweb','2022-11-29 12:08:38',41,'','','0000-01-01 00:00:00',0,1,0,0),(197810,95,'PRé-PLANNING CLIENT(PRéVISION)','mise a jour v8 ','2023-01-18 09:00:00','2023-01-18 18:00:00',540,'IMAGIN\'EXPO','','Site','','','MMI',0,0,4715,'d3','d1','','pweb','2022-11-29 12:09:58',41,'','','0000-01-01 00:00:00',0,1,0,0),(197811,95,'PRé-PLANNING CLIENT(PRéVISION)','mise a jour v8 ','2023-01-19 09:00:00','2023-01-19 18:00:00',540,'IMAGIN\'EXPO','','Site','','','MMI',0,0,4715,'d3','d1','','pweb','2022-11-29 12:09:58',41,'','','0000-01-01 00:00:00',0,1,0,0),(197812,95,'PRé-PLANNING CLIENT(PRéVISION)','mise a jour v8 ','2023-01-20 09:00:00','2023-01-20 18:00:00',540,'IMAGIN\'EXPO','','Site','','','MMI',0,0,4715,'d3','d1','','pweb','2022-11-29 12:09:58',41,'','','0000-01-01 00:00:00',0,1,0,0),(197813,95,'PRé-PLANNING CLIENT(PRéVISION)','secours mis a jour v8','2023-01-23 09:00:00','2023-01-23 18:00:00',540,'IMAGIN\'EXPO','','Site','','','MMI',0,0,0,'0','0','','pweb','2022-11-29 12:10:25',41,'','','0000-01-01 00:00:00',0,1,0,0),(197814,95,'PRé-PLANNING CLIENT(PRéVISION)','secours mis a jour v8','2023-01-23 09:00:00','2023-01-23 18:00:00',540,'IMAGIN\'EXPO','','Site','','','MMI',0,0,0,'0','0','','pweb','2022-11-29 12:10:27',41,'','','0000-01-01 00:00:00',0,1,0,0),(197815,95,'PRé-PLANNING CLIENT(PRéVISION)','formation Présentation des nouveautés v8 gesco compta et moyens de paiement.','2023-01-26 09:00:00','2023-01-26 18:00:00',540,'IMAGIN\'EXPO','','Site','','','MMI',0,0,4717,'d2','d1','','pweb','2022-11-29 12:13:48',41,'','','0000-01-01 00:00:00',0,1,0,1),(197816,95,'PRé-PLANNING CLIENT(PRéVISION)','formation Présentation des nouveautés v8 gesco compta et moyens de paiement.','2023-01-27 09:00:00','2023-01-27 18:00:00',540,'IMAGIN\'EXPO','','Site','','','MMI',0,0,4717,'d2','d1','','pweb','2022-11-29 12:13:48',41,'','','0000-01-01 00:00:00',0,1,0,1),(197817,129,'CLIENT RéSERVé-DEVIS NON SIGNé','','2022-12-02 09:00:00','2022-12-02 18:00:00',540,'ANNEXE ','','Site','','','',0,0,0,'0','0','','pweb','2022-11-29 12:24:31',23,'','AAMkADZjMjJhZTliLTUyODItNDZmMC1iODc3LThhMDVhODQ0YjBlNQBGAAAAAADFzSHYpkMQTJz6Gl1VESeHBwATXq0bl1nMSbXR+6tg7nFmAAAAAAENAAATXq0bl1nMSbXR+6tg7nFmAADKGh3bAAA=','0000-01-01 00:00:00',0,0,0,0),(197818,88,'CLIENT RéSERVé-DEVIS NON SIGNé','','2022-12-01 09:00:00','2022-12-01 18:00:00',540,'ANNEXE','','Site','','','',0,0,0,'0','0','','pweb','2022-11-29 12:24:38',23,'','AAMkAGM0NWVlOWI0LTMyNDEtNGIyNy05M2NjLWY4YWUyZmIxYmJiOQBGAAAAAAA45mr8625NRpPTVyMqC4wrBwCXLRRMHdZfTJHY9m5US0y2AAAAAAENAACXLRRMHdZfTJHY9m5US0y2AADKbBZ7AAA=','0000-01-01 00:00:00',0,0,0,0),(197819,88,'CLIENT RéSERVé-DEVIS NON SIGNé','','2022-12-02 09:00:00','2022-12-02 18:00:00',540,'ANNEXE','','Site','','','',0,0,0,'0','0','','pweb','2022-11-29 12:24:46',23,'','AAMkAGM0NWVlOWI0LTMyNDEtNGIyNy05M2NjLWY4YWUyZmIxYmJiOQBGAAAAAAA45mr8625NRpPTVyMqC4wrBwCXLRRMHdZfTJHY9m5US0y2AAAAAAENAACXLRRMHdZfTJHY9m5US0y2AADKbBZ9AAA=','0000-01-01 00:00:00',0,0,0,0),(197820,136,'CLIENT RéSERVé-DEVIS NON SIGNé','','2022-12-05 09:00:00','2022-12-05 18:00:00',540,'ANNEXE ','','Site','','','',0,0,0,'0','0','','pweb','2022-11-29 12:24:53',23,'','AAMkADYzOWJiZTZjLTg0ODMtNDJkYS1iNGEzLWI0NDJlMzcxYmE0NABGAAAAAADEmMYJ+glaTbasMX4PPgh4BwC/oMp3Do8SQ7RFMSu+XBO4AAAAAAENAAC/oMp3Do8SQ7RFMSu+XBO4AADJ++QLAAA=','0000-01-01 00:00:00',0,0,0,0),(197821,129,'CLIENT RéSERVé-DEVIS NON SIGNé','','2022-12-05 09:00:00','2022-12-05 18:00:00',540,'ANNEXE','','Site','','','',0,0,0,'0','0','','pweb','2022-11-29 12:25:00',23,'','AAMkADZjMjJhZTliLTUyODItNDZmMC1iODc3LThhMDVhODQ0YjBlNQBGAAAAAADFzSHYpkMQTJz6Gl1VESeHBwATXq0bl1nMSbXR+6tg7nFmAAAAAAENAAATXq0bl1nMSbXR+6tg7nFmAADKGh3dAAA=','0000-01-01 00:00:00',0,0,0,0),(197822,129,'CLIENT RéSERVé-DEVIS NON SIGNé','','2022-12-06 09:00:00','2022-12-06 18:00:00',540,'ANNEXE','','Site','','','',0,0,0,'0','0','','pweb','2022-11-29 12:25:13',23,'','AAMkADZjMjJhZTliLTUyODItNDZmMC1iODc3LThhMDVhODQ0YjBlNQBGAAAAAADFzSHYpkMQTJz6Gl1VESeHBwATXq0bl1nMSbXR+6tg7nFmAAAAAAENAAATXq0bl1nMSbXR+6tg7nFmAADKGh3fAAA=','0000-01-01 00:00:00',0,0,0,0),(197823,136,'CLIENT RéSERVé-DEVIS NON SIGNé','','2022-12-06 09:00:00','2022-12-06 18:00:00',540,'ANNEXE ','','Site','','','',0,0,0,'0','0','','pweb','2022-11-29 12:25:19',23,'','AAMkADYzOWJiZTZjLTg0ODMtNDJkYS1iNGEzLWI0NDJlMzcxYmE0NABGAAAAAADEmMYJ+glaTbasMX4PPgh4BwC/oMp3Do8SQ7RFMSu+XBO4AAAAAAENAAC/oMp3Do8SQ7RFMSu+XBO4AADJ++QNAAA=','0000-01-01 00:00:00',0,0,0,0),(197824,95,'CLIENT RéSERVé-DEVIS NON SIGNé','','2022-12-07 09:00:00','2022-12-07 18:00:00',540,'ANNEXE ? secour','','Site','','','',0,1,0,'0','0','','pweb','2022-11-29 12:25:25',23,'','AAMkADJhM2VmY2UzLTUwZDYtNDAyZi04NjdjLWZjNDgyZmRjM2RlZQBGAAAAAADv7QybVK9+RqLiREztfJdjBwDZPAeSWD4IS4TSnPjZIENbAAAAAAENAADZPAeSWD4IS4TSnPjZIENbAADKEIILAAA=','0000-01-01 00:00:00',0,0,0,0),(197825,136,'CLIENT RéSERVé-DEVIS NON SIGNé','','2022-12-07 09:00:00','2022-12-07 18:00:00',540,'ANNEXE ? secour','','Site','','','',0,0,0,'0','0','','pweb','2022-11-29 12:26:21',23,'','AAMkADYzOWJiZTZjLTg0ODMtNDJkYS1iNGEzLWI0NDJlMzcxYmE0NABGAAAAAADEmMYJ+glaTbasMX4PPgh4BwC/oMp3Do8SQ7RFMSu+XBO4AAAAAAENAAC/oMp3Do8SQ7RFMSu+XBO4AADJ++QPAAA=','0000-01-01 00:00:00',0,0,0,0),(197826,95,'HOT LINE','','2022-12-07 09:00:00','2022-12-07 18:00:00',540,'HL + aide ANNEX si BESOIN','','Site','','','',0,0,0,'0','0','','pweb','2022-11-29 12:26:21',23,'','AAMkADJhM2VmY2UzLTUwZDYtNDAyZi04NjdjLWZjNDgyZmRjM2RlZQBGAAAAAADv7QybVK9+RqLiREztfJdjBwDZPAeSWD4IS4TSnPjZIENbAAAAAAENAADZPAeSWD4IS4TSnPjZIENbAADKEIINAAA=','0000-01-01 00:00:00',0,0,0,0),(197829,139,'CLIENT CONFIRMé à FACTURER','1jour','2022-12-16 09:00:00','2022-12-16 18:00:00',540,'DE NARDI/ formation  compta','','Site','','','',0,0,0,'0','0','','pweb','2022-11-29 14:26:41',41,'','AAMkAGU1Y2VlYmE5LTVlNjktNDI4Ni05ODA1LWIzYjM5NjlkNjEwYgBGAAAAAADSQ9YO3A4iRaGsv7COBMjnBwA7eNr3FTBFQJoZT7SG52pyAAAAAAENAAA7eNr3FTBFQJoZT7SG52pyAACb3bJrAAA=','0000-01-01 00:00:00',0,0,0,1),(197830,139,'CLIENT CONFIRMé à FACTURER','0.5','2022-12-15 14:00:00','2022-12-15 17:30:00',210,'DE NARDI/ formation point de vente','','cahors','','','',0,0,0,'0','0','','pweb','2022-11-29 14:27:10',41,'','AAMkAGU1Y2VlYmE5LTVlNjktNDI4Ni05ODA1LWIzYjM5NjlkNjEwYgBGAAAAAADSQ9YO3A4iRaGsv7COBMjnBwA7eNr3FTBFQJoZT7SG52pyAAAAAAENAAA7eNr3FTBFQJoZT7SG52pyAACb3bJtAAA=','0000-01-01 00:00:00',0,0,0,1),(197831,139,'CLIENT CONFIRMé à FACTURER','1.5','2022-12-15 09:00:00','2022-12-15 12:30:00',210,'DE NARDI/ formation gesco','','cahors','','','',0,0,0,'0','0','','pweb','2022-11-29 14:27:25',41,'','AAMkAGU1Y2VlYmE5LTVlNjktNDI4Ni05ODA1LWIzYjM5NjlkNjEwYgBGAAAAAADSQ9YO3A4iRaGsv7COBMjnBwA7eNr3FTBFQJoZT7SG52pyAAAAAAENAAA7eNr3FTBFQJoZT7SG52pyAACb3bJvAAA=','0000-01-01 00:00:00',0,0,0,1),(197832,139,'CLIENT CONFIRMé à FACTURER','1.5','2022-12-14 09:00:00','2022-12-14 18:00:00',540,'DE NARDI/ formation gesco','','cahors','','','',0,0,0,'0','0','','pweb','2022-11-29 14:27:57',41,'','AAMkAGU1Y2VlYmE5LTVlNjktNDI4Ni05ODA1LWIzYjM5NjlkNjEwYgBGAAAAAADSQ9YO3A4iRaGsv7COBMjnBwA7eNr3FTBFQJoZT7SG52pyAAAAAAENAAA7eNr3FTBFQJoZT7SG52pyAACb3bJxAAA=','0000-01-01 00:00:00',0,0,0,1),(197833,138,'CLIENT INTERVENTION FACTURéE','Déménagement point dossier + Modification utilisateurs','2022-11-15 09:00:00','2022-11-15 10:00:00',60,'MHP','','Site','','FA220968','NAH',0,0,0,'0','0','','pweb','2022-11-29 14:31:17',55,'','AAMkADJkYmFmZTllLTIzMmMtNDEyYS05ZDYwLWVlYzZiNjAxODE5ZgBGAAAAAADg4fgzYuStR6wZOdHvE1X6BwB5RUoIPRWaSawTbqy1Do0pAAAAAAENAAB5RUoIPRWaSawTbqy1Do0pAACeb8usAAA=','0000-01-01 00:00:00',0,0,0,0),(197834,136,'CLIENT CONFIRMé à FACTURER','','2022-12-02 14:00:00','2022-12-02 16:00:00',120,'BELLOC','','Site','','','MMI',0,0,0,'0','0','','pweb','2022-11-29 14:30:54',54,'','AAMkADYzOWJiZTZjLTg0ODMtNDJkYS1iNGEzLWI0NDJlMzcxYmE0NABGAAAAAADEmMYJ+glaTbasMX4PPgh4BwC/oMp3Do8SQ7RFMSu+XBO4AAAAAAENAAC/oMp3Do8SQ7RFMSu+XBO4AADJ++QQAAA=','0000-01-01 00:00:00',0,0,0,0),(197835,100,'PRé-PLANNING CLIENT(PRéVISION)','','2022-12-08 09:00:00','2022-12-08 12:30:00',210,'DASILVA','','Site','','','',0,0,0,'0','0','','pweb','2022-11-29 14:42:42',23,'','AAMkAGNlYzA5YTgyLWRmOGQtNDRiMC1hYjIxLTRjNWRlZTU2NjhkMQBGAAAAAADD5an7Su/eRLn+Ayc0TWfFBwAAwSzjY0KpTJ5UVCDzNEAtAAAAAAENAAAAwSzjY0KpTJ5UVCDzNEAtAADKLtvfAAA=','0000-01-01 00:00:00',0,0,0,0),(197836,100,'CLIENT CONFIRMé à FACTURER','','2022-12-01 09:00:00','2022-12-01 12:30:00',210,'GRUISSAN mise a jour paie','','Site','','','',0,0,0,'0','0','','pweb','2022-11-29 14:46:26',8,'','AAMkAGNlYzA5YTgyLWRmOGQtNDRiMC1hYjIxLTRjNWRlZTU2NjhkMQBGAAAAAADD5an7Su/eRLn+Ayc0TWfFBwAAwSzjY0KpTJ5UVCDzNEAtAAAAAAENAAAAwSzjY0KpTJ5UVCDzNEAtAADKLtvgAAA=','0000-01-01 00:00:00',0,0,0,0),(197837,88,'CLIENT INTERVENTION FACTURéE','Mise à jour SQl Express 2012','2022-11-29 09:00:00','2022-11-29 12:30:00',210,'OFFICE DE TOURISME DE GRUISSAN','','Site','','FA220336','NAH',0,0,0,'0','0','','pweb','2022-11-29 14:49:16',55,'','','0000-01-01 00:00:00',0,1,0,0),(197838,100,'HOT LINE','','2022-12-01 14:00:00','2022-12-01 18:00:00',240,'HL','','Site','','','',0,0,4643,'m3','d1','','pweb','2022-11-29 14:49:21',17,'','AAMkAGNlYzA5YTgyLWRmOGQtNDRiMC1hYjIxLTRjNWRlZTU2NjhkMQBGAAAAAADD5an7Su/eRLn+Ayc0TWfFBwAAwSzjY0KpTJ5UVCDzNEAtAAAAAAENAAAAwSzjY0KpTJ5UVCDzNEAtAADKLtviAAA=','0000-01-01 00:00:00',0,0,0,0),(197839,100,'PRé-PLANNING CLIENT(PRéVISION)','mise a jour paie v5.20','2022-12-01 14:00:00','2022-12-01 17:30:00',210,'UNION SERVICES LANGUEDOC','','Site','ref devis KUA-2211-0041','','MMI',0,0,0,'0','0','','pweb','2022-11-29 14:49:29',17,'','','0000-01-01 00:00:00',0,1,0,0),(197840,120,'ADMINISTRATIF','- 3 Sessions de formation a finaliser + plan et quiz\n- devis signés, a valider \n-','2022-11-29 13:00:00','2022-11-29 15:30:00',150,'DE NARDI /GMS46  GEIQ 46','','Site','','','',0,0,0,'0','0','','pweb','2022-11-29 14:54:39',41,'','','0000-01-01 00:00:00',0,1,0,0),(197842,97,'ADMINISTRATIF','','2022-11-29 13:30:00','2022-11-29 15:30:00',120,'FIN LYRA +suite paie','','télétravail','','','',0,0,0,'0','0','','pweb','2022-11-29 15:05:34',23,'','AAMkADhhOTJmOGYwLWMzNDUtNDk5ZC1hMmIwLWIwZmE1NTllMTJjNwBGAAAAAADSZGNdz8qRSL2Er7FuD10bBwBGCwXsybUsR6/U2FYpC4lpAAAAAAENAABGCwXsybUsR6/U2FYpC4lpAADKWSYnAAA=','0000-01-01 00:00:00',0,0,0,0),(197843,97,'ADMINISTRATIF','','2022-11-29 11:00:00','2022-11-29 12:30:00',90,'Validation et prbl facture','','télétravail','','','',0,0,0,'0','0','','pweb','2022-11-29 15:06:06',23,'','AAMkADhhOTJmOGYwLWMzNDUtNDk5ZC1hMmIwLWIwZmE1NTllMTJjNwBGAAAAAADSZGNdz8qRSL2Er7FuD10bBwBGCwXsybUsR6/U2FYpC4lpAAAAAAENAABGCwXsybUsR6/U2FYpC4lpAADKWSYpAAA=','0000-01-01 00:00:00',0,0,0,0),(197844,97,'ADMINISTRATIF','','2022-11-28 09:00:00','2022-11-28 17:00:00',480,'DEVIS PAIE +PIOCH+PLANNING ....','','Site','','','',0,0,0,'0','0','','pweb','2022-11-29 15:06:24',23,'','AAMkADhhOTJmOGYwLWMzNDUtNDk5ZC1hMmIwLWIwZmE1NTllMTJjNwBGAAAAAADSZGNdz8qRSL2Er7FuD10bBwBGCwXsybUsR6/U2FYpC4lpAAAAAAENAABGCwXsybUsR6/U2FYpC4lpAADKWSYqAAA=','0000-01-01 00:00:00',0,0,0,0),(197848,95,'CLIENT INTER REPORTéE AU ...','Le 25/11/22, GLE : Vu avec SCN, reporté sur 2023','2022-12-12 09:00:00','2022-12-12 18:00:00',540,'SERIGNAC (Migration 100c V8','','Site','','','NAH',0,0,0,'0','0','','pweb','2022-11-29 15:39:41',13,'','AAMkADJhM2VmY2UzLTUwZDYtNDAyZi04NjdjLWZjNDgyZmRjM2RlZQBGAAAAAADv7QybVK9+RqLiREztfJdjBwDZPAeSWD4IS4TSnPjZIENbAAAAAAENAADZPAeSWD4IS4TSnPjZIENbAADKEIIZAAA=','0000-01-01 00:00:00',0,0,0,0),(197849,95,'CLIENT INTER REPORTéE AU ...','Le 25/11/22, GLE : Vu avec SCN, reporté sur 2023','2022-12-13 09:00:00','2022-12-13 18:00:00',540,'SERIGNAC (Migration 100c V8)','','Site','','','NAH',0,0,0,'0','0','','pweb','2022-11-29 15:39:51',13,'','AAMkADJhM2VmY2UzLTUwZDYtNDAyZi04NjdjLWZjNDgyZmRjM2RlZQBGAAAAAADv7QybVK9+RqLiREztfJdjBwDZPAeSWD4IS4TSnPjZIENbAAAAAAENAADZPAeSWD4IS4TSnPjZIENbAADKEIIcAAA=','0000-01-01 00:00:00',0,0,0,0),(197850,95,'CLIENT INTER REPORTéE AU ...','Le 25/11/22, GLE : Vu avec SCN, reporté sur 2023','2022-12-14 09:00:00','2022-12-14 18:00:00',540,'SERIGNAC (Migration 100c V8)','','Site','','','NAH',0,0,0,'0','0','','pweb','2022-11-29 15:39:59',13,'','AAMkADJhM2VmY2UzLTUwZDYtNDAyZi04NjdjLWZjNDgyZmRjM2RlZQBGAAAAAADv7QybVK9+RqLiREztfJdjBwDZPAeSWD4IS4TSnPjZIENbAAAAAAENAADZPAeSWD4IS4TSnPjZIENbAADKEIIfAAA=','0000-01-01 00:00:00',0,0,0,0),(197852,96,'ADMINISTRATIF','','2022-12-06 09:00:00','2022-12-06 10:30:00',90,'sotel-point scn','','Site','','','',2044,1,0,'0','0','','pweb','2022-11-29 16:15:21',23,'','AAMkADcyYzIxNmIxLTU1NTktNDJjMC04YzA3LWU0ZGUyNWU4MGI0NQBGAAAAAABnCUoq4HLRQJ2xvn47ztcaBwBDV6PGlQKbQL4cZLvwh7e+AAAAAAENAABDV6PGlQKbQL4cZLvwh7e+AADKiBszAAA=','0000-01-01 00:00:00',0,0,0,0),(197853,97,'ADMINISTRATIF','','2022-12-06 09:00:00','2022-12-06 10:30:00',90,'sotel-point scn','','Site','','','',2044,1,0,'0','0','','pweb','2022-11-29 16:15:21',23,'','AAMkADhhOTJmOGYwLWMzNDUtNDk5ZC1hMmIwLWIwZmE1NTllMTJjNwBGAAAAAADSZGNdz8qRSL2Er7FuD10bBwBGCwXsybUsR6/U2FYpC4lpAAAAAAENAABGCwXsybUsR6/U2FYpC4lpAADKWSYrAAA=','0000-01-01 00:00:00',0,0,0,0),(197854,97,'ADMINISTRATIF','','2022-12-05 09:00:00','2022-12-05 10:00:00',60,'ETAIRMED tICKET + sotel','','Site','','','',2045,0,0,'0','0','','pweb','2022-11-29 16:16:03',23,'','AAMkADhhOTJmOGYwLWMzNDUtNDk5ZC1hMmIwLWIwZmE1NTllMTJjNwBGAAAAAADSZGNdz8qRSL2Er7FuD10bBwBGCwXsybUsR6/U2FYpC4lpAAAAAAENAABGCwXsybUsR6/U2FYpC4lpAADKWSYsAAA=','0000-01-01 00:00:00',0,0,0,0),(197855,96,'ADMINISTRATIF','','2022-12-05 09:00:00','2022-12-05 10:00:00',60,'ETAIRMED tICKET + sotel','','Site','','','',2045,0,0,'0','0','','pweb','2022-11-29 16:16:03',23,'','AAMkADcyYzIxNmIxLTU1NTktNDJjMC04YzA3LWU0ZGUyNWU4MGI0NQBGAAAAAABnCUoq4HLRQJ2xvn47ztcaBwBDV6PGlQKbQL4cZLvwh7e+AAAAAAENAABDV6PGlQKbQL4cZLvwh7e+AADKiBs0AAA=','0000-01-01 00:00:00',0,0,0,0),(197856,88,'HOT LINE','Paie\nL autre pharmacie (technique)','2022-11-29 14:00:00','2022-11-29 16:00:00',120,'hl divrers','','Site','','','',0,0,0,'0','0','','pweb','2022-11-29 16:20:26',8,'','','0000-01-01 00:00:00',0,1,0,0),(197857,97,'ADMINISTRATIF','','2022-12-01 10:00:00','2022-12-01 11:00:00',60,'RELANCE PAIEb+ TSM','','Site','','','',0,0,0,'0','0','','pweb','2022-11-29 16:27:40',23,'','AAMkADhhOTJmOGYwLWMzNDUtNDk5ZC1hMmIwLWIwZmE1NTllMTJjNwBGAAAAAADSZGNdz8qRSL2Er7FuD10bBwBGCwXsybUsR6/U2FYpC4lpAAAAAAENAABGCwXsybUsR6/U2FYpC4lpAADKWSYuAAA=','0000-01-01 00:00:00',0,0,0,0),(197859,136,'RDV CLIENT','rdv pour faire le point sur serveur sage et les bdd suite à la demande du 23 /08/2022\n001-00-071147- RDV REPORTÉ','2022-11-29 11:00:00','2022-11-29 12:30:00',90,'HALLEDELAMACH - RDV REPORTÉ','','Site','','','MMI',0,0,0,'0','0','','pweb','2022-11-29 16:31:11',54,'','AAMkADYzOWJiZTZjLTg0ODMtNDJkYS1iNGEzLWI0NDJlMzcxYmE0NABGAAAAAADEmMYJ+glaTbasMX4PPgh4BwC/oMp3Do8SQ7RFMSu+XBO4AAAAAAENAAC/oMp3Do8SQ7RFMSu+XBO4AADJ++QUAAA=','0000-01-01 00:00:00',0,0,0,0),(197861,100,'RéCUPéRATION','','2023-01-05 09:00:00','2023-01-05 18:00:00',540,'R','','','','','',0,0,4719,'d2','d1','','pweb','2022-11-29 16:35:36',17,'','AAMkAGNlYzA5YTgyLWRmOGQtNDRiMC1hYjIxLTRjNWRlZTU2NjhkMQBGAAAAAADD5an7Su/eRLn+Ayc0TWfFBwAAwSzjY0KpTJ5UVCDzNEAtAAAAAAENAAAAwSzjY0KpTJ5UVCDzNEAtAADKLtvjAAA=','0000-01-01 00:00:00',0,0,0,0),(197862,100,'RéCUPéRATION','','2023-01-06 09:00:00','2023-01-06 18:00:00',540,'R','','','','','',0,0,4719,'d2','d1','','pweb','2022-11-29 16:35:37',17,'','AAMkAGNlYzA5YTgyLWRmOGQtNDRiMC1hYjIxLTRjNWRlZTU2NjhkMQBGAAAAAADD5an7Su/eRLn+Ayc0TWfFBwAAwSzjY0KpTJ5UVCDzNEAtAAAAAAENAAAAwSzjY0KpTJ5UVCDzNEAtAADKLtvkAAA=','0000-01-01 00:00:00',0,0,0,0),(197864,100,'RéCUPéRATION','','2023-01-09 09:00:00','2023-01-09 18:00:00',540,'R','','','','','',0,0,0,'0','0','','pweb','2022-11-29 16:36:16',17,'','AAMkAGNlYzA5YTgyLWRmOGQtNDRiMC1hYjIxLTRjNWRlZTU2NjhkMQBGAAAAAADD5an7Su/eRLn+Ayc0TWfFBwAAwSzjY0KpTJ5UVCDzNEAtAAAAAAENAAAAwSzjY0KpTJ5UVCDzNEAtAADKLtvmAAA=','0000-01-01 00:00:00',0,0,0,0),(197865,135,'ADMINISTRATIF','','2022-12-05 10:00:00','2022-12-05 12:00:00',120,'CREA\'AUCH ','','Site','','','',0,0,0,'0','0','','pweb','2022-11-29 16:49:01',53,'','AAMkADg3NDBkNmEzLTgzNTQtNGI5ZS1hY2I1LTU3ZGJiNGU1NzIyYwBGAAAAAAAPGVdudg4tQKQuF2kQygegBwBy5ggk/cvUSIDwOyBHzIBBAAAAAAENAABy5ggk/cvUSIDwOyBHzIBBAADKd2qGAAA=','0000-01-01 00:00:00',0,0,0,0),(197866,135,'ADMINISTRATIF','appeler mme liot pour point sur le devis ','2022-12-07 15:00:00','2022-12-07 16:00:00',60,'fleurons de lomagne tel ','','Site','','','',0,0,0,'0','0','','pweb','2022-11-29 16:49:31',53,'','AAMkADg3NDBkNmEzLTgzNTQtNGI5ZS1hY2I1LTU3ZGJiNGU1NzIyYwBGAAAAAAAPGVdudg4tQKQuF2kQygegBwBy5ggk/cvUSIDwOyBHzIBBAAAAAAENAABy5ggk/cvUSIDwOyBHzIBBAADKd2qIAAA=','0000-01-01 00:00:00',0,0,0,0),(197867,137,'ADMINISTRATIF','','2022-12-13 18:30:00','2022-12-13 22:30:00',240,'NOEL','','les temps moderne BLAGNAC','','','',2046,0,0,'0','0','','pweb','2022-11-29 16:49:06',23,'','AAMkADFjYjg4NjY4LWEyNDItNDFhNy05ODJkLTg5MzIzNTBjZWM2ZABGAAAAAAC68kTZ2D3rTo/mvbSaTmVdBwADDVRw2IipSZoWtvWBliNLAAAAAAENAAADDVRw2IipSZoWtvWBliNLAADKCO2wAAA=','0000-01-01 00:00:00',0,0,0,0),(197868,120,'ADMINISTRATIF','','2022-12-13 18:30:00','2022-12-13 22:30:00',240,'NOEL','','les temps moderne BLAGNAC','','','',2046,0,0,'0','0','','pweb','2022-11-29 16:49:06',23,'','AAMkADBiMWJmZTgzLTIwZTctNGI1My1hMTM5LWNiOGNhNDlkOTEyNgBGAAAAAAB0yBwiEDztRJvyTpeeVBHOBwAkxMIindVgTZs/Ry+BexkfAAAAAAENAAAkxMIindVgTZs/Ry+BexkfAADKMVOjAAA=','0000-01-01 00:00:00',0,0,0,0),(197869,135,'ADMINISTRATIF','','2022-12-13 18:30:00','2022-12-13 22:30:00',240,'NOEL','','les temps moderne BLAGNAC','','','',2046,0,0,'0','0','','pweb','2022-11-29 16:49:06',23,'','AAMkADg3NDBkNmEzLTgzNTQtNGI5ZS1hY2I1LTU3ZGJiNGU1NzIyYwBGAAAAAAAPGVdudg4tQKQuF2kQygegBwBy5ggk/cvUSIDwOyBHzIBBAAAAAAENAABy5ggk/cvUSIDwOyBHzIBBAADKd2qJAAA=','0000-01-01 00:00:00',0,0,0,0),(197870,99,'ADMINISTRATIF','','2022-12-13 18:30:00','2022-12-13 22:30:00',240,'NOEL','','les temps moderne BLAGNAC','','','',2046,0,0,'0','0','','pweb','2022-11-29 16:49:06',23,'','AAMkAGYwNmQxNDVjLTFkNTYtNDQxYS1iYjBhLWE1YzNiNDhjMzhiMgBGAAAAAAA/a9LtIBKVQ7ckbPPs9ihQBwDkrtac860BRqd738LSqm8oAAAAAAENAADkrtac860BRqd738LSqm8oAADKc6taAAA=','0000-01-01 00:00:00',0,0,0,0),(197871,96,'ADMINISTRATIF','','2022-12-13 18:30:00','2022-12-13 22:30:00',240,'NOEL','','les temps moderne BLAGNAC','','','',2046,0,0,'0','0','','pweb','2022-11-29 16:49:06',23,'','AAMkADcyYzIxNmIxLTU1NTktNDJjMC04YzA3LWU0ZGUyNWU4MGI0NQBGAAAAAABnCUoq4HLRQJ2xvn47ztcaBwBDV6PGlQKbQL4cZLvwh7e+AAAAAAENAABDV6PGlQKbQL4cZLvwh7e+AADKiBs1AAA=','0000-01-01 00:00:00',0,0,0,0),(197872,97,'ADMINISTRATIF','','2022-12-13 18:30:00','2022-12-13 22:30:00',240,'NOEL','','les temps moderne BLAGNAC','','','',2046,0,0,'0','0','','pweb','2022-11-29 16:49:06',23,'','AAMkADhhOTJmOGYwLWMzNDUtNDk5ZC1hMmIwLWIwZmE1NTllMTJjNwBGAAAAAADSZGNdz8qRSL2Er7FuD10bBwBGCwXsybUsR6/U2FYpC4lpAAAAAAENAABGCwXsybUsR6/U2FYpC4lpAADKWSYvAAA=','0000-01-01 00:00:00',0,0,0,0),(197873,95,'ADMINISTRATIF','','2022-12-13 18:30:00','2022-12-13 22:30:00',240,'NOEL','','les temps moderne BLAGNAC','','','',2046,0,0,'0','0','','pweb','2022-11-29 16:49:06',23,'','AAMkADJhM2VmY2UzLTUwZDYtNDAyZi04NjdjLWZjNDgyZmRjM2RlZQBGAAAAAADv7QybVK9+RqLiREztfJdjBwDZPAeSWD4IS4TSnPjZIENbAAAAAAENAADZPAeSWD4IS4TSnPjZIENbAADKEIIgAAA=','0000-01-01 00:00:00',0,0,0,0),(197874,136,'ADMINISTRATIF','','2022-12-13 18:30:00','2022-12-13 22:30:00',240,'NOEL','','les temps moderne BLAGNAC','','','',2046,0,0,'0','0','','pweb','2022-11-29 16:49:06',23,'','AAMkADYzOWJiZTZjLTg0ODMtNDJkYS1iNGEzLWI0NDJlMzcxYmE0NABGAAAAAADEmMYJ+glaTbasMX4PPgh4BwC/oMp3Do8SQ7RFMSu+XBO4AAAAAAENAAC/oMp3Do8SQ7RFMSu+XBO4AADJ++QWAAA=','0000-01-01 00:00:00',0,0,0,0),(197875,94,'ADMINISTRATIF','','2022-12-13 18:30:00','2022-12-13 22:30:00',240,'NOEL','','les temps moderne BLAGNAC','','','',2046,0,0,'0','0','','pweb','2022-11-29 16:49:06',23,'','AAMkADBiOGNhODdkLWE5YzQtNDNmYS05NDM3LTJmZmIzZDc5OWE0NwBGAAAAAADzUaQRt41DS5E3jiHkL2cBBwAFvDB1Lgp/SJlbtB4CIfylAAAAAAENAAAFvDB1Lgp/SJlbtB4CIfylAADKGzzIAAA=','0000-01-01 00:00:00',0,0,0,0),(197876,139,'ADMINISTRATIF','','2022-12-13 18:30:00','2022-12-13 22:30:00',240,'NOEL','','les temps moderne BLAGNAC','','','',2046,0,0,'0','0','','pweb','2022-11-29 16:49:06',23,'','AAMkAGU1Y2VlYmE5LTVlNjktNDI4Ni05ODA1LWIzYjM5NjlkNjEwYgBGAAAAAADSQ9YO3A4iRaGsv7COBMjnBwA7eNr3FTBFQJoZT7SG52pyAAAAAAENAAA7eNr3FTBFQJoZT7SG52pyAACb3bJyAAA=','0000-01-01 00:00:00',0,0,0,0),(197877,109,'ADMINISTRATIF','','2022-12-13 18:30:00','2022-12-13 22:30:00',240,'NOEL','','les temps moderne BLAGNAC','','','',2046,0,0,'0','0','','pweb','2022-11-29 16:49:06',23,'','AAMkADgyOTVhODczLWJhYTMtNDFmYS1iMzA1LTZlMmNkNTA5YjE4YwBGAAAAAABv+s4MHCPvSKn3bzZFSjxnBwBhq94yqym9To5d4N5wua1sAAAAAAENAABhq94yqym9To5d4N5wua1sAADKbX8ZAAA=','0000-01-01 00:00:00',0,0,0,0),(197878,138,'ADMINISTRATIF','','2022-12-13 18:30:00','2022-12-13 22:30:00',240,'NOEL','','les temps moderne BLAGNAC','','','',2046,0,0,'0','0','','pweb','2022-11-29 16:49:06',23,'','AAMkADJkYmFmZTllLTIzMmMtNDEyYS05ZDYwLWVlYzZiNjAxODE5ZgBGAAAAAADg4fgzYuStR6wZOdHvE1X6BwB5RUoIPRWaSawTbqy1Do0pAAAAAAENAAB5RUoIPRWaSawTbqy1Do0pAACeb8utAAA=','0000-01-01 00:00:00',0,0,0,0),(197879,104,'ADMINISTRATIF','','2022-12-13 18:30:00','2022-12-13 22:30:00',240,'NOEL','','les temps moderne BLAGNAC','','','',2046,0,0,'0','0','','pweb','2022-11-29 16:49:06',23,'','AQMkAGQ3NDUyZTY0LTJhZjEtNGYxYS1hZmUzLWRjNDQBOWZiNDQAYTIARgAAA0V6PpUVJ+BCjUL9vAJ1E1gHAMvs1VvXs0xKtztyC9Ut5QAAAwENAAAAy+zVW9ezTEq3O3IL1S3lAAABynFWOwAAAA==','0000-01-01 00:00:00',0,0,0,0),(197880,103,'ADMINISTRATIF','','2022-12-13 18:30:00','2022-12-13 22:30:00',240,'NOEL','','les temps moderne BLAGNAC','','','',2046,0,0,'0','0','','pweb','2022-11-29 16:49:06',23,'','AAMkAGVkNGQ3NTFhLWM1MDMtNDI2Mi1hMWI2LWYzNDFlYmI4M2IzYgBGAAAAAAAl36Az9NpWQJb/JWF3ty1hBwAaCCvIoN9oQa6kt/xRv4UrAAAAAAENAAAaCCvIoN9oQa6kt/xRv4UrAADKAcJVAAA=','0000-01-01 00:00:00',0,0,0,0),(197881,130,'ADMINISTRATIF','','2022-12-13 18:30:00','2022-12-13 22:30:00',240,'NOEL','','les temps moderne BLAGNAC','','','',2046,0,0,'0','0','','pweb','2022-11-29 16:49:06',23,'','AAMkAGVkNDEzZWM3LTFjZjctNGUyMy04YjlmLWMxZDEzYmM3OGY1NwBGAAAAAAAT2lMUIvriT5oL+rR5JPKhBwAX55wmmweBR4r58YNehJ6QAAAAAAENAAAX55wmmweBR4r58YNehJ6QAADKFGf5AAA=','0000-01-01 00:00:00',0,0,0,0),(197882,100,'ADMINISTRATIF','','2022-12-13 18:30:00','2022-12-13 22:30:00',240,'NOEL','','les temps moderne BLAGNAC','','','',2046,0,0,'0','0','','pweb','2022-11-29 16:49:06',23,'','AAMkAGNlYzA5YTgyLWRmOGQtNDRiMC1hYjIxLTRjNWRlZTU2NjhkMQBGAAAAAADD5an7Su/eRLn+Ayc0TWfFBwAAwSzjY0KpTJ5UVCDzNEAtAAAAAAENAAAAwSzjY0KpTJ5UVCDzNEAtAADKLtvoAAA=','0000-01-01 00:00:00',0,0,0,0),(197883,101,'ADMINISTRATIF','','2022-12-13 18:30:00','2022-12-13 22:30:00',240,'NOEL','','les temps moderne BLAGNAC','','','',2046,0,0,'0','0','','pweb','2022-11-29 16:49:06',23,'','AAMkADhiMjgzNDgxLTIzMzYtNDU5NC05ZjNjLTAwNjFmZWNkZTcwNgBGAAAAAAAy7j6EtR1nQbw1lhSaxYNwBwBulbax9m0/SYt3UHFz3XolAAAAAAENAABulbax9m0/SYt3UHFz3XolAADKG9X8AAA=','0000-01-01 00:00:00',0,0,0,0),(197884,102,'ADMINISTRATIF','','2022-12-13 18:30:00','2022-12-13 22:30:00',240,'NOEL','','les temps moderne BLAGNAC','','','',2046,0,0,'0','0','','pweb','2022-11-29 16:49:06',23,'','AAMkADY5OTdmMzIwLWIyY2QtNGU1ZS05OGY1LWRhZTg5YjdmODliMgBGAAAAAADNW40QK0XcRY1RoYAyABgzBwApk7EKZ3HORYyHDiarbQ5IAAAAAAENAAApk7EKZ3HORYyHDiarbQ5IAADJ9Y/YAAA=','0000-01-01 00:00:00',0,0,0,0),(197885,88,'ADMINISTRATIF','','2022-12-13 18:30:00','2022-12-13 22:30:00',240,'NOEL','','les temps moderne BLAGNAC','','','',2046,0,0,'0','0','','pweb','2022-11-29 16:49:06',23,'','AAMkAGM0NWVlOWI0LTMyNDEtNGIyNy05M2NjLWY4YWUyZmIxYmJiOQBGAAAAAAA45mr8625NRpPTVyMqC4wrBwCXLRRMHdZfTJHY9m5US0y2AAAAAAENAACXLRRMHdZfTJHY9m5US0y2AADKbBZ/AAA=','0000-01-01 00:00:00',0,0,0,0),(197887,138,'CLIENT CONFIRMé à FACTURER','Suite OI F1304-> F1609','2022-11-30 08:30:00','2022-11-30 10:30:00',120,'LAGARRIGUE','','Site','','','NAH',0,0,0,'0','0','','pweb','2022-11-29 16:53:08',56,'','AAMkADJkYmFmZTllLTIzMmMtNDEyYS05ZDYwLWVlYzZiNjAxODE5ZgBGAAAAAADg4fgzYuStR6wZOdHvE1X6BwB5RUoIPRWaSawTbqy1Do0pAAAAAAENAAB5RUoIPRWaSawTbqy1Do0pAACeb8uwAAA=','0000-01-01 00:00:00',0,0,0,0),(197888,137,'RTT','','2022-12-16 08:30:00','2022-12-16 17:00:00',510,'RTT','','Site','','','',0,1,0,'0','0','','pweb','2022-11-29 16:57:35',55,'','AAMkADFjYjg4NjY4LWEyNDItNDFhNy05ODJkLTg5MzIzNTBjZWM2ZABGAAAAAAC68kTZ2D3rTo/mvbSaTmVdBwADDVRw2IipSZoWtvWBliNLAAAAAAENAAADDVRw2IipSZoWtvWBliNLAADKCO2xAAA=','0000-01-01 00:00:00',0,0,0,0),(197890,95,'HOT LINE','','2022-11-29 17:20:00','2022-11-29 17:30:00',10,'MCI','','Site','','','',0,0,0,'0','0','','pweb','2022-11-29 17:30:56',13,'','AAMkADJhM2VmY2UzLTUwZDYtNDAyZi04NjdjLWZjNDgyZmRjM2RlZQBGAAAAAADv7QybVK9+RqLiREztfJdjBwDZPAeSWD4IS4TSnPjZIENbAAAAAAENAADZPAeSWD4IS4TSnPjZIENbAADKEIIjAAA=','0000-01-01 00:00:00',0,0,0,0),(197893,139,'ADMINISTRATIF','POINT PLAN DE FORMATION ET QUIZ','2022-11-30 10:30:00','2022-11-30 11:00:00',30,'DE NARDI /GMS46  GEIQ 46','','Site','','','',2047,0,0,'0','0','','pweb','2022-11-29 17:45:38',41,'','','0000-01-01 00:00:00',0,1,0,0),(197894,109,'ADMINISTRATIF','','2022-11-29 14:00:00','2022-11-29 18:00:00',240,'Suivi dossiers','','Domicile','','','',0,0,0,'0','0','','pweb','2022-11-29 17:46:10',29,'','AAMkADgyOTVhODczLWJhYTMtNDFmYS1iMzA1LTZlMmNkNTA5YjE4YwBGAAAAAABv+s4MHCPvSKn3bzZFSjxnBwBhq94yqym9To5d4N5wua1sAAAAAAENAABhq94yqym9To5d4N5wua1sAADKbX8aAAA=','0000-01-01 00:00:00',0,0,0,0),(197897,120,'ADMINISTRATIF','POINT DOSSIERS DIGIFORMA AVANT CERTIF ','2022-11-30 09:00:00','2022-11-30 10:30:00',90,'DIGIFORMA ','','télétravail','','','',0,0,0,'0','0','','pweb','2022-11-29 17:47:20',41,'','','0000-01-01 00:00:00',0,1,0,0),(197898,120,'ADMINISTRATIF','POINT PLAN DE FORMATION ET QUIZ','2022-11-30 10:30:00','2022-11-30 11:00:00',30,'DE NARDI /GMS46  GEIQ 46','','télétravail','','','',0,0,0,'0','0','','pweb','2022-11-29 17:47:30',41,'','','0000-01-01 00:00:00',0,1,0,0),(197899,120,'ADMINISTRATIF','DEVIS A FAIRE PARTIR UPTRADE STORMSHIELD','2022-11-30 11:00:00','2022-11-30 11:45:00',45,'IMMOTEK','','télétravail','','','MMI',0,0,0,'0','0','','pweb','2022-11-29 17:47:36',41,'','','0000-01-01 00:00:00',0,1,0,0),(197900,136,'CLIENT CONFIRMé à FACTURER','Urgence, ré-installation sage 100 compta + mdp + sage direct et paramétrage sage direct','2022-11-29 14:45:00','2022-11-29 19:00:00',255,'BRIANE ENVIRONNEMENT','','Site','','','NAH',0,0,0,'0','0','','pweb','2022-11-29 18:49:51',54,'','AAMkADYzOWJiZTZjLTg0ODMtNDJkYS1iNGEzLWI0NDJlMzcxYmE0NABGAAAAAADEmMYJ+glaTbasMX4PPgh4BwC/oMp3Do8SQ7RFMSu+XBO4AAAAAAENAAC/oMp3Do8SQ7RFMSu+XBO4AADJ++QYAAA=','0000-01-01 00:00:00',0,0,0,0);

--
-- Table structure for table `t_ressources`
--

CREATE TABLE `t_ressources` (
  `ID` int(11) NOT NULL AUTO_INCREMENT,
  `LIBELLE` varchar(50) NOT NULL,
  `ID_GROUPE` int(11) NOT NULL,
  `SOMMEIL` tinyint(4) NOT NULL DEFAULT '0',
  PRIMARY KEY (`ID`)
) ENGINE=InnoDB AUTO_INCREMENT=141 DEFAULT CHARSET=utf8;

--
-- Dumping data for table `t_ressources`
--

INSERT INTO `t_ressources` VALUES (78,'Clio Tech',0,0),(79,'Kangoo',0,0),(80,'Megane',0,0),(81,'Clio',0,0),(82,'206',0,0),(83,'Clio NAH',43,0),(84,'Salle de réunion',45,0),(85,'Vidéoprojecteur',44,0),(86,'David GARCIA',47,0),(87,'Hervé LION',47,0),(88,'Nadia CHAIB',37,0),(89,'Youri SVAHN',0,0),(90,'Julien ROSSET',47,0),(91,'Cyril BASTIANI',47,0),(92,'Jérôme GINESTY',47,0),(93,'Hélène LORANS',47,0),(94,'Amélie JEAN',39,0),(95,'Grégory LAMOTTE',49,0),(96,'Nicolas ABRAMOVITCH',40,0),(97,'Sophie CAVALLIN',40,0),(98,'Nathalie HERAULT',47,0),(99,'Méryl MARTI',40,0),(100,'Françoise TUXAGUES',41,0),(101,'Patricia CONQUET',41,0),(102,'Séverine MARTY',41,0),(103,'Béatrice FERREIRA',41,0),(104,'Christian TUXAGUES',42,0),(105,'Beatriz R. ALONSO',47,0),(106,'test',37,1),(107,'Amélie LOPES',47,0),(108,'Sarah CAMPANA',47,0),(109,'Joël RASOLO',39,0),(110,'Sylvain DELPEYROU',47,0),(111,'Franck FAURE',47,0),(112,'Thierry PRADELS',39,0),(113,'Anthony BRIOT',47,0),(114,'Patrick LENFANT',47,0),(115,'Christophe CONTINI',47,0),(116,'Thierry TROUILLEFOU',47,0),(117,'Aurèlie BAKUS',47,0),(118,'Julie DUSSER-LAUGE',47,0),(119,'Perline CHATRY',47,0),(120,'Katy UGAGLIA',40,0),(121,'Hi20 730',43,0),(122,'Hi20 717',43,0),(123,'Hi20 Tech 724',43,0),(124,'Murielle OUVRARD',47,0),(125,'Loic ROBIN',38,0),(126,'Alexis MOICHINE',47,0),(127,'Sandy AGARD',47,0),(128,'Evelyne BACH-LANNES',47,0),(129,'Antony ALVES',37,0),(130,'Christelle SILVESTRO',41,0),(131,'ZOOM licence1',45,0),(132,'Joël LAVERY',47,0),(133,'Riadh NASR',49,1),(134,'Virgine HERMILLON',49,0),(135,'Lucie VIDAILLAC',40,0),(136,'Raphael LEGARRERES',49,0),(137,'Charline FLORENTIN',50,0),(138,'Stéphane TREMOUSS',39,0),(139,'Florian LEVY',39,0),(140,'Sébastien KRIN',38,0);

--
-- Table structure for table `t_ressources_groupe`
--

CREATE TABLE `t_ressources_groupe` (
  `ID` int(11) NOT NULL AUTO_INCREMENT,
  `LIBELLE` varchar(25) NOT NULL,
  `ID_TYPE` int(11) NOT NULL,
  `COLOR_BCKG` varchar(7) NOT NULL,
  `COLOR_FONT` varchar(7) NOT NULL,
  PRIMARY KEY (`ID`)
) ENGINE=InnoDB AUTO_INCREMENT=51 DEFAULT CHARSET=utf8;

--
-- Dumping data for table `t_ressources_groupe`
--

INSERT INTO `t_ressources_groupe` VALUES (37,'SAD',30,'#648BAA','000000'),(38,'TECHNIQUE',30,'#6F2869','#000000'),(39,'CONSULTANT METIER',30,'#69A82F','000000'),(40,'COMMERCIAL',30,'#D49F00','000000'),(41,'IPO',30,'#95C11F','000000'),(42,'DIRECTION',30,'#f74a5e','000000'),(43,'TOUS',31,'#007a68','#ffffff'),(44,'TOUS',32,'#ffffff','#000000'),(45,'TOUTES',33,'ffffff','000000'),(46,'ADMINISTRATIF COMPTABLE',30,'#cf7d2a','0000000'),(47,'ANCIENS SALARIES',34,'#dddada','000000'),(49,'CONSULTANT GESTION',30,'#4b7821','#000000'),(50,'ADMINISTRATIF',30,'#cf7d2a','0000000');

--
-- Table structure for table `t_ressources_type`
--

CREATE TABLE `t_ressources_type` (
  `ID` int(11) NOT NULL AUTO_INCREMENT,
  `LIBELLE` varchar(25) NOT NULL,
  `HUMAIN` tinyint(1) NOT NULL DEFAULT '0',
  PRIMARY KEY (`ID`)
) ENGINE=InnoDB AUTO_INCREMENT=35 DEFAULT CHARSET=utf8;

--
-- Dumping data for table `t_ressources_type`
--

INSERT INTO `t_ressources_type` VALUES (30,'SALARIES',1),(31,'VEHICULES',0),(32,'MATERIEL',0),(33,'SALLES',0),(34,'ZONE INACTIVE',0);

--
-- Table structure for table `t_simulations`
--

CREATE TABLE `t_simulations` (
  `ID` int(11) NOT NULL AUTO_INCREMENT,
  `ID_CATEGORIE` int(11) DEFAULT NULL,
  `ID_ORGANISME` int(11) DEFAULT NULL,
  `ID_NIVEAU` int(11) DEFAULT NULL,
  `ANNEE` int(11) DEFAULT NULL,
  `SEXE` varchar(50) DEFAULT NULL,
  `PHASE` varchar(50) DEFAULT NULL,
  `LIBELLE` varchar(100) DEFAULT NULL,
  `COMMENTAIRES` varchar(300) DEFAULT NULL,
  `DATE_CREATION` datetime DEFAULT NULL,
  `ID_CREATEUR` int(11) DEFAULT NULL,
  `DATE_MAJ` datetime DEFAULT NULL,
  `ID_MAJ` int(11) DEFAULT NULL,
  `DATE_SOMMEIL` datetime DEFAULT NULL,
  `ID_SOMMEIL` int(11) DEFAULT NULL,
  `SOMMEIL` tinyint(1) NOT NULL DEFAULT '0',
  PRIMARY KEY (`ID`)
) ENGINE=InnoDB DEFAULT CHARSET=utf8;

--
-- Dumping data for table `t_simulations`
--


--
-- Table structure for table `t_simulations_categories`
--

CREATE TABLE `t_simulations_categories` (
  `ID` int(11) NOT NULL AUTO_INCREMENT,
  `ABREVIATION` varchar(50) DEFAULT NULL,
  `LIBELLE` varchar(250) DEFAULT NULL,
  `DATE_CREATION` datetime DEFAULT NULL,
  `ID_CREATEUR` int(11) DEFAULT NULL,
  `DATE_MAJ` datetime DEFAULT NULL,
  `ID_MAJ` int(11) DEFAULT NULL,
  `DATE_SOMMEIL` datetime DEFAULT NULL,
  `ID_SOMMEIL` int(11) DEFAULT NULL,
  `SOMMEIL` tinyint(1) NOT NULL DEFAULT '0',
  PRIMARY KEY (`ID`)
) ENGINE=InnoDB DEFAULT CHARSET=utf8;

--
-- Dumping data for table `t_simulations_categories`
--


--
-- Table structure for table `t_simulations_niveaux`
--

CREATE TABLE `t_simulations_niveaux` (
  `ID` int(11) NOT NULL AUTO_INCREMENT,
  `ABREVIATION` varchar(50) DEFAULT NULL,
  `LIBELLE` varchar(250) DEFAULT NULL,
  `DATE_CREATION` datetime DEFAULT NULL,
  `ID_CREATEUR` int(11) DEFAULT NULL,
  `DATE_MAJ` datetime DEFAULT NULL,
  `ID_MAJ` int(11) DEFAULT NULL,
  `DATE_SOMMEIL` datetime DEFAULT NULL,
  `ID_SOMMEIL` int(11) DEFAULT NULL,
  `SOMMEIL` tinyint(1) NOT NULL DEFAULT '0',
  PRIMARY KEY (`ID`)
) ENGINE=InnoDB DEFAULT CHARSET=utf8;

--
-- Dumping data for table `t_simulations_niveaux`
--


--
-- Table structure for table `t_simulations_organismes`
--

CREATE TABLE `t_simulations_organismes` (
  `ID` int(11) NOT NULL AUTO_INCREMENT,
  `ABREVIATION` varchar(50) DEFAULT NULL,
  `LIBELLE` varchar(250) DEFAULT NULL,
  `DATE_CREATION` datetime DEFAULT NULL,
  `ID_CREATEUR` int(11) DEFAULT NULL,
  `DATE_MAJ` datetime DEFAULT NULL,
  `ID_MAJ` int(11) DEFAULT NULL,
  `DATE_SOMMEIL` datetime DEFAULT NULL,
  `ID_SOMMEIL` int(11) DEFAULT NULL,
  `SOMMEIL` tinyint(1) NOT NULL DEFAULT '0',
  PRIMARY KEY (`ID`)
) ENGINE=InnoDB DEFAULT CHARSET=utf8;

--
-- Dumping data for table `t_simulations_organismes`
--


--
-- Table structure for table `t_simulations_trajets`
--

CREATE TABLE `t_simulations_trajets` (
  `ID` int(11) NOT NULL AUTO_INCREMENT,
  `ID_SIMULATION` int(11) NOT NULL,
  `ID_ETABLI_A` int(11) NOT NULL,
  `ID_ETABLI_B` int(11) NOT NULL DEFAULT '0',
  `DISTANCE` float DEFAULT NULL,
  `DUREE` float DEFAULT NULL,
  `DATE_CREATION` datetime DEFAULT NULL,
  `ID_CREATEUR` int(11) DEFAULT NULL,
  PRIMARY KEY (`ID`)
) ENGINE=InnoDB DEFAULT CHARSET=utf8;

--
-- Dumping data for table `t_simulations_trajets`
--


--
-- Table structure for table `t_sync`
--

CREATE TABLE `t_sync` (
  `ID` int(11) NOT NULL AUTO_INCREMENT,
  `ID_USER` int(11) NOT NULL,
  `SSYNC` text NOT NULL,
  PRIMARY KEY (`ID`)
) ENGINE=InnoDB AUTO_INCREMENT=44 DEFAULT CHARSET=utf8;

--
-- Dumping data for table `t_sync`
--

INSERT INTO `t_sync` VALUES (20,6,'H4sIAAAAAAAEAO29B2AcSZYlJi9tynt/SvVK1+B0oQiAYBMk2JBAEOzBiM3mkuwdaUcjKasqgcplVmVdZhZAzO2dvPfee++999577733ujudTif33/8/XGZkAWz2zkrayZ4hgKrIHz9+fB8/In6NX+PX+TXoOfjF+w+P9+/d3znePnlwfLC9f3xyb/vJyZOT7Wd7Tw5Onjx49vD+/Z1f8t3X49fXy+nrNmvzk2yZ1de/xqP3f/NZVc7y+mz2azx8/3d/Mq+bolr+Gofv/+p36f/1IqvfypCTX+PX+C3oa0WmzRcNWv4avzl9tUP/H6PNkz//f/+r//Xf/H9+8vefffrb/+nv/qi/5df8Nb73F/86f8lf/k9+7/gP/dP+j7/yD/8Pr397anT1g89+jV/j1/o1fhP6Pz2//q/xa7yjX744fnn2xfELfPJrPLv/7Cd/7V+j/7yk/x96f/+x9P9/NtKu+/zz/9767h/+8Df/Pf/4v/n3+h3/z9/r8Rvq7hV9/Gv+tp/+wr/uZQ9D9Exf/5r/1e/wO76Mvfrr/AZ/9svq1/yxX+sfL179Y//Ey1/r3z989a//Gy9f/pq/0a/9x538nr/2X/br/Xe/9r/2aya/9n/7X569/DV/41/zT/01f40n/+ev9fLX/DWf/PrZr/lbUas/49c8+zX/iV/z33/5a37nyW/569Lff8mv+bc++eW/1stXf+v/9bf9Gr/m3/bk1zt69Zv8li9f/tp/57/3n7/8NX/TX+uX/juv/sP/+Ml/+g++/LX/wP/zz3358tf4l/6b1f/xv/2Pv+T3/Kv+6t+/+vh/++8zwubX/rH/6dd78u3k5a/9Gz/b+jV/rSe/0bee/FbbT9J/8Mm3Hv+anz55+jO/5osn37/75PzXeRkdiqHCX/vzhwrdv0+TX+MP+n8Atrl56dQDAAA='),(21,11,'[encoded data, 11680 characters]'),(23,7,'H4sIAAAAAAAEAO29B2AcSZYlJi9tynt/SvVK1+B0oQiAYBMk2JBAEOzBiM3mkuwdaUcjKasqgcplVmVdZhZAzO2dvPfee++999577733ujudTif33/8/XGZkAWz2zkrayZ4hgKrIHz9+fB8/In6NX+PX+TXoOfjF+w+P9+/d3znePnlwfLC9f3xyb/vJyZOT7Wd7Tw5Onjx49vD+/Z1f8t3X49fXy+nrNmvzk2yZ1de/xqP3f/NZVc7y+mz2azx8/3d/Mq+bolr+Gofv/+p36f/1IqvfypCTX+PX+C3oa0WmzRcNWv4avzl9tUP/H6PNLyv/w3/j7/nV/+Xxn/wn/gl/13/wE3/af/pr/hrf+4t/nb/kL/8nv3f8h/5p/8df+Yf/h9e/PTX6dX/bz3+NX+PX+jV+E/o/Pb/+r/Fr/Ca/3q/xa3xx/PLsi+MX+OTXeHb/2U/+2r9G/7lDHx56f8/o77/g13J/Dz1/1B/0f//Zf/F/+0t+rz/nT/nd//Xf4c/9N/5meuUVffxr/raTP/ZfetnDED3T17/mf/vo13wZe/XX+TWXf/zlr/lr/dq/9e/1r/3av927/+jX/v3/ki9+7b/vz/w1f+1/d7b+tf73/NXR7/Hy5a/5a//au3/Bya91vXj1O/3OL3/tv3r5F/7a//Bnf+jLX/PX+bV/19/jT/21Hr559e//hy9/7eLv++W/9p/9r/2KX/tX/ZP/6stf89f9tX/zf+5v/7X/p6c/9fLX/PV+7d/g8z/k1774R8tf+w/8N/7eX/vP+i3+7l/7n/rd/qOXv+av/2v/hb/yr/21/85f/bf+Wv/i//3qn/ynX778tX+Df+PvfPUH/kEvf80f+7Wbf+dv+LX+0j/j1fUvfvlr/6v/5tGv/d/+0//my1/zN/y1f/3f5p/+tc//0n/x1/4z/s2//9f6X/+bV9t3Ca/f6Nf+eOtP+LW/+xtUv/a/+Jv9Vb/Wf/nbvfqH/xH69Df+tf6Kv/jJb3Hy8tf8q3/Nv+3V3/R3vPw1//ZX6S98+fLX+tv+5Cc/8WOvvvv7vvy1/rnf7NUf/IdQy9/01/pTP3v1k7/3k5/6/V9Nz1/Ny1/zF738tf/0kz/s1/4z/vQ/49f6M//XJ9Uf+vLX+rP+4Sd/wC95Upz9ms2TPzB5+Wv+Ob/mH/7k3/+Dn/xXP/7kf/rXn/zvv97LX/OPePJr/Lavfv3fkMD/7Y+f/Ia/7pOPfsOXv9bf+R+9+uonX/5a/9BfRbBf/tr/9O/yP/1a/8pf8+RnftdXf9if+OpP/3Oe/PmLJ3/Fb/Xkr7948nf/C0/+0d/21b/0r776t/7tJ//hg1f/5X/98tf6N5In/+Gnv+Z/8/LX+rd+iycnfydh+Nv+Wvt3nvxB//6TP/GnnvxZ//qv+Ze8+uv/lid/+2/45O/PX/5aL379V+Pdly9f/hr/0n+z+j/+t//xl/yef9Vf/ftXH/9v/31Gc/pr/xrpb/Hk1z4C9V//Or/mr/W9X+fVr/vrEYl/k9/md3jya46e/Ma/3qvf+rd5+Wv/pr/Zt578mr/yyW/46ZPf6urJL/iLnmz9Wk/2/9knR//Ok2//nU9e/2VPfv/f/cm8ePKL/pwnv3j25A/7/V/9iX/ykz93/9Vf+pdRhz/1ydZP/LV/6V/ynb/4v/mP/8frf/of/0N/7V/jt/nXf62f+OjJr/Wtl7/2V+Nfu8+CkLePf83rJ//lm1f/0y978iv/y5e/5g+e/FpfPfkNZ09+q1/nye/y1zy5860n93+dl1HuNIz9L/+IsX/E2P+fZezfNfk1/qD/B0OH/HBqBwAA'),(24,8,'H4sIAAAAAAAEAO29B2AcSZYlJi9tynt/SvVK1+B0oQiAYBMk2JBAEOzBiM3mkuwdaUcjKasqgcplVmVdZhZAzO2dvPfee++999577733ujudTif33/8/XGZkAWz2zkrayZ4hgKrIHz9+fB8/In6NX+PX+TXoOfjF+w+P9+/d3znePnlwfLC9f3xyb/vJyZOT7Wd7Tw5Onjx49vD+/Z1f8t3X49fXy+nrNmvzk2yZ1de/xqP3f/NZVc7y+mz2azx8/3d/Mq+bolr+Gofv/+p36f/1IqvfypCTX+PX+C3oa0WmzRcNWv4avzl9tUP/H6PN//2v/cO/86/xh/+yb//Bv8vin/otfr2/+s/6NX+N7/3Fv85f8pf/k987/kP/tP/jr/zD/8Pr354a/TZ/82/2a/wav9av8ZvQ/+n59X+NX+Mv/HV/jV/ji+OXZ18cv8Anv8az+89+8temny/p/7/7r+GeNf3/0Pv7b8I/v5b+seGZ7GR797L9fPvTB9NPt/d3P32wfXAvu7d9fvAwz+/v3zvP7u39Goe/0R/x5/7D/+V//eRv/Xv3/8VP/6e/8JzgvqJ3f82f/r3++v/jZW8YQI++/jX/iz/nH38Ze/XX+bH/4CdHv+Zv/Gv9WX/wr/lbvjr7zqs/6E97+Wv+5a9+4//jN/m1f83f5Mmv++DVb/y7vvrx3Sf733/1e/yeL1/+2n/Pr/1nv/w1f9Nf6w/6+16tr578Yb/Rkz9h/9Wf9We/+nP/4ld/6V/3a/6Nr/6+f/Dlr/WH/FVP/pD0yR+fvvrT//yXv/Yf+vd+8mv+4b/Wr/3n/Jr/yKvf6/mr17/3k9/v93k1L14tftGr5hc/+UPePPljf51Xf9Kf8fLlr/lH/pp/5au/9x949Y/8d6/+h//xya/6rV7+mn/Vk1/zL3ryG/2eT37bX/Dy5a/1F/+TT/7M6slfcu/X/Otf/pr/wK/5S578+7/hk//qL3nyvyxf/pq/9Mmv8Vf8msmT3/5bTz76sSff+utfPXhMzf/Ro1e/8W/26rf/HV/9gr0n+3dfPf69Xn351ZOLg5e/1j/5xz357X8t6u23/TV//Ne8fPL3/8Srf+5ffPJvfvvJf/TVq//uf3j1v/yKl68uf+XVr/VrXj35Df/6J7/1nSe/4D8jWL9H+2v+qU/+rN//1/yLX/7aX/0zv+mv9fssnvxHvxa1fvlrXfy1T/70P+nVX/ivPvk3/swn/+l//vLX+rP/wCffrZ9M/oUn7a/75A/9vZ/8Sduv/qw/98lf8ODJX/lPUYfZr/XHrJ/8mb/Ry1/zj/81f9cnvzJ9+ep3/b8/+jV/zY+e/DqfP/lN/sMnv8Nv/fLly1/np3+vP+jjl7/Gv/TfrP6P/+1//CW/51/1V//+1cf/23+f0QT92r/ek1/rya9TP/lNv/Xkt//Or/nRy1/7N/qNfrsnv1by5Df47pPf6he/fPlr/NQnWz/x1/6lf8l3/uL/5j/+H6//6X/8D/01aUr/rj/nN3nya/+6r37z3+Llr/ObPvux3/PJr/WbvPqx3/BldP4N6/zqH7HOj1hnA+t8M2R4+bOO53d/o1/jD/p/AERRORX7BgAA'),(26,30,'H4sIAAAAAAAEAO29B2AcSZYlJi9tynt/SvVK1+B0oQiAYBMk2JBAEOzBiM3mkuwdaUcjKasqgcplVmVdZhZAzO2dvPfee++999577733ujudTif33/8/XGZkAWz2zkrayZ4hgKrIHz9+fB8/In6NX+PX+TXoOfjF+w+P9+/d3znePnlwfLC9f3xyb/vJyZOT7Wd7Tw5Onjx49vD+/Z1f8t3X49fXy+nrNmvzk2yZ1de/xqP3f/NZVc7y+mz2azx8/3d/Mq+bolr+Gofv/+p36f/1IqvfypCTX+PX+C3oa0WmzRcNWv4avzl9tUP/H6PNyfM/9a/+/u/wL375Z7z93X+j3/iP+r3+nF/z1/jV/85f/I/9F7/1b/n8b7m/+Ouan/hf/kNq9C//w//xr/Fr/Fq/xm9C/6fn1/81fo361/41fo0vjl+efXH8Ap/8Gs/uP/vJX5t/C5+X9P9f4P29pP8/+jUjDTtPFwfq9xV9/Gv+Bn/r3/YXvIx9+2v+Gr/mv/xr/Q9/xK/5P776E/7iV3/PP/Ly1/yfnuz9Bk8e/pYvX/5a/8rVky//pye/b/JqevGk/M1+zR88+UN/oyd/0q/35M/6dV/+Wv/ab/HkNzx/8lv/2KsfHz0Z/zovX/6av8GveffXfPLkr/8Dnvwd//uT//T1k//u3av/9Ve//DVPnvxav/Gv+Vv9mumTO2dP7v+CV7/n57/m8ye/z2/8ajL9NZsnV//gkz/4d/41/8Qnf8a9J3/5//Lkb/zNX/0df/erf/AffvIv/GFP/q3f4tV//t/9mv/jk//t4OWv+fTJr/HtJz/267z6zX+bJ7/dP0s4ffvXePV7PH3ye/0GT37y6MnsN3hSnr78td7kT/6a3+jV3/73/Zr/wKt/8p96+Wv9/n/Bk3/i13vyL//eT/6d9Ml/Wjz5Fb/Wy1+z/DX/7Sf/w+/55Ff+di9f/dv/17/za/6a/86T3/APf/Lb/JtPftcfe7W79+r+4ydHf/CT7zx98nv/uq+yyZPzu09+0d/96hf/4b/mH0vd/dn/7JP/5Be8fBmlnKHrn/8jun59uvJ//Av9Xxv+jU9+0cNX1380GuoX9lf8T373WriW+J/92EH4Nf6K3/TX+IP+H7CSrNTOBAAA'),(27,13,'[encoded data, 4376 characters]'),(28,31,'H4sIAAAAAAAEAO29B2AcSZYlJi9tynt/SvVK1+B0oQiAYBMk2JBAEOzBiM3mkuwdaUcjKasqgcplVmVdZhZAzO2dvPfee++999577733ujudTif33/8/XGZkAWz2zkrayZ4hgKrIHz9+fB8/In6NX+PX+TXoOfjF+w+P9+/d3znePnlwfLC9f3xyb/vJyZOT7Wd7Tw5Onjx49vD+/Z1f8t3X49fXy+nrNmvzk2yZ1de/xqP3f/NZVc7y+mz2azx8/3d/Mq+bolr+Gofv/+p36f/1IqvfypCTX+PX+C3oa0WmzRcNWv4avzl9tUP/H6PNX/Vf/c2flb/rv/bkz/ptn/yT7376+U/8mr/GH/Ev/r1/4i//7779/E/5p/7pf+y/e/L9f5sa/Ue/6d//a/wav9av8ZvQ/+n59X+NX+M3+PV+jV/ji+OXZ18cv8Anv8az+89+8temn2v6/+/+a7jnJf3/F3h//zn0/7//1/Q+GHi6OFC/r+jjX/PNL/h3/8SXv8b+ZOd+vvdrzHbvT6eTg/vb2e6D/e39yaez7Yef5gfbOw/27u/vaaOf+mTrJ/7av/Qv+c5f/N/8x//j9T/9j/+hv/av8dv8G7/2b/Xr/Tq/1i/fefVr/lovX8a6+jV/jV/rP/oTnnz1y5/kp0+Wv+evefXy1/pP/scn17/Vqz/sD3/yx++/+jP+7Cd/8x/05B/6s578M7/ey1/zf/41/+Bf83958qt/k5e/5h/y5NcaPfnt/6Ff88effOvffLV//8nxb/nkJ/7gX/P3ffX75a+K5snl4ZM/8LMnf8zkyZ/xk0/+it/iyd/8Xz35R36tV//sv/zkX/tDn/wHh0/+y/TJ//HrvPw1/9Anv0725Hd59WuOnjz8dV++fPlr/Zq/w6/59smf+gc8+fO2X/1lf+Wrv/PvevJP/VFP/tVf6+WvWb76tX6dJ7/Rr/Xkt/zFT36nf/DJ3d/4yVd/wJOLP+jJ9a/35M/8zV79hX/Zq7/ir3vy9/9jT/6p3+DX/A+f/Mrf7OWvuXjym/1BT7ZOXv2ex6/efO/J7/d3Ppn/208uf70nf+yv82v+mU/+ql/n5ctf8/f6tZL/5cm7X/flr/kb/pq/7Mn/+At/zf/r5a/5y5/8Wosnv+Gv+2v+VsDj9T/9a/5bT95++eRnfqsnf/yv9eQv+bWe/HW/2ZO//Xd88vf/zr/mv/lr/qdP/rvXL3/Nf/vJr/HyyY99+eS3+Etf3SHmXD45Pnvy/Dd4Uv2eT37xP/Tkjzh88if9L6/+0r/8yd/4e776B/+hV//xf/bqv/k/X/6a/86TX+/XefUb/lZPfvtf78lH6cuXv/abX//3+jX/rCd/UfPkr/mdnvxtv+GTv/8vj8+NYYM/4eWPpvb/y1P7Iwp/TQq/fPVv/9f/zm9HFPzh4PBr/uJXf8gf9+RP+t+f/KW/4a/5N776W/6eV3/f3//qH/wXDR6/KeGx9Zv9Gn/Q/wP7EmwtZAcAAA=='),(29,18,'[encoded data, 4384 characters]'),(30,19,'[encoded data, 4816 characters]'),(31,15,'[encoded data, 12676 characters]'),(32,29,'[encoded data, 4832 characters]'),(33,37,'H4sIAAAAAAAEAO2Ve1DU1xXHf/fuLvLu8jIINsQQu6IuLLALrKhxvwsoj2Uvh4egoesurhXlobvrFoqIhEl9LWkmE6ND2hg0gxlJHBNjpmke5mEmcRoz9mFNmprRWlthjKi0xlCMvdtkajo6k/A/d+b88bv3nHvPued+vj9FmaLIkddhNFuM2SaDRW/NteTpjRZrth5WWPVFWcizIrfIbDIZOpdWple2tzRU+pw+t9XZ4vS0K/MmHlnU2rTS7SleqZgnHlvj9ngbW1uU/O8dapeHeX3kbnA3+t0rqxqb3ROotszp9RW3eH3OlgZ3qXsi1dpaPe5in7vZa2+pdHv8bs8EUv5ftUuleZqdnrVfdylcUWLl8jf3F9w86KnEyCWDtPSgjzb7w8hlr7pwcMTbsdzgq2VKScHYE6cWni45mH782Jnmv74knfaOPasoXIlWVMGQCGXh+ZSDx49+vESJVZgSJU0edyFKUWwWUWyzlAedlCJTUU3QXUibqdweG6TN/9b3i9JuqZXvHE53jrvB7MzWu9xZq/RGZ5ZLbzbIz8xsc6Yp02Aw5axy35E7/TeUKcpDthUpSttTv331ddMe++adgctv/GX17dXkctNGZdmcWRWD+/aW9A+fG2k//l4PU1gjm09GtcaoDlHlRDLBHiTXMe46puIbHwOLEvzh3WAhgn/0PNRDFP0DIYS67YjFD5YmxB258OBRfF8ftW9FL6e+Xwo2wAf+yG4gPBFFD6Aig+qWU/1K/CQEm25i6wAen4ankzCQgV9vwTtrcMKMP8XgMw2dH8Lni3DdIdiXUMIxRYcsM+ZzlHLUlcK1Dmunoi0R3Teww4cnq/BMBw6E4hUHHfsQJ8Po9Gc424yhGxj9Fbsp6MtbYyo2Bs29FKml2OlI8VPaHNJnI09NDxZgcTJRFVa0YM0j8JmocxO6Hdi+GU9Mwx4Dnotnh+nNt/CBA79bi7PJNHwF1xawrwT7N6nUFBGHhEik6JHGKTMH5giClQrLiKqp1okGNRp18M/GpmRsv4Kdc7GX8HweXs7Hm1a8b6CTn+DMo3TpKq6nCzYOlo5oDSUkUtIMSn0Ac19keYLdZDmUvwgFGpTYUefAKhs2aNEZQ4/Ia97GdtNTg3ghm70im6NihnoKDUPsOiTvxEwdZeQDjfLaBNPy+KXQtZAhG7mtgqekQ6Ye142UTMy6H5lGzFMDC6jEhho7XB+jaT/zY1M3tqXKi6D+F/Ayxztb8VGi4OarmO9ihbDtx4+1aBrBT+egJ4Z2/ELw4ulIc1BWLvINKNBRWQWq4+mhBqxKEGyIXcY0L1IdNFdPBhPyzpC1gMrsoMVY3kvu1cGt/EexbR122tGfiYNhdOQ39MbbeH8BzkXhYgSuZrAxwUagiqIoLabuwYx5mBMWLLzwqyXIiobZC6uaSspIVKLmC6wwYY0Bnnbq6BGsiCcsA0JQvAuVelruQEMlmjS0wS/47GfpzDn62z8ENx7CD3MoLQNZm7HoKOiwYBYWhz/PovMXBMX9Kz6BxdOPdJj7hRDc9TN6sp/2DQr+WC02jtDPtwi+axhR8k3okbKe0gwwjmJhpBBsMfdsx+Ofs356blBQoLUt0NpOvSdCe0+ECVrS031R2jCzqdrqs3j3JRZD96fLVknPQ1WBQzWqR//eKFg5JVlLk6w2ntaFezrZfXJbwTbw0XEavfVPlaCuwvKuwirBaimwhQe2qPiuQQqPoMRpgg8U02tv07t/wKkI+nRIsCNcM85CmIIpHbKO1y+QrZ45qMFPGzsF/+BpVkjlFVRdJ9jvWRXOXqPhS3T5lqBqTXW0PLVO1TRUo1p/+Lqqo2+Ud62jhOl07wzSzZaduEODpCqoeGI901NGLpuHQk7FdqqoETy5hGlhn8F60NeD/aF0+qJgMVB0LJwiE2TWKNIxQeSAK5RWr2deeuYlHNmNowdwXEsnT+GTAzivxbXFNC5hjIXqU0RxmppIKak0cxYZF8CyCCXbUbUG9QFxF7malM5J6ZyUzknpnJTO75TOSQgnIfwWhDzQSm3tgveekM2SyUsA6eKwuJNBHjhEVTXiGwZ5kpVKbeL/GWSjbFx8TSHvkuxUyelaiSBxOfG9KGQJd+MQ1tS7gsiqSRP8Gd8mkXf00ZVREYQx7p7ga99xn7L5P3F7pG4HEAAA'),(35,25,'H4sIAAAAAAAEAO1Sa2hURxSeM9ek6Sau3SuVRqU/Qqrd6tV9kk2yTbNnm62bmGYyG7JYI3rN3sCquyF314S4tg2kbymU1vqORoMPGrUUFYMQY1HTilopLWmWIvjAKiJGxT+iqHNtfYA/msX+qwfOMDPn+86Z75wh5AUizJNyFftcTrfNp/iLfB7F5fM7FfSjXwk40OPHokCx2217PxyaEWqPN4aSalLzq3FVbyclmTMDzUsimh6MkOLMufWanog2x0npqKk1olgiybVGLdqqReqiMS0DtbPVRDIYTyTVeKNWpWWitrpZ14JJLZaoiYc0vVXTM3jyI7Vh4XpM1Rf/PSUTIbII/9M/I7mBJBYRsgmfYWAmfP/Vt9rhyvIOr3bFuqPNBMRkbzgvff5K5Trrm3XL2k+VCdCGhtOEUGImkkHJJWve2b/72MDwLCITIGOFi3LfZBNS7WPBat+7BogE3IF6A86Ev0YeWxslxPvEeY84DwL5V1OdHqdaFLEp9kiTaIY94lDUxiKnYnepC+1NEbfbY1eJo6MlUOqRsa/k3ootafNN/oBqZIdD8lPKHkX3B08MkPemvV7b27OlcvPlsyPtx452AqHjKqSpH2VR6yeYJYMZ82uxYAxjdMKQdOWzvfTmbjRZ4GXG2FOZqZGWbkijXo6pbljBoAuWotfH4Db25zEmbUzvopta+RQ7Os1YQRl0w1Y8UoAnY3CXwTYuZYs6B8Zzhxff2sgrq5h0MitChxTcS2EQf7Xin4vw4kS84WH0jz5o4i0pRtNp/G0SnGYMcqg7iYUTQcG6Ar78U/xyMqOxmfzrVdDFaOoqfMhXrmV0exs2F+IyE3bm4Cob/26nYHJp9b4euuYyDlP+1yW4Lq7mQhgsWOvAOUtx4XFsycMeG+89iD8Owi9wHkbgNuOWezKAjFInN1sEZT2U4sBL/NQQDr/Iz5yDWwy8ONYM+aiEsIyKjkkNr17DE0L3Yjomm/9wiNHcEbyex6Q3wheoJ4WxHEZ/70RfPZ9dh2EZo4Ikdd8p40d+YrCZyvPxYxujpRW8YR6jbxdi9C4m5huTeP4D/u8/4Fm4zyfxX05itHjjEWTBBzy6yNhA1FhHLSW3BPL5JCtOn8pdZVD+UE//TPx5msjzxXjScR+mx9X5tQgAAA=='),(36,20,'[encoded data, 10180 characters]'),(37,22,'[encoded data, 4180 characters]'),(38,28,'[encoded data, 4636 characters]'),(39,41,'H4sIAAAAAAAEAO1Ue1CU1xX/zvlYXTQKivhCU018IIjiAmE1vjgICggcrwiRRGVd1gwirC4E0UjARpObSMzLOsqUDMaUEKnrIxUbdWTU+KrWxrSIRqyYYqI0VhQrGiP2fiaT2HGalskfmc5wZ+7dvd89j9/53d89mtZRU8P6fOjoiNCQsOCIoMjwCGtQaERkSBBFUmRQtIWskRQePTosLLggZfqI6Uuy7dNzbbmOSFu2zbVEG9N2z2jngnSHKyZdG91232SHKyfDma09+T+7JqpkObnCYXdk5DnSkzKyHG2odqotJzcmOyfXlm13xDnaUm280+WIyXVk5SRmT3e48hyuNkD+vtoUNV1ZNlfmt7fUSdO6q+Pv+DOCG5ZaN3UUrOYIw8YkJ4y36K8kyGl1WbsaEzJBe/TE5DvTDi+LLYlbdO/SDLFcGTn9u2gaal013XDprB2fOGzL0erTU7TuGmhd1FTpenfXtPgIjomPSDCMtOiw6GTDvETNwdoPw6Y+jn1gX6r281B7aFSr2f+B/dCnGiz7r9TFvXIgeFVrUWuhyfhYBstE+Qf844eNWpA9fZQ1xGKxhlrtczVrujV0lCNkbtA8R2hIUGh4mD1o7rzg9H83+tGID3Ek7kMETUst3tb4kK+qTtews7jwlWj6mrHXQCCxqYo+ahAHDorDx8WJehZ0PRIgUng8Ql750JeZtdRA/2mVG9+N3dB44eqSowdfBE1kTMgrRmMxmzZfzB8E/BAQNFCAEwqpcLeobqHb/RiKBHiDj/AdRoELKbxIKA2lJVPGAsr1E8sKmHFRJtV/zgxe+pRKEyamglUk2cg+lgUXVHHBTpzRQovjGS9vphWjqdgk3lxHJSZ6r6f4rZt2BtC+afRHhDMqwiSsG0PdelBfEw1socD9IvxJxvP+JGfB2ywu3Zp16ZYNm+JEwXJamcjYzDTfRyx/lVYfU85RqOcL3/40oDsNPUAWJ03wEJMSGB+bD2NFQhLj4HhKmyXmLxB5S8WyQlG6kX7TCw6JI7WMLaeoq4l6mlSYaPTaTHXN4otrrPfYZmcx2fTSSDWDPWI3RJRBHN4phjmU1Ufk5jHee4FMzyunqfprwTtwzTMwH54TiwtZlEZBaZTOkCBq3DNr3E9j7U5ajYznOlJGB3KeVz7J2DCbSj0Z/95KG1Ssm9vEr8vE+1tgG+1/Rxz/RHx6Fi4yttaKjR/QR4tpf6Q4dlz5pSDki8AnyBoHBHGMnuvFoT/RSZs491fGLgvos3Hi8ytwlUVl/abK+q3CXW5xl4fgh2fpz8hil9/NXX4t/LDmv9dgL/+NfdoV2q7Qn12hP4k2cvuIqo//O3m6Ik6MDOa2cIelUULT1UEC1rjFzKf5Z+AOK+vFpq2M7nJhCeHvuMNdfuJmi/G2UFJXSX0lDZFkkTReUqykZElzJWVLWirpJUlvSXpH0iYzGxyDDpJ8AxTengwe4Av58DKsZRxeACPAT+0kY1QjTu2L8ccwaR+mx2DWHthOKypgNe1EZv2x8yPhcQiDGHgGVsLv4GOG8dCRfLypn7cBI9RM8d6QwjCPIr0Zn12qLm4WpEEmwxCIhk+hgXFyD0w1Y6bEsuewwgd/Xwe7IRmyGE7ARGCYYzx8eJ3hE7KYGU9ex1pPPLsC61PhbxQ1iRICKCWJ0gRkMH7ZDe/UMfq/TxfMDC2wmQrU71+o8H690eAFe8ECNxiqoQP0gQAYAwlgg0XwS1jDWH9JyWOfnf9TA1qInjp690CfZBhK/5AMT1CLYojcOEeCjYrVFyfFq4Q51KDWYkpU6xp6RNmsj8INvaGCPpRQzeCmwWZYx1gVgDs7w2HqLulRVdrRDqrGLG/IY2iiHGmgxmt34Q65JexS+BcB0jEVMpf2qLWQ/qnWMrp4vzYvSIRYelmqjoRxThC0V6Epos73cXRQ/9+mNBVu4yosHwYHyHciDZA0XJJV0iRJrGIoqjNpkLJ8nSYY22QYRzWSLki6Ium2ijOelFq6GEeXsXoUnKbTkhokNDGeOYhXpsNVuqSs7qnM9IciOmUYNmL/rRBIJZLKJW1Xp1aDMYihoxJqGDNvwVoqkoo5WifpPUlbJexh3DvVaLpQB+F0TcJdw8vIrGh0nILVSqaxkEa1qpp3M7DiPFYSw3mML8N5/Vi/bJ6lN1Ws1JsztsMN8IcyOMwKQZdN1EvpVUkim0rMCo1S8X5JJyR9JukLSdcltBq31/6EfvITgh64zw6HKEhlOnJE+UwGE85eii+W4PocLHuV9Q5hqnnFbsCJjTitjCEOmvHqEWzuhjdUV/26kfJUwjtYnw+XaZm3CvANho6DMLphNmx9IAjsjPFxDHfRtQNPlivN4RvfwJtQBQehEW4zvAWe0NuAOxUhmgK9WX9t4g58Y6ahc1gD/jRW0hRJSQrhgvmY/QtcSLjqBdZ/JedAKToGwrNKGfxtry+mTKXYWvC9T92RUQznIITqkCGUtEGKkQdFAi7DK1lvcIL+pWs9fIV+ThywluEm1NBmAVUMpyhFyVdFpN0VUMtwhgaXwUgg9dTDFN848HEIoC2oGG9WOQLBg3w6wRCG4TTCDFYGC81QOMb2QlLKar2snv1sbu9Y7R2rvWO1d6z/m45F2R6KA9CIOsFM4w6xCZ6ilarWVPI0ro21FV5a0b8AhEwx/joUAAA='),(40,47,'H4sIAAAAAAAEAGNgYGcAAotqE0tHE2NTA0ddZ3NHC10TR2djXSdnJ2ddNyMnC2cnczdLU1OD2vBgveDKvOTgksSSVOfEvMSiSgYr0nW65eekpBZ5pjBYkq43LLWoODM/j8GaaK3+QMuKS4JSk1Mzy1JTQjJzU0nwrU9icYlnXnFJYl5yqncqKb71zS9K9SxJzS32zwtOLSpLLSLByXDfhgNxUW5iUTYklrgYGISA0tDwAxkOUskgCJQyAGI9kJr8xfsetTm/81o2leOY4tWq34wM7rfNeWK553g36l1ZcsBvjgdQkZDBbQYGJgY+BmaQFm6GxTxW60/uv+HBIMTAyMALxEDr+IFyvo4Bnr6OfiBFDG6mbmEg5QFArMqAAKVAbIPE3wgykZGBIDC3MDUwMk820k1MMjDQNTGyMNe1tExM0TVKskhNTjKxsLQwMMNwexBYK9B00am+9xgctUWN93he8Vhlee/9KcVrC+Gy4m51BRh6mUBSTNJfGE8F3foewKTl5nTjb9CzD0GffgT9+hvA5H7eaV5+AJPnRKfIfU7Jv51yfwcEMDNKPgqydw1y92cMDGBkZ5Jqc2pmCmCWURFiXv7HOmjdA9V1D7SYticFzVkadPt+QAAL54e3cYxCzMyi65j4HIPUbYLs7AOYRI87XdYPCJJgZpZgFgiSS5SVS1RkUjQP4uQN4hcOYD56bFYAi+iU46sDMDwEdDIwyF2C2AWDRMSDpLQCmMXdhIO27AjafcDpkHDQqZtOt82dHusHvf4VEMAQpa0RuHrxIq+Frx6+rzx5tJmVYe1GdT0nRrWA0WCkTjAKMTM0AACaFBBxMQUAAA=='),(42,48,'ERROR : 18/12/2020 14:10:00'),(43,49,'H4sIAAAAAAAEAGNgYGcAAotqE0tHE2NTA0ddZ3NHC10TR2djXSdnJ2ddNyMnC2cnczdLU1OD2vBgveDKvOTgksSSVOfEvMSiSgYr0nW65eekpBZ5pjBYkq43LLWoODM/j8GaaK3+QMuKS4JSk1Mzy1JTQjJzU0nwrU9icYlnXnFJYl5yqncqKb71zS9K9SxJzS32zwtOLSpLLSLByXDfhgNxUW5iUTYklrgYGISA0tDwAxkOUskgCJQyAGI9kJrVu210nrVG+SzPSZ4VaBszmZGBibXMhXOhpeOqIO68aRtj6kCqGHkZGJgY+BiYQRxuhqJtXutP7r/hwSDEwMjAC8RA624xMjD4OgZ4+jr6gRQxuJm6hYGVo4EAIJZD4ucB8UIs6tABurOCwKJAS3nOurtiyDIxAN3KpBq0YqXTvsyg4ycCGHkYzzFecfrLFMB41YnNyUl4lZMsE6NhkKW7kxdXUECwU5IAY65TS6PTBAGnublOy+SCNm5z2lXldHih01k+xltOD5udXn9w+qEWwHjNifGyE7epk6hmkKxckIK6k9Y1J5v7Tr5OjJFOWRxBpeVOlfedmhucemUCApjOizq9lwwICBjqzrdjYmgAAMDbzTz8AwAA');

--
-- Table structure for table `t_trajets_reels`
--

CREATE TABLE `t_trajets_reels` (
  `ID` int(11) NOT NULL AUTO_INCREMENT,
  `ID_ETABLI_REC` int(11) DEFAULT NULL,
  `ID_ETABLI_VIS` int(11) DEFAULT NULL,
  `SAISON` varchar(20) DEFAULT NULL,
  `SEMAINE` varchar(20) DEFAULT NULL,
  `DATE_RENC` datetime DEFAULT NULL,
  `NUM_POULE` varchar(50) DEFAULT NULL,
  `CODE_RENC` varchar(50) DEFAULT NULL,
  `COMPETITION` varchar(250) DEFAULT NULL,
  `EQUIPE_REC` varchar(250) DEFAULT NULL,
  `EQUIPE_VIS` varchar(250) DEFAULT NULL,
  `ORGANISME` varchar(100) DEFAULT NULL,
  `CATEGORIE` varchar(100) DEFAULT NULL,
  `SEXE` varchar(100) DEFAULT NULL,
  `NIVEAU` varchar(100) DEFAULT NULL,
  `PHASE` varchar(100) DEFAULT NULL,
  `POULE` varchar(100) DEFAULT NULL,
  `JOUE` tinyint(4) NOT NULL DEFAULT '0',
  `DISTANCE_TRAJET` float DEFAULT NULL,
  `DUREE_TRAJET` float DEFAULT NULL,
  `DATE_IMPORT` datetime DEFAULT NULL,
  `COMMENTAIRES` varchar(300) DEFAULT NULL,
  `DATE_CREATION` datetime DEFAULT NULL,
  `ID_CREATEUR` int(11) DEFAULT NULL,
  `DATE_MAJ` datetime DEFAULT NULL,
  `ID_MAJ` int(11) DEFAULT NULL,
  `DATE_SOMMEIL` datetime DEFAULT NULL,
  `ID_SOMMEIL` int(11) DEFAULT NULL,
  `SOMMEIL` tinyint(1) DEFAULT '0',
  PRIMARY KEY (`ID`)
) ENGINE=InnoDB DEFAULT CHARSET=utf8;

--
-- Dumping data for table `t_trajets_reels`
--


--
-- Table structure for table `t_unique`
--

CREATE TABLE `t_unique` (
  `ID_INTER_REC` int(11) NOT NULL DEFAULT '0',
  `ID_INTER_GROUPE` int(11) NOT NULL DEFAULT '0'
) ENGINE=InnoDB DEFAULT CHARSET=latin1;

--
-- Dumping data for table `t_unique`
--

INSERT INTO `t_unique` VALUES (4720,2047);

--
-- Table structure for table `t_user`
--

CREATE TABLE `t_user` (
  `ID` int(11) NOT NULL AUTO_INCREMENT,
  `NOM` varchar(22) CHARACTER SET utf8 DEFAULT NULL,
  `PRENOM` varchar(22) CHARACTER SET utf8 DEFAULT NULL,
  `EMAIL` varchar(100) CHARACTER SET utf8 NOT NULL,
  `LOGIN` varchar(15) CHARACTER SET utf8 DEFAULT NULL,
  `PWD` varchar(100) CHARACTER SET utf8 DEFAULT NULL,
  `IDRESSOURCE` int(11) NOT NULL DEFAULT '0',
  `IDGROUPE` int(11) NOT NULL DEFAULT '0',
  `SOMMEIL` tinyint(4) NOT NULL DEFAULT '0',
  `AVATAR` varchar(128) CHARACTER SET utf8 NOT NULL DEFAULT 'default.jpg',
  `FONCTION` varchar(50) CHARACTER SET utf32 NOT NULL DEFAULT 'Non définie',
  `COLORS` varchar(256) CHARACTER SET utf8 NOT NULL DEFAULT '#15D3A5:#D80073:#A4C400:#E51400:#FF9000:#9B149B:#88B4E0:#4A9512:#444444:#F9B727:#4A93DD:#6BA8E5:#6BA8E5:#6BA8E5:#6BA8E5:#6BA8E5:#6BA8E5:#4A93DD:#FFFFFF:#000000:#000000:#000000:#595959:#ADADAD:#FFFFFF:#6BA8E5:#000000:#FFFFFF:#297685',
  `BCKG` varchar(155) CHARACTER SET utf8 NOT NULL DEFAULT 'bckg_default.png',
  `FILTRES_RESS` text CHARACTER SET utf8 NOT NULL,
  `FILTRES_NAT` text CHARACTER SET utf8 NOT NULL,
  `PRIVATE` tinyint(1) NOT NULL DEFAULT '0',
  `NOSYNC` tinyint(1) NOT NULL DEFAULT '0',
  `DOUBLESYNC` tinyint(1) DEFAULT '0',
  `VIEW` tinyint(4) NOT NULL DEFAULT '2',
  PRIMARY KEY (`ID`)
) ENGINE=InnoDB AUTO_INCREMENT=59 DEFAULT CHARSET=latin1;

--
-- Dumping data for table `t_user`
--

INSERT INTO `t_user` VALUES (1,'Administrateur','Super','adminifp@infoplus31.com','Admin','eb7b5ae256d813bbad5074680d50165e',99999,1,0,'default.jpg','Super Admin','#15D3A5:#D80073:#A4C400:#E51400:#FF9000:#9B149B:#88B4E0:#4A9512:#444444:#F9B727:#4A93DD:#6BA8E5:#6BA8E5:#6BA8E5:#6BA8E5:#6BA8E5:#6BA8E5:#4A93DD:#FFFFFF:#000000:#000000:#000000:#595959:#ADADAD:#FFFFFF:#6BA8E5:#000000:#FFFFFF','bckg_default.png','type_32:type_30:type_33:type_31','',0,1,0,2),(2,'Administrateur',NULL,'admin@infoplus31.com','Administrateur','37fac55222015aef75c21bedd89c7ca7',99998,2,0,'default.jpg','Non définie','#15D3A5:#D80073:#A4C400:#E51400:#FF9000:#9B149B:#88B4E0:#4A9512:#444444:#F9B727:#4A93DD:#6BA8E5:#6BA8E5:#6BA8E5:#6BA8E5:#6BA8E5:#6BA8E5:#4A93DD:#FFFFFF:#000000:#000000:#000000:#595959:#ADADAD:#FFFFFF:#6BA8E5:#000000:#FFFFFF','bckg_default.png','','',0,0,0,2),(6,'GARCIA','David','dgarcia@infoplus31.com','DGA','e2ccd93ead4616edc51ee09190f81aa0',86,44,1,'dga.jpg','Développeur informatique','#15D3A5:#D80073:#A4C400:#E51400:#FF9000:#9B149B:#88B4E0:#4A9512:#444444:#F9B727:#4A93DD:#6BA8E5:#6BA8E5:#6BA8E5:#6BA8E5:#6BA8E5:#6BA8E5:#4A93DD:#FFFFFF:#000000:#000000:#000000:#343432:#1144a2:#FFFFFF:#6BA8E5:#000000:#FFFFFF','dga_bckg.jpg','groupe_37','',0,1,0,2),(7,'LION','Hervé','hlion@infoplus31.com','RVL','0ed1a3acd02e06f429d0dee5244aa11e',87,44,1,'rvl.jpg','Non définie','#000000:#D80073:#A4C400:#E51400:#5ac469:#f6c16f:#f21f1c:#4A9512:#444444:#f1f547:#4ebc7e:#6BA8E5:#6BA8E5:#6BA8E5:#6BA8E5:#6BA8E5:#6BA8E5:#eb0f27:#FFFFFF:#000000:#000000:#000000:#2c4333:#d05353:#FFFFFF:#6BA8E5:#000000:#FFFFFF','rvl_bckg.jpeg','ress_105:ress_87:ress_88','',0,1,0,2),(8,'CHAIB','Nadia','nchaib@infoplus31.com','NCB','64234b4000d6ebab7a8e75f21c5eea8c',88,44,0,'default.jpg','Non définie','#15D3A5:#D80073:#A4C400:#E51400:#FF9000:#9B149B:#88B4E0:#4A9512:#444444:#F9B727:#4A93DD:#6BA8E5:#6BA8E5:#6BA8E5:#6BA8E5:#6BA8E5:#6BA8E5:#4A93DD:#FFFFFF:#000000:#000000:#000000:#595959:#ADADAD:#FFFFFF:#6BA8E5:#000000:#FFFFFF','ncb_bckg.jpg','ress_94:ress_129:ress_103:ress_130:ress_139:ress_100:ress_95:ress_109:ress_99:ress_88:ress_101:ress_136:ress_138','',0,1,1,2),(9,'SVAHN','Youri','youri.svahn@gmail.com','YSN','202cb962ac59075b964b07152d234b70',89,44,1,'default.jpg','Non définie','#15D3A5:#D80073:#A4C400:#E51400:#FF9000:#9B149B:#88B4E0:#4A9512:#444444:#F9B727:#4A93DD:#6BA8E5:#6BA8E5:#6BA8E5:#6BA8E5:#6BA8E5:#6BA8E5:#4A93DD:#FFFFFF:#000000:#000000:#000000:#595959:#ADADAD:#FFFFFF:#6BA8E5:#000000:#FFFFFF','bckg_default.png','','',0,0,0,2),(10,'ROSSET','Julien','jrosset@infoplus31.com','JRT','117cbb2f8fa7c53f31f97a075c053868',90,44,1,'jrt.jpg','RESPONSABLE INFO','#15D3A5:#D80073:#A4C400:#E51400:#FF9000:#9B149B:#88B4E0:#4A9512:#444444:#F9B727:#4A93DD:#6BA8E5:#6BA8E5:#6BA8E5:#6BA8E5:#6BA8E5:#6BA8E5:#4A93DD:#FFFFFF:#000000:#000000:#000000:#595959:#ADADAD:#FFFFFF:#6BA8E5:#000000:#FFFFFF','jrt_bckg.jpg','groupe_38','',0,0,0,2),(11,'BASTIANI','Cyril','cbastiani@infoplus31.com','CBI','eb7c262c7623485ea961f95a606054e9',91,44,1,'cbi.gif','Non définie','#15D3A5:#D80073:#A4C400:#E51400:#FF9000:#9B149B:#88B4E0:#4A9512:#444444:#F9B727:#4A93DD:#6BA8E5:#6BA8E5:#6BA8E5:#6BA8E5:#6BA8E5:#6BA8E5:#4A93DD:#FFFFFF:#000000:#000000:#000000:#595959:#ADADAD:#FFFFFF:#6BA8E5:#000000:#FFFFFF','cbi_bckg.jpg','ress_113:ress_91:type_31','',0,0,0,2),(12,'GINESTY','Jérôme','jginesty@infoplus31.com','JGY','2f9bbfdaa7581a1256ac62273554be9b',92,44,1,'default.jpg','Non définie','#15D3A5:#D80073:#A4C400:#E51400:#FF9000:#9B149B:#88B4E0:#4A9512:#444444:#F9B727:#4A93DD:#6BA8E5:#6BA8E5:#6BA8E5:#6BA8E5:#6BA8E5:#6BA8E5:#4A93DD:#FFFFFF:#000000:#000000:#000000:#595959:#ADADAD:#FFFFFF:#6BA8E5:#000000:#FFFFFF','bckg_default.png','ress_94:ress_104:ress_81:ress_95:ress_87:ress_93:ress_109:ress_92:ress_80:ress_99:ress_88:ress_98:ress_96:type_33:ress_85','',0,0,0,2),(13,'LAMOTTE','Grégory','glamotte@infoplus31.com','GLE','180fb099e57f738fdbf707662f2df8d2',95,44,0,'default.jpg','Consultant','#15D3A5:#D80073:#A4C400:#E51400:#FF9000:#9B149B:#88B4E0:#4A9512:#444444:#F9B727:#4A93DD:#6BA8E5:#6BA8E5:#6BA8E5:#6BA8E5:#6BA8E5:#6BA8E5:#4A93DD:#FFFFFF:#000000:#000000:#000000:#ffffff:#ADADAD:#000000:#6BA8E5:#000000:#FFFFFF','bckg_default.png','ress_94:ress_103:ress_130:ress_95:ress_88:ress_101:ress_136:ress_84:ress_140:ress_131','',0,0,1,2),(14,'JEAN','Amélie','ajean@infoplus31.com','AJN','64234b4000d6ebab7a8e75f21c5eea8c',94,44,0,'default.jpg','Non définie','#15D3A5:#D80073:#A4C400:#E51400:#FF9000:#9B149B:#88B4E0:#4A9512:#444444:#F9B727:#4A93DD:#6BA8E5:#6BA8E5:#6BA8E5:#6BA8E5:#6BA8E5:#6BA8E5:#4A93DD:#FFFFFF:#000000:#000000:#000000:#ffffff:#ADADAD:#000000:#6BA8E5:#000000:#FFFFFF','ajn_bckg.jpg','','',0,0,0,2),(15,'LORANS','Hélène','hlorans@infoplus31.com','HLS','f4f6dfb4a844e07a573b820862a91fcf',93,44,0,'default.jpg','Non définie','#15D3A5:#D80073:#A4C400:#E51400:#FF9000:#9B149B:#88B4E0:#4A9512:#444444:#F9B727:#4A93DD:#6BA8E5:#6BA8E5:#6BA8E5:#6BA8E5:#6BA8E5:#6BA8E5:#4A93DD:#FFFFFF:#000000:#000000:#000000:#ffffff:#ADADAD:#151919:#6BA8E5:#000000:#FFFFFF','bckg_default.png','groupe_39','',0,0,1,2),(16,'MARTY','Séverine','smarty@ipogestion.com','SMY','149b8a64eaac1cc2a3d3474dd5db670a',102,44,0,'default.jpg','Non définie','#15D3A5:#D80073:#A4C400:#E51400:#FF9000:#9B149B:#88B4E0:#4A9512:#444444:#F9B727:#4A93DD:#6BA8E5:#6BA8E5:#6BA8E5:#6BA8E5:#6BA8E5:#6BA8E5:#4A93DD:#FFFFFF:#000000:#000000:#000000:#595959:#ADADAD:#FFFFFF:#6BA8E5:#000000:#FFFFFF','bckg_default.png','','',0,0,0,2),(17,'TUXAGUES','Françoise','ftuxagues@infoplus31.com','FTS','7792614a47593301bf91a92e794e2d74',100,44,0,'default.jpg','RRH Consultante','#15D3A5:#D80073:#A4C400:#E51400:#FF9000:#9B149B:#88B4E0:#4A9512:#444444:#F9B727:#4A93DD:#6BA8E5:#6BA8E5:#6BA8E5:#6BA8E5:#6BA8E5:#6BA8E5:#4A93DD:#FFFFFF:#000000:#000000:#000000:#595959:#ADADAD:#FFFFFF:#6BA8E5:#000000:#FFFFFF','bckg_default.png','type_30:type_33','',0,0,0,2),(18,'CONQUET','Patricia','pconquet@ipogestion.com','PCT','f56bae36a910932768380f24b25769bb',101,44,0,'default.jpg','Non définie','#15D3A5:#D80073:#A4C400:#E51400:#FF9000:#9B149B:#88B4E0:#4A9512:#444444:#F9B727:#4A93DD:#6BA8E5:#6BA8E5:#6BA8E5:#6BA8E5:#6BA8E5:#6BA8E5:#4A93DD:#FFFFFF:#000000:#000000:#000000:#595959:#ADADAD:#FFFFFF:#6BA8E5:#000000:#FFFFFF','bckg_default.png','ress_94:groupe_49:groupe_41:ress_88:groupe_37','',0,0,1,2),(19,'FERREIRA','Béatrice','bferreira@ipogestion.com','BFA','64234b4000d6ebab7a8e75f21c5eea8c',103,44,0,'default.jpg','Consultante :  \n  Ligne 1000,\n  Report One','#95C11F:#95C11F:#95C11F:#95C11F:#95C11F:#95C11F:#95C11F:#95C11F:#444444:#95C11F:#95C11F:#95C11F:#95C11F:#95C11F:#95C11F:#95C11F:#95C11F:#95C11F:#FFFFFF:#000000:#000000:#000000:#595959:#ADADAD:#FFFFFF:#95C11F:#000000:#FFFFFF','bckg_default.png','type_32:type_30:type_33:type_31','',0,0,1,2),(20,'ABRAMOVITCH','Nicolas','nabramovitch@infoplus31.com','NAH','2b6370327a4079179a3ae5d096c48cc6',96,44,0,'nah.jpg','Responsable commercial','#1562d3:#D80073:#A4C400:#E51400:#cdcac5:#22377b:#88B4E0:#90bb91:#444444:#22377b:#4A93DD:#6BA8E5:#6BA8E5:#91fa89:#6BA8E5:#6BA8E5:#6BA8E5:#4A93DD:#90bb91:#000000:#000000:#000000:#EBF0FF:#BCC5C0:#4E5F71:#6BA8E5:#4E5F71:#ffffff','nah_bckg.jpeg','','',0,0,1,2),(21,'HERAULT','Nathalie','nherault@infoplus31.com','NHT','88a7046f5f92b86b281349b30e021178',98,44,1,'nht.jpeg','Commerciale','#210dc5:#D80073:#A4C400:#1affff:#210dc5:#210dc5:#210dc5:#210dc5:#210dc5:#1affff:#210dc5:#6BA8E5:#210dc5:#210dc5:#210dc5:#210dc5:#210dc5:#210dc5:#FFFFFF:#000000:#000000:#000000:#e5f7ff:#ADADAD:#210dc5:#210dc5:#000000:#FFFFFF','nht_bckg.jpeg','type_30:type_31','',0,0,0,2),(22,'MARTI','Méryl','mmarti@infoplus31.com','MMI','ef7c8e721994c059c6de62e455827b68',99,44,0,'default.jpg','Non définie','#15D3A5:#D80073:#A4C400:#E51400:#FF9000:#9B149B:#88B4E0:#4A9512:#444444:#F9B727:#4A93DD:#6BA8E5:#6BA8E5:#6BA8E5:#6BA8E5:#6BA8E5:#6BA8E5:#4A93DD:#FFFFFF:#000000:#000000:#000000:#595959:#ADADAD:#FFFFFF:#6BA8E5:#000000:#FFFFFF','mmi_bckg.jpg','type_30','',0,0,1,2),(23,'CAVALLIN','Sophie','scavallin@infoplus31.com','SCN','aed1d4f3c4f2b4a10ef978b8e5d8873a',97,44,0,'default.jpg','Non définie','#9B149B:#FF9000:#A4C400:#9B149B:#FF9000:#9B149B:#9B149B:#FF9000:#444444:#F9B727:#9B149B:#6BA8E5:#6BA8E5:#6BA8E5:#6BA8E5:#6BA8E5:#FF9000:#FF9000:#FFFFFF:#000000:#000000:#000000:#ffffff:#dad8d9:#161817:#6BA8E5:#000000:#FFFFFF','scn_bckg.jpg','type_30','',0,0,0,2),(24,'TUXAGUES','Christian','ctuxagues@infoplus31.com','CTS','5dfe4ccabbbde0ce99e7b426305eeb5c',104,45,0,'default.jpg','Non définie','#15D3A5:#D80073:#A4C400:#E51400:#FF9000:#9B149B:#88B4E0:#4A9512:#444444:#F9B727:#4A93DD:#6BA8E5:#6BA8E5:#6BA8E5:#6BA8E5:#6BA8E5:#6BA8E5:#4A93DD:#FFFFFF:#000000:#000000:#000000:#faf9f9:#e5e1e1:#828282:#6BA8E5:#000000:#FFFFFF','bckg_default.png','','',0,0,0,2),(25,'R.ALONSO','Beatriz','balonso@infoplus31.com','BAO','d0273479eeb19c80c7a798ccba789c79',105,44,0,'default.jpg','Développeuse Informatique','#15D3A5:#D80073:#A4C400:#E51400:#FF9000:#9B149B:#88B4E0:#4A9512:#444444:#F9B727:#4A93DD:#6BA8E5:#6BA8E5:#6BA8E5:#6BA8E5:#6BA8E5:#6BA8E5:#4A93DD:#FFFFFF:#000000:#000000:#000000:#595959:#ADADAD:#FFFFFF:#6BA8E5:#000000:#FFFFFF','bckg_default.png','groupe_37:type_33','',0,1,1,2),(26,'test','test','test@infoplus31.com','test','098f6bcd4621d373cade4e832627b4f6',106,44,1,'default.jpg','Non définie','#15D3A5:#D80073:#A4C400:#E51400:#FF9000:#9B149B:#88B4E0:#4A9512:#444444:#F9B727:#4A93DD:#6BA8E5:#6BA8E5:#6BA8E5:#6BA8E5:#6BA8E5:#6BA8E5:#4A93DD:#FFFFFF:#000000:#000000:#000000:#595959:#ADADAD:#FFFFFF:#6BA8E5:#000000','bckg_default.png','','',0,0,0,2),(27,'LOPES','Amélie','alopes@ipogestion.com','ALS','749da780b911a7de9376ad03200aa291',107,44,1,'default.jpg','Non définie','#15D3A5:#D80073:#A4C400:#E51400:#FF9000:#9B149B:#88B4E0:#4A9512:#444444:#F9B727:#4A93DD:#6BA8E5:#6BA8E5:#6BA8E5:#6BA8E5:#6BA8E5:#6BA8E5:#4A93DD:#FFFFFF:#000000:#000000:#000000:#595959:#ADADAD:#FFFFFF:#6BA8E5:#000000','bckg_default.png','ress_103:groupe_41','',0,0,0,2),(28,'CAMPANA','Sarah','scampana@infoplus31.com','SCA','54e8b5b70101e29a7263f078176c1da0',108,44,0,'default.jpg','Non définie','#15D3A5:#D80073:#A4C400:#E51400:#FF9000:#9B149B:#88B4E0:#4A9512:#444444:#F9B727:#4A93DD:#6BA8E5:#6BA8E5:#6BA8E5:#6BA8E5:#6BA8E5:#6BA8E5:#4A93DD:#FFFFFF:#000000:#000000:#000000:#595959:#ADADAD:#FFFFFF:#6BA8E5:#000000','bckg_default.png','','',0,1,1,2),(29,'RASOLO','Joël','jrasolo@infoplus31.com','JRO','64234b4000d6ebab7a8e75f21c5eea8c',109,44,0,'default.jpg','Non définie','#15D3A5:#D80073:#A4C400:#E51400:#FF9000:#9B149B:#88B4E0:#4A9512:#444444:#F9B727:#4A93DD:#6BA8E5:#6BA8E5:#6BA8E5:#6BA8E5:#6BA8E5:#6BA8E5:#4A93DD:#FFFFFF:#000000:#000000:#000000:#595959:#ADADAD:#FFFFFF:#6BA8E5:#000000','bckg_default.png','','',0,0,1,2),(30,'DELPEYROU','Sylvain','sdelpeyrou@infoplus31.com','SDU','9fc93e62a03f5a8fd44327d539d29789',110,44,1,'default.jpg','Non définie','#15D3A5:#D80073:#A4C400:#E51400:#FF9000:#9B149B:#88B4E0:#4A9512:#444444:#F9B727:#4A93DD:#6BA8E5:#6BA8E5:#6BA8E5:#6BA8E5:#6BA8E5:#6BA8E5:#4A93DD:#FFFFFF:#000000:#000000:#000000:#595959:#ADADAD:#FFFFFF:#6BA8E5:#000000','bckg_default.png','groupe_38:type_31','',0,0,0,2),(31,'FAURE','Franck','ffaure@infoplus31.com','FFE','94b0470f0070cc03be22eef233bb6c76',111,44,1,'default.jpg','Consultant-Formateur','#15D3A5:#D80073:#A4C400:#E51400:#FF9000:#9B149B:#88B4E0:#4A9512:#444444:#F9B727:#4A93DD:#6BA8E5:#6BA8E5:#6BA8E5:#6BA8E5:#6BA8E5:#6BA8E5:#4A93DD:#FFFFFF:#000000:#000000:#000000:#595959:#ADADAD:#FFFFFF:#6BA8E5:#000000','bckg_default.png','ress_105:ress_103:ress_115:ress_111:ress_100:ress_95:ress_93:ress_109:ress_88:ress_101:ress_102:ress_112','',0,0,1,2),(32,'PRADELS','Thierry','tpradels@infoplus31.com','TPS','3d10ca8c930220ae6e84a2e5399669ac',112,44,0,'default.jpg','Non définie','#15D3A5:#D80073:#A4C400:#E51400:#FF9000:#9B149B:#88B4E0:#4A9512:#444444:#F9B727:#4A93DD:#6BA8E5:#6BA8E5:#6BA8E5:#6BA8E5:#6BA8E5:#6BA8E5:#4A93DD:#FFFFFF:#000000:#000000:#000000:#595959:#ADADAD:#FFFFFF:#6BA8E5:#000000','bckg_default.png','groupe_46:ress_94:groupe_49:ress_93:ress_132:ress_109:ress_135:type_32:ress_99:ress_88:ress_96:type_33:groupe_38:ress_112:type_31','',0,0,0,2),(33,'BRIOT','Anthony','abriot@infoplus31.com','ABT','64234b4000d6ebab7a8e75f21c5eea8c',113,44,1,'default.jpg','Non définie','#15D3A5:#D80073:#A4C400:#E51400:#FF9000:#9B149B:#88B4E0:#4A9512:#444444:#F9B727:#4A93DD:#6BA8E5:#6BA8E5:#6BA8E5:#6BA8E5:#6BA8E5:#6BA8E5:#4A93DD:#FFFFFF:#000000:#000000:#000000:#595959:#ADADAD:#FFFFFF:#6BA8E5:#000000','abt_bckg.jpg','groupe_38','',0,0,0,2),(34,'LENFANT','Patrick','plenfant@infoplus31.com','PLT','a274c558dfd14f2bcaf7bfb145efb1a7',114,44,1,'default.jpg','Non définie','#15D3A5:#D80073:#A4C400:#E51400:#FF9000:#9B149B:#88B4E0:#4A9512:#444444:#F9B727:#4A93DD:#6BA8E5:#6BA8E5:#6BA8E5:#6BA8E5:#6BA8E5:#6BA8E5:#4A93DD:#FFFFFF:#000000:#000000:#000000:#595959:#ADADAD:#FFFFFF:#6BA8E5:#000000','bckg_default.png','','',0,0,0,2),(35,'CONTINI','Christophe','ccontini@infoplus31.com','CCI','064cc3e13123a417377ac3579fa15ecb',115,44,1,'default.jpg','Non définie','#15D3A5:#D80073:#A4C400:#E51400:#FF9000:#9B149B:#88B4E0:#4A9512:#444444:#F9B727:#4A93DD:#6BA8E5:#6BA8E5:#6BA8E5:#6BA8E5:#6BA8E5:#6BA8E5:#4A93DD:#FFFFFF:#000000:#000000:#000000:#595959:#ADADAD:#FFFFFF:#6BA8E5:#000000:#FFFFFF','bckg_default.png','groupe_39:groupe_41:type_31','',0,0,0,2),(36,'TUXAGUES','Manon','mts@infoplus31.com','MTS','cca857fbdd027b602626930098bccf85',0,44,1,'default.jpg','Non définie','#15D3A5:#D80073:#A4C400:#E51400:#FF9000:#9B149B:#88B4E0:#4A9512:#444444:#F9B727:#4A93DD:#6BA8E5:#6BA8E5:#6BA8E5:#6BA8E5:#6BA8E5:#6BA8E5:#4A93DD:#FFFFFF:#000000:#000000:#000000:#595959:#ADADAD:#FFFFFF:#6BA8E5:#000000','bckg_default.png','','',0,0,0,2),(37,'TROUILLEFOU','Thierry','ttrouillefou@infoplus31.com','TTU','4fea20b5132a22f7d35e692e54e1c678',116,44,0,'default.jpg','Non définie','#15D3A5:#D80073:#A4C400:#E51400:#FF9000:#9B149B:#88B4E0:#4A9512:#444444:#F9B727:#4A93DD:#6BA8E5:#6BA8E5:#6BA8E5:#6BA8E5:#6BA8E5:#6BA8E5:#4A93DD:#FFFFFF:#000000:#000000:#000000:#595959:#ADADAD:#FFFFFF:#6BA8E5:#000000','bckg_default.png','ress_99:ress_96:groupe_38','',0,0,1,2),(38,'BAKUS','Aurèlie','abakus@infoplus31.com','ABS','bec9a153b08f4b08a0f9cbe063d6804c',117,44,1,'default.jpg','Non définie','#15D3A5:#D80073:#A4C400:#E51400:#FF9000:#9B149B:#88B4E0:#4A9512:#444444:#F9B727:#4A93DD:#6BA8E5:#6BA8E5:#6BA8E5:#6BA8E5:#6BA8E5:#6BA8E5:#4A93DD:#FFFFFF:#000000:#000000:#000000:#595959:#ADADAD:#FFFFFF:#6BA8E5:#000000','bckg_default.png','type_30','',0,0,0,2),(39,'DUSSER-LAUGE','Julie','jdusser@infoplus31.com','JDR','0194dc69729f1592fc9e442596f55830',118,44,0,'default.jpg','Non définie','#15D3A5:#D80073:#A4C400:#E51400:#FF9000:#9B149B:#88B4E0:#4A9512:#444444:#F9B727:#4A93DD:#6BA8E5:#6BA8E5:#6BA8E5:#6BA8E5:#6BA8E5:#6BA8E5:#4A93DD:#FFFFFF:#000000:#000000:#000000:#595959:#ADADAD:#FFFFFF:#6BA8E5:#000000','bckg_default.png','','',0,0,0,2),(40,'CHATRY','Perline','pchatry@infoplus31.com','PCY','90ed53f007269466fb256faac6b41d42',119,44,1,'default.jpg','Non définie','#15D3A5:#D80073:#A4C400:#E51400:#FF9000:#9B149B:#88B4E0:#4A9512:#444444:#F9B727:#4A93DD:#6BA8E5:#6BA8E5:#6BA8E5:#6BA8E5:#6BA8E5:#6BA8E5:#4A93DD:#FFFFFF:#000000:#000000:#000000:#595959:#ADADAD:#FFFFFF:#6BA8E5:#000000:#FFFFFF:#297685','bckg_default.png','','',0,0,0,2),(41,'UGAGLIA','Katy','kugaglia@infoplus31.com','KUA','64234b4000d6ebab7a8e75f21c5eea8c',120,44,0,'default.jpg','Non définie','#15D3A5:#D80073:#A4C400:#E51400:#FF9000:#9B149B:#88B4E0:#4A9512:#444444:#F9B727:#4A93DD:#6BA8E5:#6BA8E5:#6BA8E5:#6BA8E5:#6BA8E5:#6BA8E5:#4A93DD:#FFFFFF:#000000:#000000:#000000:#595959:#ADADAD:#FFFFFF:#6BA8E5:#000000:#FFFFFF:#297685','bckg_default.png','','',0,1,1,2),(42,'OUVRARD','Murielle','mouvrard@infoplus31.com','MOD','c5a28f4b35a2884fa3277150ac5d0967',124,44,0,'default.jpg','Non définie','#15D3A5:#D80073:#A4C400:#E51400:#FF9000:#9B149B:#88B4E0:#4A9512:#444444:#F9B727:#4A93DD:#6BA8E5:#6BA8E5:#6BA8E5:#6BA8E5:#6BA8E5:#6BA8E5:#4A93DD:#FFFFFF:#000000:#000000:#000000:#595959:#ADADAD:#FFFFFF:#6BA8E5:#000000:#FFFFFF:#297685','bckg_default.png','groupe_39','',0,0,0,2),(43,'ROBIN','Loic','lrobin@infoplus31.com','LRN','680381d2f4ae3c653cf96f9d511e4c94',125,44,0,'default.jpg','Non définie','#15D3A5:#D80073:#A4C400:#E51400:#FF9000:#9B149B:#88B4E0:#4A9512:#444444:#F9B727:#4A93DD:#6BA8E5:#6BA8E5:#6BA8E5:#6BA8E5:#6BA8E5:#6BA8E5:#4A93DD:#FFFFFF:#000000:#000000:#000000:#595959:#ADADAD:#FFFFFF:#6BA8E5:#000000:#FFFFFF:#297685','bckg_default.png','','',0,0,0,2),(44,'MOICHINE','Alexis','amoichine@infoplus31.com','AME','51e0f2d74a9b4046bc65f01426903258',126,44,0,'default.jpg','Non définie','#15D3A5:#D80073:#A4C400:#E51400:#FF9000:#9B149B:#88B4E0:#4A9512:#444444:#F9B727:#4A93DD:#6BA8E5:#6BA8E5:#6BA8E5:#6BA8E5:#6BA8E5:#6BA8E5:#4A93DD:#FFFFFF:#000000:#000000:#000000:#595959:#ADADAD:#FFFFFF:#6BA8E5:#000000:#FFFFFF:#297685','bckg_default.png','','',0,0,0,2),(45,'AGARD','Sandy','sagard@infoplus31.com','SAD','b9f50ca01f59b01d4aaa9cc3c0bad9f1',127,44,0,'default.jpg','Non définie','#15D3A5:#D80073:#A4C400:#E51400:#FF9000:#9B149B:#88B4E0:#4A9512:#444444:#F9B727:#4A93DD:#6BA8E5:#6BA8E5:#6BA8E5:#6BA8E5:#6BA8E5:#6BA8E5:#4A93DD:#FFFFFF:#000000:#000000:#000000:#595959:#ADADAD:#FFFFFF:#6BA8E5:#000000:#FFFFFF:#297685','bckg_default.png','','',0,0,0,2),(46,'BACH-LANNES','Evelyne','ebachlannes@infoplus31.com','EBS','248c1b0bcb74394beb4a08030c4a6847',128,44,0,'default.jpg','Non définie','#15D3A5:#D80073:#A4C400:#E51400:#FF9000:#9B149B:#88B4E0:#4A9512:#444444:#F9B727:#4A93DD:#6BA8E5:#6BA8E5:#6BA8E5:#6BA8E5:#6BA8E5:#6BA8E5:#4A93DD:#FFFFFF:#000000:#000000:#000000:#595959:#ADADAD:#FFFFFF:#6BA8E5:#000000:#FFFFFF:#297685','bckg_default.png','','',0,0,0,2),(47,'ALVES','Antony','aalves@infoplus31.com','AAS','85fac2ae85e833b0e06d88cf7bf26eda',129,44,0,'default.jpg','Non définie','#15D3A5:#D80073:#A4C400:#E51400:#FF9000:#9B149B:#88B4E0:#4A9512:#444444:#F9B727:#4A93DD:#6BA8E5:#6BA8E5:#6BA8E5:#6BA8E5:#6BA8E5:#6BA8E5:#4A93DD:#FFFFFF:#000000:#000000:#000000:#595959:#ADADAD:#FFFFFF:#6BA8E5:#000000:#FFFFFF:#297685','aas_bckg.jpg','groupe_37','',0,1,1,2),(48,'SILVESTRO','Christelle','csilvestro@ipogestion.com','CSO','09444280bce02954cb89a2a310c8522e',130,44,0,'default.jpg','Non définie','#15D3A5:#D80073:#A4C400:#E51400:#FF9000:#9B149B:#88B4E0:#4A9512:#444444:#F9B727:#4A93DD:#6BA8E5:#6BA8E5:#6BA8E5:#6BA8E5:#6BA8E5:#6BA8E5:#4A93DD:#FFFFFF:#000000:#000000:#000000:#595959:#ADADAD:#FFFFFF:#6BA8E5:#000000:#FFFFFF:#297685','bckg_default.png','ress_94:ress_129:groupe_49:groupe_41:ress_88','',0,0,1,2),(49,'LAVERY','Joël','jlavery@infoplus31.com','JLY','64234b4000d6ebab7a8e75f21c5eea8c',132,44,0,'default.jpg','Non définie','#15D3A5:#D80073:#A4C400:#E51400:#FF9000:#9B149B:#88B4E0:#4A9512:#444444:#F9B727:#4A93DD:#6BA8E5:#6BA8E5:#6BA8E5:#6BA8E5:#6BA8E5:#6BA8E5:#4A93DD:#FFFFFF:#000000:#000000:#000000:#595959:#ADADAD:#FFFFFF:#6BA8E5:#000000:#FFFFFF:#297685','bckg_default.png','groupe_39','',0,0,1,2),(50,'NASR','Riadh','rnasr@infoplus31.com','RNR','64234b4000d6ebab7a8e75f21c5eea8c',133,44,1,'default.jpg','Non définie','#15D3A5:#D80073:#A4C400:#E51400:#FF9000:#9B149B:#88B4E0:#4A9512:#444444:#F9B727:#4A93DD:#6BA8E5:#6BA8E5:#6BA8E5:#6BA8E5:#6BA8E5:#6BA8E5:#4A93DD:#FFFFFF:#000000:#000000:#000000:#595959:#ADADAD:#FFFFFF:#6BA8E5:#000000:#FFFFFF:#297685','bckg_default.png','','',0,0,0,2),(52,'HERMILLON','Virgine','vhermillon@infoplus31.com','VHN','64234b4000d6ebab7a8e75f21c5eea8c',134,44,0,'default.jpg','Non définie','#15D3A5:#D80073:#A4C400:#E51400:#FF9000:#9B149B:#88B4E0:#4A9512:#444444:#F9B727:#4A93DD:#6BA8E5:#6BA8E5:#6BA8E5:#6BA8E5:#6BA8E5:#6BA8E5:#4A93DD:#FFFFFF:#000000:#000000:#000000:#595959:#ADADAD:#FFFFFF:#6BA8E5:#000000:#FFFFFF:#297685','bckg_default.png','ress_94:groupe_40:groupe_49:groupe_41:ress_88:groupe_38','',0,0,0,2),(53,'VIDAILLAC','Lucie','lvidaillac@infoplus31.com','LVC','64234b4000d6ebab7a8e75f21c5eea8c',135,44,0,'default.jpg','Non définie','#15D3A5:#D80073:#A4C400:#E51400:#FF9000:#9B149B:#88B4E0:#4A9512:#444444:#F9B727:#4A93DD:#6BA8E5:#6BA8E5:#6BA8E5:#6BA8E5:#6BA8E5:#6BA8E5:#4A93DD:#FFFFFF:#000000:#000000:#000000:#595959:#ADADAD:#FFFFFF:#6BA8E5:#000000:#FFFFFF:#297685','bckg_default.png','','',0,0,0,2),(54,'LEGARRERES','Raphael','rlegarreres@infoplus31.com','RLS','e643c5cafb3d4687dc8089369c071a24',136,44,0,'default.jpg','Non définie','#15D3A5:#D80073:#A4C400:#E51400:#FF9000:#9B149B:#88B4E0:#4A9512:#444444:#F9B727:#4A93DD:#6BA8E5:#6BA8E5:#6BA8E5:#6BA8E5:#6BA8E5:#6BA8E5:#4A93DD:#FFFFFF:#000000:#000000:#000000:#595959:#ADADAD:#FFFFFF:#6BA8E5:#000000:#FFFFFF:#297685','bckg_default.png','groupe_40:groupe_49:groupe_39:groupe_42:groupe_41','',0,0,0,2),(55,'FLORENTIN','Charline','cflorentin@ipogestion.com','CFN','64234b4000d6ebab7a8e75f21c5eea8c',137,44,0,'cfn.jpg','Non définie','#15D3A5:#D80073:#A4C400:#E51400:#FF9000:#9B149B:#88B4E0:#4A9512:#444444:#F9B727:#4A93DD:#6BA8E5:#6BA8E5:#6BA8E5:#6BA8E5:#6BA8E5:#6BA8E5:#4A93DD:#FFFFFF:#000000:#000000:#000000:#595959:#ADADAD:#FFFFFF:#6BA8E5:#000000:#FFFFFF:#297685','bckg_default.png','','',0,0,0,2),(56,'TREMOUSS','Stéphane','stremouss@infoplus31.com','STS','64234b4000d6ebab7a8e75f21c5eea8c',138,44,0,'default.jpg','Non définie','#15D3A5:#D80073:#A4C400:#E51400:#FF9000:#9B149B:#88B4E0:#4A9512:#444444:#F9B727:#4A93DD:#6BA8E5:#6BA8E5:#6BA8E5:#6BA8E5:#6BA8E5:#6BA8E5:#4A93DD:#FFFFFF:#000000:#000000:#000000:#595959:#ADADAD:#FFFFFF:#6BA8E5:#000000:#FFFFFF:#297685','sts_bckg.jpg','','',0,0,0,2),(57,'LEVY','Florian','flevy@infoplus31.com','FLY','64234b4000d6ebab7a8e75f21c5eea8c',139,44,0,'default.jpg','Non définie','#15D3A5:#D80073:#A4C400:#E51400:#FF9000:#9B149B:#88B4E0:#4A9512:#444444:#F9B727:#4A93DD:#6BA8E5:#6BA8E5:#6BA8E5:#6BA8E5:#6BA8E5:#6BA8E5:#4A93DD:#FFFFFF:#000000:#000000:#000000:#595959:#ADADAD:#FFFFFF:#6BA8E5:#000000:#FFFFFF:#297685','fly_bckg.jpg','','',0,0,0,2),(58,'KRIN','Sébastien','skrin@infoplus31.com','SKN','64234b4000d6ebab7a8e75f21c5eea8c',140,44,0,'default.jpg','Non définie','#15D3A5:#D80073:#A4C400:#E51400:#FF9000:#9B149B:#88B4E0:#4A9512:#444444:#F9B727:#4A93DD:#6BA8E5:#6BA8E5:#6BA8E5:#6BA8E5:#6BA8E5:#6BA8E5:#4A93DD:#FFFFFF:#000000:#000000:#000000:#595959:#ADADAD:#FFFFFF:#6BA8E5:#000000:#FFFFFF:#297685','bckg_default.png','','',0,0,0,2);

--
-- Temporary table structure for view `v_select_categorie_sexe_niveau_non_trouves`
--

/*!50001 DROP VIEW IF EXISTS `v_select_categorie_sexe_niveau_non_trouves`*/;
/*!50001 CREATE TABLE `v_select_categorie_sexe_niveau_non_trouves` (
  `ID` tinyint NOT NULL,
  `SAISON` tinyint NOT NULL,
  `SEMAINE` tinyint NOT NULL,
  `NUM POULE` tinyint NOT NULL,
  `CATEGORIE` tinyint NOT NULL,
  `COMPETITION` tinyint NOT NULL,
  `POULE` tinyint NOT NULL,
  `LE` tinyint NOT NULL,
  `HORAIRE` tinyint NOT NULL,
  `CLUB REC` tinyint NOT NULL,
  `CLUB VIS` tinyint NOT NULL,
  `AGE` tinyint NOT NULL,
  `SEXE` tinyint NOT NULL,
  `NIVEAU` tinyint NOT NULL,
  `NUM REC` tinyint NOT NULL,
  `NUM VIS` tinyint NOT NULL,
  `CODE RENC` tinyint NOT NULL,
  `ETAT` tinyint NOT NULL,
  `DISTANCE_TRAJET` tinyint NOT NULL,
  `DUREE_TRAJET` tinyint NOT NULL
) ENGINE=MyISAM */;

--
-- Temporary table structure for view `v_select_ressources_par_nature_duree`
--

/*!50001 DROP VIEW IF EXISTS `v_select_ressources_par_nature_duree`*/;
/*!50001 CREATE TABLE `v_select_ressources_par_nature_duree` (
  `Salarie` tinyint NOT NULL,
  `Annee` tinyint NOT NULL,
  `Mois` tinyint NOT NULL,
  `MoisAnnee` tinyint NOT NULL,
  `AnneeMois` tinyint NOT NULL,
  `Nature` tinyint NOT NULL,
  `Code` tinyint NOT NULL,
  `Raccourci` tinyint NOT NULL,
  `Heures` tinyint NOT NULL
) ENGINE=MyISAM */;

--
-- Final view structure for view `v_select_categorie_sexe_niveau_non_trouves`
--

/*!50001 DROP TABLE IF EXISTS `v_select_categorie_sexe_niveau_non_trouves`*/;
/*!50001 DROP VIEW IF EXISTS `v_select_categorie_sexe_niveau_non_trouves`*/;
/*!50001 CREATE ALGORITHM=UNDEFINED */
/*!50013 DEFINER=`root`@`localhost` SQL SECURITY DEFINER */
/*!50001 VIEW `v_select_categorie_sexe_niveau_non_trouves` AS select `t_trajets_reels`.`ID` AS `ID`,`t_trajets_reels`.`SAISON` AS `SAISON`,`t_trajets_reels`.`SEMAINE` AS `SEMAINE`,`t_trajets_reels`.`NUM_POULE` AS `NUM POULE`,`t_trajets_reels`.`ORGANISME` AS `CATEGORIE`,`t_trajets_reels`.`COMPETITION` AS `COMPETITION`,`t_trajets_reels`.`POULE` AS `POULE`,date_format(`t_trajets_reels`.`DATE_RENC`,'%d/%m/%Y') AS `LE`,date_format(`t_trajets_reels`.`DATE_RENC`,'%H:%i') AS `HORAIRE`,`t_trajets_reels`.`EQUIPE_REC` AS `CLUB REC`,`t_trajets_reels`.`EQUIPE_VIS` AS `CLUB VIS`,`t_trajets_reels`.`CATEGORIE` AS `AGE`,`t_trajets_reels`.`SEXE` AS `SEXE`,`t_trajets_reels`.`NIVEAU` AS `NIVEAU`,`t_etabli_rec`.`CODE` AS `NUM REC`,`t_etabli_vis`.`CODE` AS `NUM VIS`,`t_trajets_reels`.`CODE_RENC` AS `CODE RENC`,if((`t_trajets_reels`.`JOUE` = 1),'JOUE','NON_JOUE') AS `ETAT`,`t_trajets_reels`.`DISTANCE_TRAJET` AS `DISTANCE_TRAJET`,`t_trajets_reels`.`DUREE_TRAJET` AS `DUREE_TRAJET` from ((`t_trajets_reels` join `t_etablissements` `t_etabli_rec` on((`t_trajets_reels`.`ID_ETABLI_REC` = `t_etabli_rec`.`ID`))) join `t_etablissements` `t_etabli_vis` on((`t_trajets_reels`.`ID_ETABLI_VIS` = `t_etabli_vis`.`ID`))) where (((`t_trajets_reels`.`CATEGORIE` = 'N/Trouvé') or (`t_trajets_reels`.`SEXE` = 'N/Trouvé') or (`t_trajets_reels`.`NIVEAU` = 'N/Trouvé')) and (`t_trajets_reels`.`JOUE` = 1) and (`t_trajets_reels`.`DISTANCE_TRAJET` > 0)) */;

--
-- Final view structure for view `v_select_ressources_par_nature_duree`
--

/*!50001 DROP TABLE IF EXISTS `v_select_ressources_par_nature_duree`*/;
/*!50001 DROP VIEW IF EXISTS `v_select_ressources_par_nature_duree`*/;
/*!50001 CREATE ALGORITHM=UNDEFINED */
/*!50013 DEFINER=`root`@`localhost` SQL SECURITY DEFINER */
/*!50001 VIEW `v_select_ressources_par_nature_duree` AS select `t_ressources`.`LIBELLE` AS `Salarie`,date_format(`t_planning`.`DATE_DEBUT`,'%Y') AS `Annee`,date_format(`t_planning`.`DATE_DEBUT`,'%m') AS `Mois`,date_format(`t_planning`.`DATE_DEBUT`,'%m/%Y') AS `MoisAnnee`,date_format(`t_planning`.`DATE_DEBUT`,'%Y/%m') AS `AnneeMois`,`t_nature_evenement`.`LIBELLE` AS `Nature`,`t_nature_evenement`.`CODE` AS `Code`,`t_nature_evenement`.`RACCOURCI` AS `Raccourci`,replace(round((sum(`t_planning`.`DUREE`) / 60),2),'.',',') AS `Heures` from ((`t_planning` join `t_ressources` on((`t_planning`.`ID_RESSOURCE` = `t_ressources`.`ID`))) join `t_nature_evenement` on((`t_planning`.`LIBELLE` = `t_nature_evenement`.`LIBELLE`))) where (`t_planning`.`SOMMEIL` = 0) group by `t_planning`.`ID_RESSOURCE`,`Annee`,`Mois`,`Nature` order by `Salarie`,`AnneeMois` desc,`Nature` */;


